{"id":1123,"date":"2017-01-24T14:04:09","date_gmt":"2017-01-24T14:04:09","guid":{"rendered":"http:\/\/seij.gob.gt\/udisep\/?page_id=1123"},"modified":"2017-01-24T20:27:15","modified_gmt":"2017-01-24T20:27:15","slug":"num13","status":"publish","type":"page","link":"https:\/\/seij.gob.gt\/udisep\/num13\/","title":{"rendered":"13. Inventario de bienes muebles e inmuebles"},"content":{"rendered":"<table>\n<tr>\n<td>-AECID- FORTIFICACI\u00d3N<\/td>\n<td><a href=\"..\/_2016_\/_Art.13_\/diciembre\/Num13AECIDFOR.pdf\">Descargar<\/a><\/td>\n<\/tr>\n<tr>\n<td>-AECID- FORTIFICACI\u00d3N<\/td>\n<td><a href=\"..\/_2016_\/_Art.13_\/diciembre\/Num13AECIDPRO.pdf\">Descargar<\/a><\/td>\n<\/tr>\n<tr>\n<td>Programa -BID-<\/td>\n<td><a href=\"..\/_2016_\/_Art.13_\/diciembre\/Num13BID.pdf\">Descargar<\/a><\/td>\n<\/tr>\n<tr>\n<td>Secretar\u00eda Ejecutiva de la ICMSJ<\/td>\n<td><a href=\"..\/_2016_\/_Art.13_\/diciembre\/Num13SEICMSJ.pdf\">Descargar<\/a><\/td>\n<\/tr>\n<\/table>\n<p><\/p>\n<h3>NOTA<\/h3>\n<p>Esta Instituci\u00f3n no tiene bienes inmuebles<\/p>\n","protected":false},"excerpt":{"rendered":"<p>-AECID- FORTIFICACI\u00d3N Descargar -AECID- FORTIFICACI\u00d3N Descargar Programa -BID- Descargar Secretar\u00eda Ejecutiva de la ICMSJ Descargar NOTA Esta Instituci\u00f3n no tiene bienes inmuebles<\/p>\n","protected":false},"author":1,"featured_media":0,"parent":0,"menu_order":0,"comment_status":"closed","ping_status":"closed","template":"","meta":{"_et_pb_use_builder":"","_et_pb_old_content":"","_et_gb_content_width":"","footnotes":""},"class_list":["post-1123","page","type-page","status-publish","hentry"],"nelio_popups_active_popup":"","_links":{"self":[{"href":"https:\/\/seij.gob.gt\/udisep\/wp-json\/wp\/v2\/pages\/1123","targetHints":{"allow":["GET"]}}],"collection":[{"href":"https:\/\/seij.gob.gt\/udisep\/wp-json\/wp\/v2\/pages"}],"about":[{"href":"https:\/\/seij.gob.gt\/udisep\/wp-json\/wp\/v2\/types\/page"}],"author":[{"embeddable":true,"href":"https:\/\/seij.gob.gt\/udisep\/wp-json\/wp\/v2\/users\/1"}],"replies":[{"embeddable":true,"href":"https:\/\/seij.gob.gt\/udisep\/wp-json\/wp\/v2\/comments?post=1123"}],"version-history":[{"count":8,"href":"https:\/\/seij.gob.gt\/udisep\/wp-json\/wp\/v2\/pages\/1123\/revisions"}],"predecessor-version":[{"id":1149,"href":"https:\/\/seij.gob.gt\/udisep\/wp-json\/wp\/v2\/pages\/1123\/revisions\/1149"}],"wp:attachment":[{"href":"https:\/\/seij.gob.gt\/udisep\/wp-json\/wp\/v2\/media?parent=1123"}],"curies":[{"name":"wp","href":"https:\/\/api.w.org\/{rel}","templated":true}]}}