{"id":1220,"date":"2017-02-10T14:55:34","date_gmt":"2017-02-10T14:55:34","guid":{"rendered":"http:\/\/seij.gob.gt\/udisep\/?page_id=1220"},"modified":"2018-01-10T22:05:48","modified_gmt":"2018-01-10T22:05:48","slug":"numeral-19","status":"publish","type":"page","link":"https:\/\/seij.gob.gt\/udisep\/numeral-19\/","title":{"rendered":"Numeral 19"},"content":{"rendered":"<h1>Contratos de arrendamiento<\/h1>\n<table>\n<tr>\n<th align=\"center\">mes de enero<\/th>\n<\/tr>\n<tr>\n<td><a href=\"..\/_2017_\/enero\/numeral19\/Num19 SEICMSJ 01.2017.pdf\">Secretar\u00eda Ejecutiva de la ICMSJ<\/a><\/td>\n<\/tr>\n<tr>\n<td><a href=\"..\/_2017_\/enero\/numeral19\/Num19 AECID 01.2017.pdf\">Programa -AECID-<\/a><\/td>\n<\/tr>\n<tr>\n<td><a href=\"..\/_2017_\/enero\/numeral19\/Num19 BID 01.2017.pdf\">Programa -BID-<\/a><\/td>\n<\/tr>\n<tr>\n<td><a href=\"..\/_2017_\/enero\/numeral19\/Num19 SEJUST 01.2017.pdf\">Programa -SEJUST-<\/a><\/td>\n<\/tr>\n<\/table>\n<p><\/p>\n<table>\n<tr>\n<th align=\"center\">mes de febrero<\/th>\n<\/tr>\n<tr>\n<td><a href=\"..\/_2017_\/febrero\/numeral 19\/NUM19 SEIJ-FEB.17.pdf\">Secretar\u00eda Ejecutiva de la ICMSJ<\/a><\/td>\n<\/tr>\n<tr>\n<td><a href=\"..\/_2017_\/febrero\/numeral 19\/Num19 AECID.pdf\">Programa -AECID-<\/a><\/td>\n<\/tr>\n<tr>\n<td><a href=\"..\/_2017_\/febrero\/numeral 19\/Num19 BID-FEB.17.pdf\">Programa -BID-<\/a><\/td>\n<\/tr>\n<tr>\n<td><a href=\"..\/_2017_\/febrero\/numeral 19\/Num19 SEJUST-FEB.17.pdf\">Programa -SEJUST-<\/a><\/td>\n<\/tr>\n<\/table>\n<p><\/p>\n<table>\n<tr>\n<th align=\"center\">mes de marzo<\/th>\n<\/tr>\n<tr>\n<td><a href=\"..\/_2017_\/marzo\/numeral 19\/Num19 Mar.SEIJ.pdf\">Secretar\u00eda Ejecutiva de la ICMSJ<\/a><\/td>\n<\/tr>\n<tr>\n<td><a href=\"..\/_2017_\/marzo\/numeral 19\/Num19 Mar.AECID.pdf\">Programa -AECID-<\/a><\/td>\n<\/tr>\n<tr>\n<td><a href=\"..\/_2017_\/marzo\/numeral 19\/Num19 Mar. BID.pdf\">Programa -BID-<\/a><\/td>\n<\/tr>\n<tr>\n<td><a href=\"..\/_2017_\/marzo\/numeral 19\/Num19 Mar.SEJUST.pdf\">Programa -SEJUST- 1<\/a><\/td>\n<\/tr>\n<tr>\n<td><a href=\"..\/_2017_\/marzo\/numeral 19\/Num19 Marz.SEJUST.pdf\">Programa -SEJUST- 2<\/a><\/td>\n<\/tr>\n<\/table>\n<table>\n<tr>\n<th align=\"center\">mes de abril<\/th>\n<\/tr>\n<tr>\n<td><a href=\"..\/_2017_\/abril\/numeral19\/Num19SEIJ.pdf\">Secretar\u00eda Ejecutiva de la ICMSJ<\/a><\/td>\n<\/tr>\n<tr>\n<td><a href=\"..\/_2017_\/abril\/numeral19\/Num19AECID.pdf\">Programa -AECID-<\/a><\/td>\n<\/tr>\n<tr>\n<td><a>Programa -BID-<\/a><\/td>\n<\/tr>\n<tr>\n<td><a href=\"..\/_2017_\/abril\/numeral19\/Num19SEJUST.pdf\">Programa -SEJUST- 1<\/a><\/td>\n<\/tr>\n<tr>\n<td><a href=\"..\/_2017_\/abril\/numeral19\/Num19SEJUST1.pdf\">Programa -SEJUST- 2<\/a><\/td>\n<\/tr>\n<\/table>\n<table>\n<tr>\n<th align=\"center\">mes de mayo<\/th>\n<\/tr>\n<tr>\n<td><a href=\"..\/_2017_\/mayo\/numeral19\/Num19.seij.mayo.pdf\">Secretar\u00eda Ejecutiva de la ICMSJ<\/a><\/td>\n<\/tr>\n<tr>\n<td><a href=\"..\/_2017_\/mayo\/numeral19\/Num19.aecid.mayo.pdf\">Programa -AECID-<\/a><\/td>\n<\/tr>\n<tr>\n<td><a href=\"..\/_2017_\/mayo\/numeral19\/Num19.bid.mayo.pdf\">Programa -BID-<\/a><\/td>\n<\/tr>\n<tr>\n<td><a href=\"..\/_2017_\/mayo\/numeral19\/Num19.sejust.mayo.pdf\">Programa -SEJUST- 1<\/a><\/td>\n<\/tr>\n<tr>\n<td><a href=\"..\/_2017_\/mayo\/numeral19\/Num19b.sejus.mayo.pdf\">Programa -SEJUST- 2<\/a><\/td>\n<\/tr>\n<\/table>\n<table>\n<tr>\n<th align=\"center\">mes de junio<\/th>\n<\/tr>\n<tr>\n<td><a href=\"..\/_2017_\/junio\/numeral19\/Num.19.seij.0617.pdf\">Secretar\u00eda Ejecutiva de la ICMSJ<\/a><\/td>\n<\/tr>\n<tr>\n<td><a href=\"..\/_2017_\/junio\/numeral19\/Num.19.aecid.0617.pdf\">Programa -AECID-<\/a><\/td>\n<\/tr>\n<tr>\n<td><a href=\"..\/_2017_\/junio\/numeral19\/Num.19.bid.0617.pdf\">Programa -BID-<\/a><\/td>\n<\/tr>\n<tr>\n<td><a href=\"..\/_2017_\/junio\/numeral19\/Num.19.sejust.0617.pdf\">Programa -SEJUST-<\/a><\/td>\n<\/tr>\n<\/table>\n<table>\n<tr>\n<th align=\"center\">mes de julio<\/th>\n<\/tr>\n<tr>\n<td><a href=\"..\/_2017_\/julio\/numeral19\/Num19seij.pdf\">Secretar\u00eda Ejecutiva de la ICMSJ<\/a><\/td>\n<\/tr>\n<tr>\n<td><a href=\"..\/_2017_\/julio\/numeral19\/Num.19aecid.pdf\">Programa -AECID-<\/a><\/td>\n<\/tr>\n<tr>\n<td><a href=\"..\/_2017_\/julio\/numeral19\/Num19bid.pdf\">Programa -BID-<\/a><\/td>\n<\/tr>\n<tr>\n<td><a href=\"..\/_2017_\/julio\/numeral19\/Num19sejustjulp1.pdf\">Programa -BID- Parte 1<\/a><\/td>\n<\/tr>\n<tr>\n<td><a href=\"..\/_2017_\/julio\/numeral19\/Num19sejustjulp2.pdf\">Programa -BID- Parte 2<\/a><\/td>\n<\/tr>\n<\/table>\n<table>\n<tr>\n<th align=\"center\">mes de agosto<\/th>\n<\/tr>\n<tr>\n<td><a href=\"..\/_2017_\/agosto\/numeral19\/N19SEIJ.pdf\">Secretar\u00eda Ejecutiva de la ICMSJ<\/a><\/td>\n<\/tr>\n<tr>\n<td><a href=\"..\/_2017_\/agosto\/numeral19\/N19AECID.pdf\">Programa -AECID-<\/a><\/td>\n<\/tr>\n<tr>\n<td><a href=\"..\/_2017_\/agosto\/numeral19\/N19SEJUST.pdf\">Programa -SEJUST- 1<\/a><\/td>\n<\/tr>\n<tr>\n<td><a href=\"..\/_2017_\/agosto\/numeral19\/N19bSEJUST.pdf\">Programa -SEJUST- 2<\/a><\/td>\n<\/tr>\n<\/table>\n<table>\n<tr>\n<th align=\"center\">mes de septiembre<\/th>\n<\/tr>\n<tr>\n<td><a href=\"..\/_2017_\/septiembre\/numeral19\/Num19seij.pdf\">Secretar\u00eda Ejecutiva de la ICMSJ<\/a><\/td>\n<\/tr>\n<tr>\n<td><a href=\"..\/_2017_\/septiembre\/numeral19\/Num19aecid.pdf\">Programa -AECID-<\/a><\/td>\n<\/tr>\n<tr>\n<td><a href=\"..\/_2017_\/septiembre\/numeral19\/Num19sejust.pdf\">Programa -SEJUST- 1<\/a><\/td>\n<\/tr>\n<tr>\n<td><a href=\"..\/_2017_\/septiembre\/numeral19\/Num19bid.pdf\">Programa -BID-<\/a><\/td>\n<\/tr>\n<\/table>\n<table>\n<tr>\n<th align=\"center\">mes de octubre<\/th>\n<\/tr>\n<tr>\n<td><a href=\"..\/_2017_\/octubre\/numeral19\/Num19seijoct17.pdf\">Secretar\u00eda Ejecutiva de la ICMSJ<\/a><\/td>\n<\/tr>\n<tr>\n<td><a href=\"..\/_2017_\/octubre\/numeral19\/Num19aecidoct17.pdf\">Programa -AECID-<\/a><\/td>\n<\/tr>\n<tr>\n<td><a href=\"..\/_2017_\/octubre\/numeral19\/Num19sejustoct17.pdf\">Programa -SEJUST- 1<\/a><\/td>\n<\/tr>\n<tr>\n<td><a href=\"..\/_2017_\/octubre\/numeral19\/Num19sejustoct17inm.pdf\">Programa -SEJUST- 2<\/a><\/td>\n<\/tr>\n<tr>\n<td><a href=\"..\/_2017_\/octubre\/numeral19\/Num19sejustoct17.pdf\">Programa -BID-<\/a><\/td>\n<\/tr>\n<\/table>\n<table>\n<tr>\n<th align=\"center\">mes de noviembre<\/th>\n<\/tr>\n<tr>\n<td><a href=\"..\/_2017_\/noviembre\/numeral19\/Num19seij11.pdf\">Secretar\u00eda Ejecutiva de la ICMSJ<\/a><\/td>\n<\/tr>\n<tr>\n<td><a href=\"..\/_2017_\/noviembre\/numeral19\/Num19aecidoct17.pdf\">Programa -AECID-<\/a><\/td>\n<\/tr>\n<tr>\n<td><a href=\"..\/_2017_\/noviembre\/numeral19\/Num19aecidfaseII11.pdf\">Programa -AECID- FASE II<\/a><\/td>\n<\/tr>\n<tr>\n<td><a href=\"..\/_2017_\/noviembre\/numeral19\/Num19sejust11.pdf\">Programa -SEJUST- 1<\/a><\/td>\n<\/tr>\n<tr>\n<td><a href=\"..\/_2017_\/noviembre\/numeral19\/Num19sejust211.pdf\">Programa -SEJUST- 2<\/a><\/td>\n<\/tr>\n<tr>\n<td><a href=\"..\/_2017_\/noviembre\/numeral19\/Num19bid11.pdf\">Programa -BID-<\/a><\/td>\n<\/tr>\n<\/table>\n<table>\n<tr>\n<th align=\"center\">mes de diciembre<\/th>\n<\/tr>\n<tr>\n<td><a href=\"..\/_2017_\/diciembre\/Numeral19\/Num19.aecid.dic.17.pdf\">Programa -AECID-<\/a><\/td>\n<\/tr>\n<tr>\n<td><a href=\"..\/_2017_\/diciembre\/Numeral19\/Num19.seij.dic.17.pdf\">Secretar\u00eda Ejecutiva de la ICMSJ<\/a><\/td>\n<\/tr>\n<tr>\n<td><a href=\"..\/_2017_\/diciembre\/Numeral19\/Num19.sejust.dic.17.pdf\">Programa -SEJUST- <\/a><\/td>\n<\/tr>\n<tr>\n<td><a href=\"..\/_2017_\/diciembre\/Numeral19\/Num19.bid.dic.17.pdf\">Programa -BID-<\/a><\/td>\n<\/tr>\n<\/table>\n","protected":false},"excerpt":{"rendered":"<p>Contratos de arrendamiento mes de enero Secretar\u00eda Ejecutiva de la ICMSJ Programa -AECID- Programa -BID- Programa -SEJUST- mes de febrero Secretar\u00eda Ejecutiva de la ICMSJ Programa -AECID- Programa -BID- Programa -SEJUST- mes de marzo Secretar\u00eda Ejecutiva de la ICMSJ Programa -AECID- Programa -BID- Programa -SEJUST- 1 Programa -SEJUST- 2 mes de abril Secretar\u00eda Ejecutiva de [&hellip;]<\/p>\n","protected":false},"author":1,"featured_media":0,"parent":0,"menu_order":0,"comment_status":"closed","ping_status":"closed","template":"","meta":{"_et_pb_use_builder":"","_et_pb_old_content":"","_et_gb_content_width":"","footnotes":""},"class_list":["post-1220","page","type-page","status-publish","hentry"],"nelio_popups_active_popup":"","_links":{"self":[{"href":"https:\/\/seij.gob.gt\/udisep\/wp-json\/wp\/v2\/pages\/1220","targetHints":{"allow":["GET"]}}],"collection":[{"href":"https:\/\/seij.gob.gt\/udisep\/wp-json\/wp\/v2\/pages"}],"about":[{"href":"https:\/\/seij.gob.gt\/udisep\/wp-json\/wp\/v2\/types\/page"}],"author":[{"embeddable":true,"href":"https:\/\/seij.gob.gt\/udisep\/wp-json\/wp\/v2\/users\/1"}],"replies":[{"embeddable":true,"href":"https:\/\/seij.gob.gt\/udisep\/wp-json\/wp\/v2\/comments?post=1220"}],"version-history":[{"count":19,"href":"https:\/\/seij.gob.gt\/udisep\/wp-json\/wp\/v2\/pages\/1220\/revisions"}],"predecessor-version":[{"id":1661,"href":"https:\/\/seij.gob.gt\/udisep\/wp-json\/wp\/v2\/pages\/1220\/revisions\/1661"}],"wp:attachment":[{"href":"https:\/\/seij.gob.gt\/udisep\/wp-json\/wp\/v2\/media?parent=1220"}],"curies":[{"name":"wp","href":"https:\/\/api.w.org\/{rel}","templated":true}]}}