{"id":1721,"date":"2018-01-24T18:10:45","date_gmt":"2018-01-24T18:10:45","guid":{"rendered":"http:\/\/seij.gob.gt\/udisep\/?page_id=1721"},"modified":"2018-01-25T21:06:33","modified_gmt":"2018-01-25T21:06:33","slug":"decreto-13-2013-ano-2017","status":"publish","type":"page","link":"https:\/\/seij.gob.gt\/udisep\/decreto-13-2013-ano-2017\/","title":{"rendered":"Decreto 13-2013 a\u00f1o 2017"},"content":{"rendered":"<p><a href=\"..\/_2017_\/DTO_13_2013\/Enero.17\/Modificaci\u00f3nes y transferencias Enero 2017.pdf\"><b>Enero. MODIFICACIONES Y TRASNPARENCIAS <\/b><\/a><br \/>\n<a href=\"..\/_2017_\/DTO_13_2013\/Febrero.17\/NOTIFICACIONES MODIFICACIONES PPTO FEBRERO 1 2017.pdf\"><b>Febrero. NOTIFICACIONES Y MODIFICACIONES PPTO  <\/b><\/a><br \/>\n<a href=\"..\/_2017_\/DTO_13_2013\/Febrero.17\/NOTIFICACIONES MODIFICACIONES PPTO FEBRERO 2 2017.pdf\"><b>Febrero. NOTIFICACIONES Y MODIFICACIONES PPTO <\/b><\/a><br \/>\n<a href=\"..\/_2017_\/DTO_13_2013\/Febrero.17\/NOTIFICACIONES MODIFICACIONES PPTO FEBRERO 3 2017.pdf\"><b>Febrero. NOTIFICACIONES Y MODIFICACIONES PPTO <\/b><\/a><br \/>\n<a href=\"..\/_2017_\/DTO_13_2013\/Febrero.17\/OFICIO NOTIFICACION CO2 02 Y 05.pdf\"><b>Febrero. OFICIO NOTIFICACI\u00d3N <\/b><\/a><br \/>\n<a href=\"..\/_2017_\/DTO_13_2013\/Febrero.17\/OFICIO NOTIFICACION CO2 03.pdf\"><b>Febrero. OFICIO NOTIFICACI\u00d3N <\/b><\/a><br \/>\n<a href=\"..\/_2017_\/DTO_13_2013\/Febrero.17\/OFICIO NOTIFICACION CO2 04.pdf\"><b>Febrero. OFICIO NOTIFICACI\u00d3N <\/b><\/a><br \/>\n<a href=\"..\/_2017_\/DTO_13_2013\/Marzo.17\/OFICIOS NOTIFICACIONES PPTO MARZO 2017.pdf\"><b>Marzo.  OFICIOS Y NOTIFICACIONES  PPTO <\/b><\/a><br \/>\n<a href=\"..\/_2017_\/DTO_13_2013\/Marzo.17\/OFICIOS NOTIFICACIONES PPTO MARZO 2017.pdf\"><b>Marzo. NOTIFICACIONES Y MODIFICACIONES PPTO <\/b><\/a><br \/>\n<a href=\"..\/_2017_\/DTO_13_2013\/Abril.17\/MODIFICACION MES ABRIL 2017\/MODIFICACION MES ABRIL NUMERO 8.pdf\"><b>Abril. NOTIFICACIONES Y MODIFICACIONES PPTO <\/b><\/a><br \/>\n<a href=\"..\/_2017_\/DTO_13_2013\/Abril.17\/MODIFICACION MES ABRIL 2017\/MODIFICACION MES ABRIL NUMERO 10.pdf\"><b>Abril. NOTIFICACIONES Y MODIFICACIONES PPTO <\/b><\/a><br \/>\n<a href=\"..\/_2017_\/DTO_13_2013\/Mayo.17\/NOTIFICACIONES MODIFICACIONES PRESUPUESTARIAS MAYO 1.pdf\"><b>Mayo. NOTIFICACIONES Y MODIFICACIONES PRESUPUESTARIAS <\/b><\/a><br \/>\n<a href=\"..\/_2017_\/DTO_13_2013\/Mayo.17\/NOTIFICACIONES MODIFICACIONES PRESUPUESTARIAS MAYO 2.pdf\"><b>Mayo. NOTIFICACIONES Y MODIFICACIONES PRESUPUESTARIAS <\/b><\/a><br \/>\n<a href=\"..\/_2017_\/DTO_13_2013\/Junio.17\/NOTIFICACIONES MODIFICACIONES PPTO JUNIO 2017.pdf\"><b>Junio. NOTIFICACIONES Y MODIFICACIONES PPTO<\/b><\/a><br \/>\n<a href=\"..\/_2017_\/DTO_13_2013\/Junio.17\/NOTIFICACIONES MODIFICACIONES PPTO JUNIO 2017.pdf\"><b>Julio. NOTIFICACIONES Y MODIFICACIONES PPTO <\/b><\/a><br \/>\n<a href=\"..\/_2017_\/DTO_13_2013\/Julio.17\/OFICIOS DE NOTIFICACIONES PRESUPUESTARIAS JULIO.pdf\"><b>Julio. OFICIOS DE NOTIFICACIONES PRESUPUESTARIAS <\/b><\/a><br \/>\n<a href=\"..\/_2017_\/DTO_13_2013\/Julio.17\/NOTIFICACIONES PRESUPUESTARIA JULIO RESOLUCION 14.pdf\"><b>Julio. NOTIFICACIONES PRESUPUESTARIA RESOLUCI\u00d3N  <\/b><\/a><br \/>\n<a href=\"..\/_2017_\/DTO_13_2013\/Julio.17\/NOTIFICACIONES PRESUPUESTARIA JULIO RESOLUCION 15.pdf\"><b>Julio. NOTIFICACIONES PRESUPUESTARIA RESOLUCI\u00d3N  <\/b><\/a><br \/>\n<a href=\"..\/_2017_\/DTO_13_2013\/Julio.17\/NOTIFICACIONES PRESUPUESTARIA JULIO RESOLUCION 16.pdf\"><b>Julio. NOTIFICACIONES PRESUPUESTARIA RESOLUCI\u00d3N  <\/b><\/a><br \/>\n<a href=\"..\/_2017_\/DTO_13_2013\/Julio.17\/NOTIFICACIONES PRESUPUESTARIA JULIO RESOLUCION 17.pdf\"><b>Julio. NOTIFICACIONES PRESUPUESTARIA RESOLUCI\u00d3N  <\/b><\/a><br \/>\n<a href=\"..\/_2017_\/DTO_13_2013\/Julio.17\/NOTIFICACIONES PRESUPUESTARIA JULIO RESOLUCION 18.pdf\"><b>Julio. NOTIFICACIONES PRESUPUESTARIA RESOLUCI\u00d3N  <\/b><\/a><br \/>\n<a href=\"..\/_2017_\/DTO_13_2013\/Julio.17\/NOTIFICACIONES PRESUPUESTARIA JULIO RESOLUCION 18.pdf\"><b>Julio. NOTIFICACIONES PRESUPUESTARIA RESOLUCI\u00d3N  <\/b><\/a><br \/>\n<a href=\"..\/_2017_\/DTO_13_2013\/Agosto.17\/OFICIO NOTIFICACIONES MODIFICACIONES PPTO AGOSTO.pdf\"><b>Agosto. OFICIO NOTIFICACIONES PPTO <\/b><\/a><br \/>\n<a href=\"..\/_2017_\/DTO_13_2013\/Agosto.17\/NOTIFICACIONES MODIFICACIONES PPTO AGOSTO 2017.pdf\"><b>Agosto. NOTIFICACIONES Y MODIFICACIONES PPTO <\/b><\/a><br \/>\n<a href=\"..\/_2017_\/DTO_13_2013\/Septiembre.17\/OFICIO NOTIFICACIONES MODIFICACIONES PPTO SEPTIEMBRE.pdf\"><b>Septiembre. OFICIO NOTIFICACIONES PPTO <\/b><\/a><br \/>\n<a href=\"..\/_2017_\/DTO_13_2013\/Septiembre.17\/NOTIFICACIONES MODIFICACIONES PPTO SEPTIEMBRE 2017.pdf\"><b>Septiembre. NOTIFICACIONES Y MODIFICACIONES PPTO <\/b><\/a><br \/>\n<a href=\"..\/_2017_\/DTO_13_2013\/Octubre.17\/MODIFICACION MES OCTUBRE 2017\/MODIFICACION MES OCTUBRE NUMERO 31.pdf\"><b>Octubre. MODIFICACI\u00d3N N\u00daMERO  <\/b><\/a><br \/>\n<a href=\"..\/_2017_\/DTO_13_2013\/Noviembre.17\/MODIFICACIONES MES NOVIEMBRE 2017\/MODIFICACION MES NOVIEMBRE NUMERO 32.pdf\"><b>Noviembre. MODIFICACI\u00d3N N\u00daMERO  <\/b><\/a><br \/>\n<a href=\"..\/_2017_\/DTO_13_2013\/Diciembre.17\/MODIFICACION MES DICIEMBRE 2017\/MODIFICACION MES DICIEMBRE NUMERO 33.pdf\"><b>Diciembre. MODIFICACI\u00d3N N\u00daMERO  <\/b><\/a><br \/>\n<a href=\"..\/_2017_\/DTO_13_2013\/Diciembre.17\/MODIFICACION MES DICIEMBRE 2017\/MODIFICACION MES DICIEMBRE NUMERO 34.pdf\"><b>Diciembre. MODIFICACI\u00d3N N\u00daMERO  <\/b><\/a><br \/>\n<a href=\"..\/_2017_\/DTO_13_2013\/Diciembre.17\/MODIFICACION MES DICIEMBRE 2017\/MODIFICACION MES DICIEMBRE NUMERO 35.pdf\"><b>Diciembre. MODIFICACI\u00d3N N\u00daMERO  <\/b><\/a><br \/>\n<a href=\"..\/_2017_\/DTO_13_2013\/Diciembre.17\/MODIFICACION MES DICIEMBRE 2017\/MODIFICACION MES DICIEMBRE NUMERO 36.pdf\"><b>Diciembre. MODIFICACI\u00d3N N\u00daMERO  <\/b><\/a><br \/>\n<a href=\"..\/_2017_\/DTO_13_2013\/Diciembre.17\/MODIFICACION MES DICIEMBRE 2017\/MODIFICACION MES DICIEMBRE NUMERO 37.pdf\"><b>Diciembre. MODIFICACI\u00d3N N\u00daMERO  <\/b><\/a><br \/>\n<a href=\"..\/_2017_\/DTO_13_2013\/Diciembre.17\/MODIFICACION MES DICIEMBRE 2017\/MODIFICACION MES DICIEMBRE NUMERO 38.pdf\"><b>Diciembre. MODIFICACI\u00d3N N\u00daMERO  <\/b><\/a><br \/>\n<a href=\"..\/_2017_\/DTO_13_2013\/Diciembre.17\/MODIFICACION MES DICIEMBRE 2017\/MODIFICACION MES DICIEMBRE NUMERO 39.pdf\"><b>Diciembre. MODIFICACI\u00d3N N\u00daMERO  <\/b><\/a><\/p>\n","protected":false},"excerpt":{"rendered":"<p>Enero. MODIFICACIONES Y TRASNPARENCIAS Febrero. NOTIFICACIONES Y MODIFICACIONES PPTO Febrero. NOTIFICACIONES Y MODIFICACIONES PPTO Febrero. NOTIFICACIONES Y MODIFICACIONES PPTO Febrero. OFICIO NOTIFICACI\u00d3N Febrero. OFICIO NOTIFICACI\u00d3N Febrero. OFICIO NOTIFICACI\u00d3N Marzo. OFICIOS Y NOTIFICACIONES PPTO Marzo. NOTIFICACIONES Y MODIFICACIONES PPTO Abril. NOTIFICACIONES Y MODIFICACIONES PPTO Abril. NOTIFICACIONES Y MODIFICACIONES PPTO Mayo. NOTIFICACIONES Y MODIFICACIONES PRESUPUESTARIAS Mayo. NOTIFICACIONES [&hellip;]<\/p>\n","protected":false},"author":1,"featured_media":0,"parent":0,"menu_order":0,"comment_status":"closed","ping_status":"closed","template":"","meta":{"_et_pb_use_builder":"","_et_pb_old_content":"","_et_gb_content_width":"","footnotes":""},"class_list":["post-1721","page","type-page","status-publish","hentry"],"nelio_popups_active_popup":"","_links":{"self":[{"href":"https:\/\/seij.gob.gt\/udisep\/wp-json\/wp\/v2\/pages\/1721","targetHints":{"allow":["GET"]}}],"collection":[{"href":"https:\/\/seij.gob.gt\/udisep\/wp-json\/wp\/v2\/pages"}],"about":[{"href":"https:\/\/seij.gob.gt\/udisep\/wp-json\/wp\/v2\/types\/page"}],"author":[{"embeddable":true,"href":"https:\/\/seij.gob.gt\/udisep\/wp-json\/wp\/v2\/users\/1"}],"replies":[{"embeddable":true,"href":"https:\/\/seij.gob.gt\/udisep\/wp-json\/wp\/v2\/comments?post=1721"}],"version-history":[{"count":57,"href":"https:\/\/seij.gob.gt\/udisep\/wp-json\/wp\/v2\/pages\/1721\/revisions"}],"predecessor-version":[{"id":1797,"href":"https:\/\/seij.gob.gt\/udisep\/wp-json\/wp\/v2\/pages\/1721\/revisions\/1797"}],"wp:attachment":[{"href":"https:\/\/seij.gob.gt\/udisep\/wp-json\/wp\/v2\/media?parent=1721"}],"curies":[{"name":"wp","href":"https:\/\/api.w.org\/{rel}","templated":true}]}}