{"id":1911,"date":"2018-02-07T17:31:24","date_gmt":"2018-02-07T17:31:24","guid":{"rendered":"http:\/\/seij.gob.gt\/udisep\/?page_id=1911"},"modified":"2019-01-10T16:06:56","modified_gmt":"2019-01-10T16:06:56","slug":"numeral-10-ano-2018","status":"publish","type":"page","link":"https:\/\/seij.gob.gt\/udisep\/numeral-10-ano-2018\/","title":{"rendered":"Numeral 10 a\u00f1o 2018"},"content":{"rendered":"<h1>Procesos de cotizaci\u00f3n y licitaci\u00f3n para programas del sujeto obligado que tengan beneficiarios directos e indirecto.<\/h1>\n<p>Secretar\u00eda Ejecutiva de la ICMSJSin movimiento<\/p>\n<table>\n<tbody>\n<tr>\n<td><span style=\"color: #000000;\"><strong>Enero<\/strong><\/span><\/td>\n<\/tr>\n<tr>\n<td>Secretaria Ejecutiva de la ICMSJ<\/td>\n<td>Sin movimiento<\/td>\n<\/tr>\n<tr>\n<td>Programa -AECID-<\/td>\n<td>Sin movimiento<\/td>\n<\/tr>\n<tr>\n<td>Programa -BID-<\/td>\n<td>Sin movimiento<\/td>\n<\/tr>\n<tr>\n<td>Programa -SEJUST-<\/td>\n<td>Sin movimiento<\/td>\n<\/tr>\n<tr>\n<td><strong><span style=\"color: #000000;\">Febrero<\/span><\/strong><\/td>\n<\/tr>\n<tr>\n<td>Secretaria Ejecutiva de la ICMSJ<\/td>\n<td>Sin movimiento<\/td>\n<\/tr>\n<tr>\n<td>Programa -AECID-<\/td>\n<td>Sin movimiento<\/td>\n<\/tr>\n<tr>\n<td>Programa -BID-<\/td>\n<td>Sin movimiento<\/td>\n<\/tr>\n<tr>\n<td>Programa -SEJUST-<\/td>\n<td>Sin movimiento<\/td>\n<\/tr>\n<tr>\n<td><strong><span style=\"color: #000000;\">Marzo<\/span><\/strong><\/td>\n<\/tr>\n<tr>\n<td>Secretaria Ejecutiva de la ICMSJ<\/td>\n<td>Sin movimiento<\/td>\n<\/tr>\n<tr>\n<td>Programa -AECID-<\/td>\n<td>Sin movimiento<\/td>\n<\/tr>\n<tr>\n<td>Programa -BID-<\/td>\n<td>Sin movimiento<\/td>\n<\/tr>\n<tr>\n<td>Programa -SEJUST-<\/td>\n<td>Sin movimiento<\/td>\n<\/tr>\n<tr>\n<td><span style=\"color: #000000;\"><strong>Abril<\/strong><\/span><\/td>\n<\/tr>\n<tr>\n<td>Secretaria Ejecutiva de la ICMSJ<\/td>\n<td>Sin movimiento<\/td>\n<\/tr>\n<tr>\n<td>Programa -AECID-<\/td>\n<td>Sin movimiento<\/td>\n<\/tr>\n<tr>\n<td>Programa -BID-<\/td>\n<td>Sin movimiento<\/td>\n<\/tr>\n<tr>\n<td>Programa -SEJUST-<\/td>\n<td>Sin movimiento<\/td>\n<\/tr>\n<tr>\n<td><strong><span style=\"color: #000000;\">Mayo<\/span><\/strong><\/td>\n<\/tr>\n<tr>\n<td>Secretaria Ejecutiva de la ICMSJ<\/td>\n<td>Sin movimiento<\/td>\n<\/tr>\n<tr>\n<td>Programa -AECID-<\/td>\n<td>Sin movimiento<\/td>\n<\/tr>\n<tr>\n<td>Programa -BID-<\/td>\n<td>Sin movimiento<\/td>\n<\/tr>\n<tr>\n<td>Programa -SEJUST-<\/td>\n<td>Sin movimiento<\/td>\n<\/tr>\n<tr>\n<td><strong><span style=\"color: #000000;\">Junio<\/span><\/strong><\/td>\n<\/tr>\n<tr>\n<td>Secretaria Ejecutiva de la ICMSJ<\/td>\n<td>Sin movimiento<\/td>\n<\/tr>\n<tr>\n<td>Programa -AECID-<\/td>\n<td>Sin movimiento<\/td>\n<\/tr>\n<tr>\n<td>Programa -BID-<\/td>\n<td>Sin movimiento<\/td>\n<\/tr>\n<tr>\n<td>Programa -SEJUST-<\/td>\n<td>Sin movimiento<\/td>\n<\/tr>\n<tr>\n<td><strong><span style=\"color: #000000;\">Julio<\/span><\/strong><\/td>\n<\/tr>\n<tr>\n<td>Secretaria Ejecutiva de la ICMSJ<\/td>\n<td>Sin movimiento<\/td>\n<\/tr>\n<tr>\n<td>Programa -AECID-<\/td>\n<td>Sin movimiento<\/td>\n<\/tr>\n<tr>\n<td>Programa -BID-<\/td>\n<td>Sin movimiento<\/td>\n<\/tr>\n<tr>\n<td>Programa -SEJUST-<\/td>\n<td>Sin movimiento<\/td>\n<\/tr>\n<tr>\n<td><strong><span style=\"color: #000000;\">Agosto<\/span><\/strong><\/td>\n<\/tr>\n<tr>\n<td>Secretaria Ejecutiva de la ICMSJ<\/td>\n<td>Sin movimiento<\/td>\n<\/tr>\n<tr>\n<td>Programa -AECID-<\/td>\n<td>Sin movimiento<\/td>\n<\/tr>\n<tr>\n<td>Programa -BID-<\/td>\n<td>Sin movimiento<\/td>\n<\/tr>\n<tr>\n<td>Programa -SEJUST-<\/td>\n<td>Sin movimiento<\/td>\n<\/tr>\n<tr>\n<td>Programa Prevenci\u00f3n de la violencia y el delito<\/td>\n<td>Sin movimiento<\/td>\n<\/tr>\n<tr>\n<td><span style=\"color: #000000;\"><strong>Septiembre<\/strong><\/span><\/td>\n<\/tr>\n<tr>\n<td>Secretaria Ejecutiva de la ICMSJ<\/td>\n<td>Sin movimiento<\/td>\n<\/tr>\n<tr>\n<td>Programa -AECID-<\/td>\n<td>Sin movimiento<\/td>\n<\/tr>\n<tr>\n<td>Programa -BID-<\/td>\n<td>Sin movimiento<\/td>\n<\/tr>\n<tr>\n<td>Programa -SEJUST-<\/td>\n<td>Sin movimiento<\/td>\n<\/tr>\n<tr>\n<td>Programa Prevenci\u00f3n de la Violencia y el Delito<\/td>\n<td>Sin movimiento<\/td>\n<\/tr>\n<tr>\n<td><strong><span style=\"color: #000000;\">Octubre<\/span><\/strong><\/td>\n<\/tr>\n<tr>\n<td>Secretaria Ejecutiva de la ICMSJ<\/td>\n<td>Sin movimiento<\/td>\n<\/tr>\n<tr>\n<td>Programa -AECID-<\/td>\n<td>Sin movimiento<\/td>\n<\/tr>\n<tr>\n<td>Programa -BID-<\/td>\n<td><span style=\"color: #ff0000;\">Sin movimiento \/ Cierre de Programa<\/span><\/td>\n<\/tr>\n<tr>\n<td>Programa -SEJUST-<\/td>\n<td>Sin movimiento<\/td>\n<\/tr>\n<tr>\n<td>Programa Prevenci\u00f3n de la Violencia y el Delito<\/td>\n<td>Sin movimiento<\/td>\n<\/tr>\n<tr>\n<td><strong><span style=\"color: #000000;\">Noviembre<\/span><\/strong><\/td>\n<\/tr>\n<tr>\n<td>Secretaria Ejecutiva de la ICMSJ<\/td>\n<td>Sin movimiento<\/td>\n<\/tr>\n<tr>\n<td>Programa -AECID-<\/td>\n<td>Sin movimiento<\/td>\n<\/tr>\n<tr>\n<td>Programa -SEJUST-<\/td>\n<td>Sin movimiento<\/td>\n<\/tr>\n<tr>\n<td>Programa Prevenci\u00f3n de la Violencia y el Delito<\/td>\n<td>Sin movimiento<\/td>\n<\/tr>\n<tr>\n<td><strong><span style=\"color: #000000;\">Diciembre<\/span><\/strong><\/td>\n<\/tr>\n<tr>\n<td>Secretaria Ejecutiva de la ICMSJ<\/td>\n<td>Sin movimiento<\/td>\n<\/tr>\n<tr>\n<td>Programa -AECID-<\/td>\n<td>Sin movimiento<\/td>\n<\/tr>\n<tr>\n<td>Programa -SEJUST-<\/td>\n<td>Sin movimiento<\/td>\n<\/tr>\n<tr>\n<td>Programa Prevenci\u00f3n de la Violencia y el Delito<\/td>\n<td>Sin movimiento<\/td>\n<\/tr>\n<\/tbody>\n<\/table>\n","protected":false},"excerpt":{"rendered":"<p>Procesos de cotizaci\u00f3n y licitaci\u00f3n para programas del sujeto obligado que tengan beneficiarios directos e indirecto. Secretar\u00eda Ejecutiva de la ICMSJSin movimiento Enero Secretaria Ejecutiva de la ICMSJ Sin movimiento Programa -AECID- Sin movimiento Programa -BID- Sin movimiento Programa -SEJUST- Sin movimiento Febrero Secretaria Ejecutiva de la ICMSJ Sin movimiento Programa -AECID- Sin movimiento Programa [&hellip;]<\/p>\n","protected":false},"author":1,"featured_media":0,"parent":0,"menu_order":0,"comment_status":"closed","ping_status":"closed","template":"","meta":{"_et_pb_use_builder":"","_et_pb_old_content":"","_et_gb_content_width":"","footnotes":""},"class_list":["post-1911","page","type-page","status-publish","hentry"],"nelio_popups_active_popup":"","_links":{"self":[{"href":"https:\/\/seij.gob.gt\/udisep\/wp-json\/wp\/v2\/pages\/1911","targetHints":{"allow":["GET"]}}],"collection":[{"href":"https:\/\/seij.gob.gt\/udisep\/wp-json\/wp\/v2\/pages"}],"about":[{"href":"https:\/\/seij.gob.gt\/udisep\/wp-json\/wp\/v2\/types\/page"}],"author":[{"embeddable":true,"href":"https:\/\/seij.gob.gt\/udisep\/wp-json\/wp\/v2\/users\/1"}],"replies":[{"embeddable":true,"href":"https:\/\/seij.gob.gt\/udisep\/wp-json\/wp\/v2\/comments?post=1911"}],"version-history":[{"count":22,"href":"https:\/\/seij.gob.gt\/udisep\/wp-json\/wp\/v2\/pages\/1911\/revisions"}],"predecessor-version":[{"id":2417,"href":"https:\/\/seij.gob.gt\/udisep\/wp-json\/wp\/v2\/pages\/1911\/revisions\/2417"}],"wp:attachment":[{"href":"https:\/\/seij.gob.gt\/udisep\/wp-json\/wp\/v2\/media?parent=1911"}],"curies":[{"name":"wp","href":"https:\/\/api.w.org\/{rel}","templated":true}]}}