{"id":2604,"date":"2019-02-10T02:08:14","date_gmt":"2019-02-10T02:08:14","guid":{"rendered":"http:\/\/seij.gob.gt\/udisep\/?page_id=2604"},"modified":"2022-09-12T14:07:23","modified_gmt":"2022-09-12T20:07:23","slug":"modificaciones-y-transferencias-presupuestarias-dto-13-2013","status":"publish","type":"page","link":"https:\/\/seij.gob.gt\/udisep\/modificaciones-y-transferencias-presupuestarias-dto-13-2013\/","title":{"rendered":"Modificaciones y Transferencias Presupuestarias  Dto. 13-2013"},"content":{"rendered":"<h1><span style=\"font-family: helvetica, arial, sans-serif; color: #000080;\">Modificaciones y Transferencias Presupuestarias Dto. 13-2013<\/span><\/h1>\n<p>&nbsp;<\/p>\n<table style=\"height: 203px; width: 219px;\" width=\"116\">\n<tbody>\n<tr>\n<td style=\"width: 92.9219px; text-align: center;\"><span style=\"color: #3366ff; font-family: 'arial black', sans-serif;\"><a style=\"color: #3366ff;\" href=\"https:\/\/seij.gob.gt\/udisep\/decreto-13-2013-ano-2016\">a\u00f1o 2,016<\/a><\/span><\/td>\n<td style=\"width: 110.078px; text-align: center;\"><span style=\"color: #3366ff; font-family: 'arial black', sans-serif;\"><a style=\"color: #3366ff;\" href=\"https:\/\/seij.gob.gt\/udisep\/dto-13-2013-ano-2020\/\">a\u00f1o 2,020<\/a><\/span><\/td>\n<\/tr>\n<tr>\n<td style=\"width: 92.9219px; text-align: center;\"><span style=\"color: #3366ff; font-family: 'arial black', sans-serif;\"><a style=\"color: #3366ff;\" href=\"https:\/\/seij.gob.gt\/udisep\/decreto-13-2013-ano-2017\">a\u00f1o 2,017<\/a><\/span><\/td>\n<td style=\"width: 110.078px; text-align: center;\"><span style=\"font-family: 'arial black', sans-serif; color: #3366ff;\"><a style=\"color: #3366ff;\" href=\"https:\/\/seij.gob.gt\/udisep\/decreto-13-2013-ano-2021\/\">a\u00f1o 2,021<\/a>\u00a0<\/span><\/td>\n<\/tr>\n<tr>\n<td style=\"width: 92.9219px; text-align: center;\"><span style=\"color: #3366ff; font-family: 'arial black', sans-serif;\"><a style=\"color: #3366ff;\" href=\"https:\/\/seij.gob.gt\/udisep\/decreto-13-2013-ano-2018\">a\u00f1o 2,018<\/a><\/span><\/td>\n<td style=\"width: 110.078px; text-align: left;\"><span style=\"font-family: helvetica, arial, sans-serif; color: #3366ff;\">\u00a0<a style=\"color: #3366ff;\" href=\"https:\/\/seij.gob.gt\/udisep\/decreto-13-2013-ano-2022\/\"><span style=\"font-size: 12pt; font-family: 'arial black', sans-serif;\">a\u00f1o 2,022<\/span><\/a><\/span><\/td>\n<\/tr>\n<tr>\n<td style=\"width: 92.9219px; text-align: center;\"><span style=\"color: #3366ff; font-family: 'arial black', sans-serif;\"><a style=\"color: #3366ff;\" href=\"https:\/\/seij.gob.gt\/udisep\/decreto-13-2013-ano-2019\/\">a\u00f1o 2,019<\/a><\/span><\/td>\n<td style=\"width: 110.078px; text-align: center;\"><span style=\"font-family: helvetica, arial, sans-serif; color: #3366ff;\">\u00a0<\/span><\/td>\n<\/tr>\n<\/tbody>\n<\/table>\n","protected":false},"excerpt":{"rendered":"<p>Modificaciones y Transferencias Presupuestarias Dto. 13-2013 &nbsp; a\u00f1o 2,016 a\u00f1o 2,020 a\u00f1o 2,017 a\u00f1o 2,021\u00a0 a\u00f1o 2,018 \u00a0a\u00f1o 2,022 a\u00f1o 2,019 \u00a0<\/p>\n","protected":false},"author":1,"featured_media":0,"parent":0,"menu_order":0,"comment_status":"closed","ping_status":"closed","template":"","meta":{"_et_pb_use_builder":"","_et_pb_old_content":"","_et_gb_content_width":"","footnotes":""},"class_list":["post-2604","page","type-page","status-publish","hentry"],"nelio_popups_active_popup":"","_links":{"self":[{"href":"https:\/\/seij.gob.gt\/udisep\/wp-json\/wp\/v2\/pages\/2604","targetHints":{"allow":["GET"]}}],"collection":[{"href":"https:\/\/seij.gob.gt\/udisep\/wp-json\/wp\/v2\/pages"}],"about":[{"href":"https:\/\/seij.gob.gt\/udisep\/wp-json\/wp\/v2\/types\/page"}],"author":[{"embeddable":true,"href":"https:\/\/seij.gob.gt\/udisep\/wp-json\/wp\/v2\/users\/1"}],"replies":[{"embeddable":true,"href":"https:\/\/seij.gob.gt\/udisep\/wp-json\/wp\/v2\/comments?post=2604"}],"version-history":[{"count":13,"href":"https:\/\/seij.gob.gt\/udisep\/wp-json\/wp\/v2\/pages\/2604\/revisions"}],"predecessor-version":[{"id":4801,"href":"https:\/\/seij.gob.gt\/udisep\/wp-json\/wp\/v2\/pages\/2604\/revisions\/4801"}],"wp:attachment":[{"href":"https:\/\/seij.gob.gt\/udisep\/wp-json\/wp\/v2\/media?parent=2604"}],"curies":[{"name":"wp","href":"https:\/\/api.w.org\/{rel}","templated":true}]}}