{"id":3287,"date":"2020-02-07T15:56:32","date_gmt":"2020-02-07T15:56:32","guid":{"rendered":"http:\/\/seij.gob.gt\/udisep\/?page_id=3287"},"modified":"2021-01-11T08:50:56","modified_gmt":"2021-01-11T14:50:56","slug":"numeral-14-ano-2020","status":"publish","type":"page","link":"https:\/\/seij.gob.gt\/udisep\/numeral-14-ano-2020\/","title":{"rendered":"Numeral 14 a\u00f1o 2020"},"content":{"rendered":"<h1 style=\"text-align: center;\"><span style=\"font-family: arial, helvetica, sans-serif; color: #333399;\">Informaci\u00f3n sobre los contratos de mantenimiento de equipo, veh\u00edculos, inmuebles, plantas e instalaciones de <\/span><span style=\"font-family: arial, helvetica, sans-serif; color: #333399;\">todos los sujetos obligados.<\/span><\/h1>\n<table style=\"height: 136px; width: 455px;\" width=\"455\">\n<tbody>\n<tr style=\"height: 58px;\">\n<td style=\"width: 445.8px; text-align: center; height: 58px;\" colspan=\"2\"><span style=\"font-family: arial black, sans-serif; font-size: 18pt; color: #333399;\">Enero<\/span><\/td>\n<\/tr>\n<tr style=\"height: 39px;\">\n<td style=\"width: 332.15px; height: 39px;\">&nbsp;<\/p>\n<p><span style=\"font-family: arial, helvetica, sans-serif; font-size: 14pt; color: #333399;\">Secretar\u00eda Ejecutiva de la ICMSJ<\/span><\/td>\n<td style=\"width: 108.05px; height: 39px;\"><a href=\"..\/\/_2020_\/Informacion Publica\/enero\/NUM14_ENE_2020\/NUM14_SEIJ_ENE2020.pdf\"><img decoding=\"async\" class=\"alignleft wp-image-3229\" src=\"https:\/\/seij.gob.gt\/udisep\/wp-content\/uploads\/2020\/02\/pdf_3.jpg\" alt=\"\" width=\"78\" height=\"85\" \/><\/a><\/td>\n<\/tr>\n<tr style=\"height: 39px;\">\n<td style=\"width: 332.15px; height: 39px;\">&nbsp;<\/p>\n<p><span style=\"font-family: arial, helvetica, sans-serif; font-size: 14pt; color: #333399;\">Prevenci\u00f3n de la Violencia y el Delito<\/span><\/td>\n<td style=\"width: 108.05px; height: 39px;\"><a href=\"..\/\/_2020_\/Informacion Publica\/enero\/NUM14_ENE_2020\/NUM14_PREVI_ENE2020.pdf\"><img decoding=\"async\" class=\"alignleft wp-image-3229\" src=\"https:\/\/seij.gob.gt\/udisep\/wp-content\/uploads\/2020\/02\/pdf_3.jpg\" alt=\"\" width=\"78\" height=\"85\" \/><\/a><\/td>\n<\/tr>\n<tr>\n<td style=\"width: 332.15px;\" colspan=\"2\">\n<p style=\"text-align: center;\"><span style=\"font-family: 'arial black', sans-serif; font-size: 18pt; color: #000080;\">Febrero<\/span><\/p>\n<\/td>\n<\/tr>\n<tr>\n<td style=\"width: 332.15px;\">&nbsp;<\/p>\n<p><span style=\"font-family: arial, helvetica, sans-serif; font-size: 14pt; color: #333399;\">Secretar\u00eda Ejecutiva de la ICMSJ<\/span><\/td>\n<td style=\"width: 108.05px;\"><a href=\"..\/\/_2020_\/Informacion Publica\/febrero\/NUM14_FEB2020\/NUM14_SEIJ_FEB2020.pdf\"><img decoding=\"async\" class=\"alignleft wp-image-3229\" src=\"https:\/\/seij.gob.gt\/udisep\/wp-content\/uploads\/2020\/02\/pdf_3.jpg\" alt=\"\" width=\"78\" height=\"85\" \/><\/a><\/td>\n<\/tr>\n<tr>\n<td style=\"width: 332.15px;\">&nbsp;<\/p>\n<p><span style=\"font-family: arial, helvetica, sans-serif; font-size: 14pt; color: #333399;\">Prevenci\u00f3n de la Violencia y el Delito<\/span><\/td>\n<td style=\"width: 108.05px;\"><a href=\"..\/\/_2020_\/Informacion Publica\/febrero\/NUM14_FEB2020\/NUM14_PREVI_FEB2020.pdf\"><img decoding=\"async\" class=\"alignleft wp-image-3229\" src=\"https:\/\/seij.gob.gt\/udisep\/wp-content\/uploads\/2020\/02\/pdf_3.jpg\" alt=\"\" width=\"78\" height=\"85\" \/><\/a><\/td>\n<\/tr>\n<\/tbody>\n<\/table>\n<table style=\"height: 282px;\" width=\"455\">\n<tbody>\n<tr>\n<td style=\"width: 445px;\" colspan=\"2\">\n<p style=\"text-align: center;\"><span style=\"font-size: 18pt; font-family: arial black, sans-serif; color: #333399;\">Marzo<\/span><\/p>\n<\/td>\n<\/tr>\n<tr>\n<td style=\"width: 330.75px;\">&nbsp;<\/p>\n<p><span style=\"font-size: 14pt; color: #333399; font-family: arial, helvetica, sans-serif;\">Secretar\u00eda Ejecutiva de la ICMSJ<\/span><\/td>\n<td style=\"width: 108.25px;\"><a href=\"..\/\/_2020_\/Informacion Publica\/marzo\/NUM14_MARZO_2020\/NUM14_SEIJ_2020.pdf\"><img decoding=\"async\" class=\"alignleft wp-image-3229\" src=\"https:\/\/seij.gob.gt\/udisep\/wp-content\/uploads\/2020\/02\/pdf_3.jpg\" alt=\"\" width=\"78\" height=\"85\" \/><\/a><\/td>\n<\/tr>\n<tr>\n<td style=\"width: 330.75px;\">&nbsp;<\/p>\n<p><span style=\"color: #333399; font-family: arial, helvetica, sans-serif; font-size: 14pt;\">Prevenci\u00f3n de la Violencia y el Delito<\/span><\/td>\n<td style=\"width: 108.25px;\"><a href=\"..\/\/_2020_\/Informacion Publica\/marzo\/NUM14_MARZO_2020\/NUM14_PREVI_MAR2020.pdf\"><img decoding=\"async\" class=\"alignleft wp-image-3229\" src=\"https:\/\/seij.gob.gt\/udisep\/wp-content\/uploads\/2020\/02\/pdf_3.jpg\" alt=\"\" width=\"78\" height=\"85\" \/><\/a><\/td>\n<\/tr>\n<\/tbody>\n<\/table>\n<table>\n<tbody>\n<tr>\n<td style=\"width: 445px;\" colspan=\"2\">\n<p style=\"text-align: center;\"><span style=\"font-size: 18pt; font-family: arial black, sans-serif; color: #333399;\">Abril<\/span><\/p>\n<\/td>\n<\/tr>\n<tr>\n<td style=\"width: 330.75px;\">&nbsp;<\/p>\n<p><span style=\"font-size: 14pt; color: #333399; font-family: arial, helvetica, sans-serif;\">Secretar\u00eda Ejecutiva de la ICMSJ<\/span><\/td>\n<td style=\"width: 108.25px;\"><a href=\"..\/\/_2020_\/Informacion Publica\/abril\/NUM14_ABRIL_2020\/NUM14_SEIJ_ABR2020.pdf\"><img decoding=\"async\" class=\"alignleft wp-image-3229\" src=\"https:\/\/seij.gob.gt\/udisep\/wp-content\/uploads\/2020\/02\/pdf_3.jpg\" alt=\"\" width=\"78\" height=\"85\" \/><\/a><\/td>\n<\/tr>\n<tr>\n<td style=\"width: 330.75px;\">&nbsp;<\/p>\n<p><span style=\"color: #333399; font-family: arial, helvetica, sans-serif; font-size: 14pt;\">Prevenci\u00f3n de la Violencia y el Delito<\/span><\/td>\n<td style=\"width: 108.25px;\"><a href=\"..\/\/_2020_\/Informacion Publica\/abril\/NUM14_ABRIL_2020\/NUM14_PREVI_ABR2020.pdf\"><img decoding=\"async\" class=\"alignleft wp-image-3229\" src=\"https:\/\/seij.gob.gt\/udisep\/wp-content\/uploads\/2020\/02\/pdf_3.jpg\" alt=\"\" width=\"78\" height=\"85\" \/><\/a><\/td>\n<\/tr>\n<\/tbody>\n<\/table>\n<table>\n<tbody>\n<tr>\n<td style=\"width: 445px;\" colspan=\"2\">\n<p style=\"text-align: center;\"><span style=\"font-size: 18pt; font-family: arial black, sans-serif; color: #333399;\">Mayo<\/span><\/p>\n<\/td>\n<\/tr>\n<tr>\n<td style=\"width: 330.75px;\">&nbsp;<\/p>\n<p><span style=\"font-size: 14pt; color: #333399; font-family: arial, helvetica, sans-serif;\">Secretar\u00eda Ejecutiva de la ICMSJ<\/span><\/td>\n<td style=\"width: 108.25px;\"><a href=\"..\/\/_2020_\/Informacion Publica\/mayo\/NUM14_MAY2020\/NUM14_SEIJ_MAY2020.pdf\"><img decoding=\"async\" class=\"alignleft wp-image-3229\" src=\"https:\/\/seij.gob.gt\/udisep\/wp-content\/uploads\/2020\/02\/pdf_3.jpg\" alt=\"\" width=\"78\" height=\"85\" \/><\/a><\/td>\n<\/tr>\n<tr>\n<td style=\"width: 330.75px;\">&nbsp;<\/p>\n<p><span style=\"color: #333399; font-family: arial, helvetica, sans-serif; font-size: 14pt;\">Prevenci\u00f3n de la Violencia y el Delito<\/span><\/td>\n<td style=\"width: 108.25px;\"><a href=\"..\/\/_2020_\/Informacion Publica\/mayo\/NUM14_MAY2020\/NUM14_PREVI_MAY2020.pdf\"><img decoding=\"async\" class=\"alignleft wp-image-3229\" src=\"https:\/\/seij.gob.gt\/udisep\/wp-content\/uploads\/2020\/02\/pdf_3.jpg\" alt=\"\" width=\"78\" height=\"85\" \/><\/a><\/td>\n<\/tr>\n<\/tbody>\n<\/table>\n<table>\n<tbody>\n<tr>\n<td style=\"width: 445px;\" colspan=\"2\">\n<p style=\"text-align: center;\"><span style=\"font-size: 18pt; font-family: arial black, sans-serif; color: #333399;\">Junio<\/span><\/p>\n<\/td>\n<\/tr>\n<tr>\n<td style=\"width: 330.75px;\">&nbsp;<\/p>\n<p><span style=\"font-size: 14pt; color: #333399; font-family: arial, helvetica, sans-serif;\">Secretar\u00eda Ejecutiva de la ICMSJ<\/span><\/td>\n<td style=\"width: 108.25px;\"><a href=\"..\/\/_2020_\/Informacion Publica\/junio\/NUM14_JUN2020\/NUM14_SEIJ_JUN2020.pdf\"><img decoding=\"async\" class=\"alignleft wp-image-3229\" src=\"https:\/\/seij.gob.gt\/udisep\/wp-content\/uploads\/2020\/02\/pdf_3.jpg\" alt=\"\" width=\"78\" height=\"85\" \/><\/a><\/td>\n<\/tr>\n<tr>\n<td style=\"width: 330.75px;\">&nbsp;<\/p>\n<p><span style=\"color: #333399; font-family: arial, helvetica, sans-serif; font-size: 14pt;\">Prevenci\u00f3n de la Violencia y el Delito<\/span><\/td>\n<td style=\"width: 108.25px;\"><a href=\"..\/\/_2020_\/Informacion Publica\/junio\/NUM14_JUN2020\/NUM14_PREVI_JUN2020.pdf\"><img decoding=\"async\" class=\"alignleft wp-image-3229\" src=\"https:\/\/seij.gob.gt\/udisep\/wp-content\/uploads\/2020\/02\/pdf_3.jpg\" alt=\"\" width=\"78\" height=\"85\" \/><\/a><\/td>\n<\/tr>\n<\/tbody>\n<\/table>\n<table>\n<tbody>\n<tr>\n<td style=\"width: 445px;\" colspan=\"2\">\n<p style=\"text-align: center;\"><span style=\"font-size: 18pt; font-family: arial black, sans-serif; color: #333399;\">Julio<\/span><\/p>\n<\/td>\n<\/tr>\n<tr>\n<td style=\"width: 330.75px;\">&nbsp;<\/p>\n<p><span style=\"font-size: 14pt; color: #333399; font-family: arial, helvetica, sans-serif;\">Secretar\u00eda Ejecutiva de la ICMSJ<\/span><\/td>\n<td style=\"width: 108.25px;\"><a href=\"..\/\/_2020_\/Informacion Publica\/julio\/NUM14_JUL_2020\/NUM14_SEIJ_JUL_2020.pdf\"><img decoding=\"async\" class=\"alignleft wp-image-3229\" src=\"https:\/\/seij.gob.gt\/udisep\/wp-content\/uploads\/2020\/02\/pdf_3.jpg\" alt=\"\" width=\"78\" height=\"85\" \/><\/a><\/td>\n<\/tr>\n<tr>\n<td style=\"width: 330.75px;\">&nbsp;<\/p>\n<p><span style=\"color: #333399; font-family: arial, helvetica, sans-serif; font-size: 14pt;\">Prevenci\u00f3n de la Violencia y el Delito<\/span><\/td>\n<td style=\"width: 108.25px;\"><a href=\"..\/\/_2020_\/Informacion Publica\/julio\/NUM14_JUL_2020\/NUM14_PREVI_JUL_2020.pdf\"><img decoding=\"async\" class=\"alignleft wp-image-3229\" src=\"https:\/\/seij.gob.gt\/udisep\/wp-content\/uploads\/2020\/02\/pdf_3.jpg\" alt=\"\" width=\"78\" height=\"85\" \/><\/a><\/td>\n<\/tr>\n<\/tbody>\n<\/table>\n<table>\n<tbody>\n<tr>\n<td style=\"width: 445px;\" colspan=\"2\">\n<p style=\"text-align: center;\"><span style=\"font-size: 18pt; font-family: arial black, sans-serif; color: #333399;\">Agosto<\/span><\/p>\n<\/td>\n<\/tr>\n<tr>\n<td style=\"width: 330.75px;\">&nbsp;<\/p>\n<p><span style=\"font-size: 14pt; color: #333399; font-family: arial, helvetica, sans-serif;\">Secretar\u00eda Ejecutiva de la ICMSJ<\/span><\/td>\n<td style=\"width: 108.25px;\"><img decoding=\"async\" class=\"alignleft wp-image-3229\" src=\"https:\/\/seij.gob.gt\/udisep\/wp-content\/uploads\/2020\/02\/pdf_3.jpg\" alt=\"\" width=\"78\" height=\"85\" \/><\/td>\n<\/tr>\n<tr>\n<td style=\"width: 330.75px;\">&nbsp;<\/p>\n<p><span style=\"color: #333399; font-family: arial, helvetica, sans-serif; font-size: 14pt;\">Prevenci\u00f3n de la Violencia y el Delito<\/span><\/td>\n<td style=\"width: 108.25px;\"><img decoding=\"async\" class=\"alignleft wp-image-3229\" src=\"https:\/\/seij.gob.gt\/udisep\/wp-content\/uploads\/2020\/02\/pdf_3.jpg\" alt=\"\" width=\"78\" height=\"85\" \/><\/td>\n<\/tr>\n<\/tbody>\n<\/table>\n<table>\n<tbody>\n<tr>\n<td style=\"width: 445px;\" colspan=\"2\">\n<p style=\"text-align: center;\"><span style=\"font-size: 18pt; font-family: arial black, sans-serif; color: #333399;\">Septiembre<\/span><\/p>\n<\/td>\n<\/tr>\n<tr>\n<td style=\"width: 330.75px;\">&nbsp;<\/p>\n<p><span style=\"font-size: 14pt; color: #333399; font-family: arial, helvetica, sans-serif;\">Secretar\u00eda Ejecutiva de la ICMSJ<\/span><\/td>\n<td style=\"width: 108.25px;\"><a href=\"..\/\/_2020_\/Informacion Publica\/septiembre\/NUM_20_SEP_2020\/NUM20_SEICMSJ SEP 2020.pdf\"><img decoding=\"async\" class=\"alignleft wp-image-3229\" src=\"https:\/\/seij.gob.gt\/udisep\/wp-content\/uploads\/2020\/02\/pdf_3.jpg\" alt=\"\" width=\"78\" height=\"85\" \/><\/a><\/td>\n<\/tr>\n<tr>\n<td style=\"width: 330.75px;\">&nbsp;<\/p>\n<p><span style=\"color: #333399; font-family: arial, helvetica, sans-serif; font-size: 14pt;\">Prevenci\u00f3n de la Violencia y el Delito<\/span><\/td>\n<td style=\"width: 108.25px;\"><a href=\"..\/\/_2020_\/Informacion Publica\/septiembre\/NUM_14_SEP_2020\/NUM14_PREVI SEP20.pdf\"><img decoding=\"async\" class=\"alignleft wp-image-3229\" src=\"https:\/\/seij.gob.gt\/udisep\/wp-content\/uploads\/2020\/02\/pdf_3.jpg\" alt=\"\" width=\"78\" height=\"85\" \/><\/a><\/td>\n<\/tr>\n<\/tbody>\n<\/table>\n<table>\n<tbody>\n<tr>\n<td style=\"width: 445px;\" colspan=\"2\">\n<p style=\"text-align: center;\"><span style=\"font-size: 18pt; font-family: arial black, sans-serif; color: #333399;\">Octubre<\/span><\/p>\n<\/td>\n<\/tr>\n<tr>\n<td style=\"width: 330.75px;\">&nbsp;<\/p>\n<p><span style=\"font-size: 14pt; color: #333399; font-family: arial, helvetica, sans-serif;\">Secretar\u00eda Ejecutiva de la ICMSJ<\/span><\/td>\n<td style=\"width: 108.25px;\"><a href=\"..\/\/_2020_\/Informacion Publica\/octubre\/NUM_14\/NUM14_SEICMSJ OCT 20.pdf\"><img decoding=\"async\" class=\"alignleft wp-image-3229\" src=\"https:\/\/seij.gob.gt\/udisep\/wp-content\/uploads\/2020\/02\/pdf_3.jpg\" alt=\"\" width=\"78\" height=\"85\" \/><\/a><\/td>\n<\/tr>\n<tr>\n<td style=\"width: 330.75px;\">&nbsp;<\/p>\n<p><span style=\"color: #333399; font-family: arial, helvetica, sans-serif; font-size: 14pt;\">Prevenci\u00f3n de la Violencia y el Delito<\/span><\/td>\n<td style=\"width: 108.25px;\"><a href=\"..\/\/_2020_\/Informacion Publica\/octubre\/NUM_14\/NUM14_PREVI OCT 20.pdf\"><img decoding=\"async\" class=\"alignleft wp-image-3229\" src=\"https:\/\/seij.gob.gt\/udisep\/wp-content\/uploads\/2020\/02\/pdf_3.jpg\" alt=\"\" width=\"78\" height=\"85\" \/><\/a><\/td>\n<\/tr>\n<\/tbody>\n<\/table>\n<table>\n<tbody>\n<tr>\n<td style=\"width: 445px;\" colspan=\"2\">\n<p style=\"text-align: center;\"><span style=\"font-size: 18pt; font-family: arial black, sans-serif; color: #333399;\">Noviembre<\/span><\/p>\n<\/td>\n<\/tr>\n<tr>\n<td style=\"width: 330.75px;\">&nbsp;<\/p>\n<p><span style=\"font-size: 14pt; color: #333399; font-family: arial, helvetica, sans-serif;\">Secretar\u00eda Ejecutiva de la ICMSJ<\/span><\/td>\n<td style=\"width: 108.25px;\"><a href=\"..\/\/_2020_\/Informacion Publica\/noviembre\/NUM_14\/NUM14_SEICMSJ NOV 20.pdf\"><img decoding=\"async\" class=\"alignleft wp-image-3229\" src=\"https:\/\/seij.gob.gt\/udisep\/wp-content\/uploads\/2020\/02\/pdf_3.jpg\" alt=\"\" width=\"78\" height=\"85\" \/><\/a><\/td>\n<\/tr>\n<tr>\n<td style=\"width: 330.75px;\">&nbsp;<\/p>\n<p><span style=\"color: #333399; font-family: arial, helvetica, sans-serif; font-size: 14pt;\">Prevenci\u00f3n de la Violencia y el Delito<\/span><\/td>\n<td style=\"width: 108.25px;\"><a href=\"..\/\/_2020_\/Informacion Publica\/noviembre\/NUM_14\/NUM14_PREVI NOV 20.pdf\"><img decoding=\"async\" class=\"alignleft wp-image-3229\" src=\"https:\/\/seij.gob.gt\/udisep\/wp-content\/uploads\/2020\/02\/pdf_3.jpg\" alt=\"\" width=\"78\" height=\"85\" \/><\/a><\/td>\n<\/tr>\n<\/tbody>\n<\/table>\n<table>\n<tbody>\n<tr>\n<td style=\"width: 445px;\" colspan=\"2\">\n<p style=\"text-align: center;\"><span style=\"font-size: 18pt; font-family: arial black, sans-serif; color: #333399;\">Diciembre<\/span><\/p>\n<\/td>\n<\/tr>\n<tr>\n<td style=\"width: 330.75px;\">&nbsp;<\/p>\n<p><span style=\"font-size: 14pt; color: #333399; font-family: arial, helvetica, sans-serif;\">Secretar\u00eda Ejecutiva de la ICMSJ<\/span><\/td>\n<td style=\"width: 108.25px;\"><a href=\"..\/\/_2020_\/Informacion Publica\/diciembre\/NUM14_2020\/NUM 14_SEICMSJ DICIEMBRE 2020.pdf\"><img decoding=\"async\" class=\"alignleft wp-image-3229\" src=\"https:\/\/seij.gob.gt\/udisep\/wp-content\/uploads\/2020\/02\/pdf_3.jpg\" alt=\"\" width=\"78\" height=\"85\" \/><\/a><\/td>\n<\/tr>\n<tr>\n<td style=\"width: 330.75px;\">&nbsp;<\/p>\n<p><span style=\"color: #333399; font-family: arial, helvetica, sans-serif; font-size: 14pt;\">Prevenci\u00f3n de la Violencia y el Delito<\/span><\/td>\n<td style=\"width: 108.25px;\"><a href=\"..\/\/_2020_\/Informacion Publica\/diciembre\/NUM14_2020\/NUM14_PREVI DICIEMBRE 2020.pdf\"><img decoding=\"async\" class=\"alignleft wp-image-3229\" src=\"https:\/\/seij.gob.gt\/udisep\/wp-content\/uploads\/2020\/02\/pdf_3.jpg\" alt=\"\" width=\"78\" height=\"85\" \/><\/a><\/td>\n<\/tr>\n<\/tbody>\n<\/table>\n<p>&nbsp;<\/p>\n","protected":false},"excerpt":{"rendered":"<p>Informaci\u00f3n sobre los contratos de mantenimiento de equipo, veh\u00edculos, inmuebles, plantas e instalaciones de todos los sujetos obligados. Enero &nbsp; Secretar\u00eda Ejecutiva de la ICMSJ &nbsp; Prevenci\u00f3n de la Violencia y el Delito Febrero &nbsp; Secretar\u00eda Ejecutiva de la ICMSJ &nbsp; Prevenci\u00f3n de la Violencia y el Delito Marzo &nbsp; Secretar\u00eda Ejecutiva de la ICMSJ [&hellip;]<\/p>\n","protected":false},"author":1,"featured_media":0,"parent":0,"menu_order":0,"comment_status":"closed","ping_status":"closed","template":"","meta":{"_et_pb_use_builder":"","_et_pb_old_content":"","_et_gb_content_width":"","footnotes":""},"class_list":["post-3287","page","type-page","status-publish","hentry"],"nelio_popups_active_popup":"","_links":{"self":[{"href":"https:\/\/seij.gob.gt\/udisep\/wp-json\/wp\/v2\/pages\/3287","targetHints":{"allow":["GET"]}}],"collection":[{"href":"https:\/\/seij.gob.gt\/udisep\/wp-json\/wp\/v2\/pages"}],"about":[{"href":"https:\/\/seij.gob.gt\/udisep\/wp-json\/wp\/v2\/types\/page"}],"author":[{"embeddable":true,"href":"https:\/\/seij.gob.gt\/udisep\/wp-json\/wp\/v2\/users\/1"}],"replies":[{"embeddable":true,"href":"https:\/\/seij.gob.gt\/udisep\/wp-json\/wp\/v2\/comments?post=3287"}],"version-history":[{"count":20,"href":"https:\/\/seij.gob.gt\/udisep\/wp-json\/wp\/v2\/pages\/3287\/revisions"}],"predecessor-version":[{"id":3662,"href":"https:\/\/seij.gob.gt\/udisep\/wp-json\/wp\/v2\/pages\/3287\/revisions\/3662"}],"wp:attachment":[{"href":"https:\/\/seij.gob.gt\/udisep\/wp-json\/wp\/v2\/media?parent=3287"}],"curies":[{"name":"wp","href":"https:\/\/api.w.org\/{rel}","templated":true}]}}