{"id":3751,"date":"2021-01-12T15:40:52","date_gmt":"2021-01-12T21:40:52","guid":{"rendered":"http:\/\/seij.gob.gt\/udisep\/?page_id=3751"},"modified":"2022-01-10T11:01:57","modified_gmt":"2022-01-10T17:01:57","slug":"numeral-13-ano-2021","status":"publish","type":"page","link":"https:\/\/seij.gob.gt\/udisep\/numeral-13-ano-2021\/","title":{"rendered":"Numeral 13 a\u00f1o 2021"},"content":{"rendered":"<h1><span style=\"font-family: arial black, sans-serif; color: #000080;\">Informaci\u00f3n <\/span><span style=\"font-family: 'arial black', sans-serif; color: #000080;\">relacionada al inventario de bienes muebles e inmuebles.<\/span><\/h1>\n<table style=\"height: 100px;\" width=\"730\">\n<tbody>\n<tr style=\"height: 88px;\">\n<td style=\"width: 720px; height: 88px;\">&nbsp;<\/p>\n<p style=\"text-align: justify;\"><span style=\"font-size: 18pt; color: #808080; font-family: georgia, palatino, serif;\"><em>&#8220;La Secretar\u00eda Ejecutiva de la Instancia Coordinadora de la Modernizaci\u00f3n del Sector Justicia (SEICMSJ), <strong>NO<\/strong> posee bienes inmuebles registrados a su nombre. Informaci\u00f3n actualizada al a\u00f1o 2021.&#8221;<\/em><\/span><\/p>\n<\/td>\n<\/tr>\n<\/tbody>\n<\/table>\n<p>&nbsp;<\/p>\n<table>\n<tbody>\n<tr>\n<td style=\"width: 268px; text-align: center;\" colspan=\"2\"><span style=\"font-size: 14pt; font-family: 'arial black', sans-serif; color: #000080;\">Diciembre<\/span><\/td>\n<\/tr>\n<tr>\n<td style=\"text-align: center; width: 130.484px;\"><a href=\"..\/\/_2021_\/informacion publica\/diciembre\/NUMERAL 13\/BIENES MUEBLES.pdf\"><span style=\"font-size: 14pt; font-family: 'arial black', sans-serif; color: #000080;\"><img decoding=\"async\" class=\"aligncenter wp-image-3229\" src=\"https:\/\/seij.gob.gt\/udisep\/wp-content\/uploads\/2020\/02\/pdf_3.jpg\" alt=\"\" width=\"90\" height=\"98\" \/><\/span><\/a><\/td>\n<td style=\"text-align: center; width: 131.516px;\"><a href=\"..\/\/_2021_\/informacion publica\/diciembre\/NUMERAL 13\/BIENES MUEBLES.xls\"><span style=\"font-size: 14pt; font-family: 'arial black', sans-serif; color: #000080;\"><img decoding=\"async\" class=\"aligncenter wp-image-3226\" src=\"https:\/\/seij.gob.gt\/udisep\/wp-content\/uploads\/2020\/02\/excel_1.jpg\" alt=\"\" width=\"99\" height=\"102\" \/><\/span><\/a><\/td>\n<\/tr>\n<\/tbody>\n<\/table>\n<table>\n<tbody>\n<tr>\n<td style=\"width: 268px; text-align: center;\" colspan=\"2\"><span style=\"font-size: 14pt; font-family: 'arial black', sans-serif; color: #000080;\">Noviembre<\/span><\/td>\n<\/tr>\n<tr>\n<td style=\"text-align: center; width: 130.484px;\"><a href=\"..\/\/_2021_\/informacion publica\/noviembre\/NUMERAL 13\/acceso a la informacion P\u00fablica de mes de noviembre 2021.pdf\"><span style=\"font-size: 14pt; font-family: 'arial black', sans-serif; color: #000080;\"><img decoding=\"async\" class=\"aligncenter wp-image-3229\" src=\"https:\/\/seij.gob.gt\/udisep\/wp-content\/uploads\/2020\/02\/pdf_3.jpg\" alt=\"\" width=\"90\" height=\"98\" \/><\/span><\/a><\/td>\n<td style=\"text-align: center; width: 131.516px;\"><a href=\"..\/\/_2021_\/informacion publica\/noviembre\/NUMERAL 13\/acceso a la informacion P\u00fablica de mes de noviembre.xls\"><span style=\"font-size: 14pt; font-family: 'arial black', sans-serif; color: #000080;\"><img decoding=\"async\" class=\"aligncenter wp-image-3226\" src=\"https:\/\/seij.gob.gt\/udisep\/wp-content\/uploads\/2020\/02\/excel_1.jpg\" alt=\"\" width=\"99\" height=\"102\" \/><\/span><\/a><\/td>\n<\/tr>\n<\/tbody>\n<\/table>\n<table>\n<tbody>\n<tr>\n<td style=\"width: 268px; text-align: center;\" colspan=\"2\"><span style=\"font-size: 14pt; font-family: 'arial black', sans-serif; color: #000080;\">Octubre<\/span><\/td>\n<\/tr>\n<tr>\n<td style=\"text-align: center; width: 130.484px;\"><a href=\"..\/\/_2021_\/informacion publica\/octubre\/NUMERAL 13\/INVENTARIO DE BIENES MUEBLES.pdf\"><span style=\"font-size: 14pt; font-family: 'arial black', sans-serif; color: #000080;\"><img decoding=\"async\" class=\"aligncenter wp-image-3229\" src=\"https:\/\/seij.gob.gt\/udisep\/wp-content\/uploads\/2020\/02\/pdf_3.jpg\" alt=\"\" width=\"90\" height=\"98\" \/><\/span><\/a><\/td>\n<td style=\"text-align: center; width: 131.516px;\"><a href=\"..\/\/_2021_\/informacion publica\/octubre\/NUMERAL 13\/INVENTARIO DE BIENES MUEBLES.xls\"><span style=\"font-size: 14pt; font-family: 'arial black', sans-serif; color: #000080;\"><img decoding=\"async\" class=\"aligncenter wp-image-3226\" src=\"https:\/\/seij.gob.gt\/udisep\/wp-content\/uploads\/2020\/02\/excel_1.jpg\" alt=\"\" width=\"99\" height=\"102\" \/><\/span><\/a><\/td>\n<\/tr>\n<\/tbody>\n<\/table>\n<table>\n<tbody>\n<tr>\n<td style=\"width: 268px; text-align: center;\" colspan=\"2\"><span style=\"font-size: 14pt; font-family: 'arial black', sans-serif; color: #000080;\">Septiembre<\/span><\/td>\n<\/tr>\n<tr>\n<td style=\"text-align: center; width: 130.484px;\"><a href=\"..\/\/_2021_\/informacion publica\/septiembre\/NUMERAL 13\/INVENTARIO DE BIENES MUEBLES.pdf\"><span style=\"font-size: 14pt; font-family: 'arial black', sans-serif; color: #000080;\"><img decoding=\"async\" class=\"aligncenter wp-image-3229\" src=\"https:\/\/seij.gob.gt\/udisep\/wp-content\/uploads\/2020\/02\/pdf_3.jpg\" alt=\"\" width=\"90\" height=\"98\" \/><\/span><\/a><\/td>\n<td style=\"text-align: center; width: 131.516px;\"><a href=\"..\/\/_2021_\/informacion publica\/septiembre\/NUMERAL 13\/INVENTARIO DE BIENES MUEBLES.xls\"><span style=\"font-size: 14pt; font-family: 'arial black', sans-serif; color: #000080;\"><img decoding=\"async\" class=\"aligncenter wp-image-3226\" src=\"https:\/\/seij.gob.gt\/udisep\/wp-content\/uploads\/2020\/02\/excel_1.jpg\" alt=\"\" width=\"99\" height=\"102\" \/><\/span><\/a><\/td>\n<\/tr>\n<\/tbody>\n<\/table>\n<table>\n<tbody>\n<tr>\n<td style=\"width: 268px; text-align: center;\" colspan=\"2\"><span style=\"font-size: 14pt; font-family: 'arial black', sans-serif; color: #000080;\">Agosto<\/span><\/td>\n<\/tr>\n<tr>\n<td style=\"text-align: center; width: 130.484px;\"><a href=\"..\/\/_2021_\/informacion publica\/agosto\/NUMERAL 13\/INVENTARIO.pdf\"><span style=\"font-size: 14pt; font-family: 'arial black', sans-serif; color: #000080;\"><img decoding=\"async\" class=\"aligncenter wp-image-3229\" src=\"https:\/\/seij.gob.gt\/udisep\/wp-content\/uploads\/2020\/02\/pdf_3.jpg\" alt=\"\" width=\"90\" height=\"98\" \/><\/span><\/a><\/td>\n<td style=\"text-align: center; width: 131.516px;\"><a href=\"..\/\/_2021_\/informacion publica\/agosto\/NUMERAL 13\/INVENTARIO.xls\"><span style=\"font-size: 14pt; font-family: 'arial black', sans-serif; color: #000080;\"><img decoding=\"async\" class=\"aligncenter wp-image-3226\" src=\"https:\/\/seij.gob.gt\/udisep\/wp-content\/uploads\/2020\/02\/excel_1.jpg\" alt=\"\" width=\"99\" height=\"102\" \/><\/span><\/a><\/td>\n<\/tr>\n<\/tbody>\n<\/table>\n<table>\n<tbody>\n<tr>\n<td style=\"width: 268px; text-align: center;\" colspan=\"2\"><span style=\"font-size: 14pt; font-family: 'arial black', sans-serif; color: #000080;\">Julio<\/span><\/td>\n<\/tr>\n<tr>\n<td style=\"text-align: center; width: 130.484px;\"><a href=\"..\/\/_2021_\/informacion publica\/julio\/NUMERAL 13\/INVENTARIO DE BIENES.pdf\"><span style=\"font-size: 14pt; font-family: 'arial black', sans-serif; color: #000080;\"><img decoding=\"async\" class=\"aligncenter wp-image-3229\" src=\"https:\/\/seij.gob.gt\/udisep\/wp-content\/uploads\/2020\/02\/pdf_3.jpg\" alt=\"\" width=\"90\" height=\"98\" \/><\/span><\/a><\/td>\n<td style=\"text-align: center; width: 131.516px;\"><a href=\"..\/\/_2021_\/informacion publica\/julio\/NUMERAL 13\/INVENTARIOS DE BIENES.xls\"><span style=\"font-size: 14pt; font-family: 'arial black', sans-serif; color: #000080;\"><img decoding=\"async\" class=\"aligncenter wp-image-3226\" src=\"https:\/\/seij.gob.gt\/udisep\/wp-content\/uploads\/2020\/02\/excel_1.jpg\" alt=\"\" width=\"99\" height=\"102\" \/><\/span><\/a><\/td>\n<\/tr>\n<\/tbody>\n<\/table>\n<table>\n<tbody>\n<tr>\n<td style=\"width: 268px; text-align: center;\" colspan=\"2\"><span style=\"font-size: 14pt; font-family: 'arial black', sans-serif; color: #000080;\">Junio<\/span><\/td>\n<\/tr>\n<tr>\n<td style=\"text-align: center; width: 130.484px;\"><a href=\"..\/\/_2021_\/informacion publica\/junio\/NUMERAL 13\/INVENTARIO DE BIENES MUEBLES.pdf\"><span style=\"font-size: 14pt; font-family: 'arial black', sans-serif; color: #000080;\"><img decoding=\"async\" class=\"aligncenter wp-image-3229\" src=\"https:\/\/seij.gob.gt\/udisep\/wp-content\/uploads\/2020\/02\/pdf_3.jpg\" alt=\"\" width=\"90\" height=\"98\" \/><\/span><\/a><\/td>\n<td style=\"text-align: center; width: 131.516px;\"><a href=\"..\/\/_2021_\/informacion publica\/junio\/NUMERAL 13\/INVENTARIO DE BIENES MUEBLES.xls\"><span style=\"font-size: 14pt; font-family: 'arial black', sans-serif; color: #000080;\"><img decoding=\"async\" class=\"aligncenter wp-image-3226\" src=\"https:\/\/seij.gob.gt\/udisep\/wp-content\/uploads\/2020\/02\/excel_1.jpg\" alt=\"\" width=\"99\" height=\"102\" \/><\/span><\/a><\/td>\n<\/tr>\n<\/tbody>\n<\/table>\n<table style=\"height: 146px;\" width=\"278\">\n<tbody>\n<tr>\n<td style=\"width: 268px; text-align: center;\" colspan=\"2\"><span style=\"font-size: 14pt; font-family: 'arial black', sans-serif; color: #000080;\">Mayo<\/span><\/td>\n<\/tr>\n<tr>\n<td style=\"text-align: center; width: 130.484px;\"><a href=\"..\/\/_2021_\/informacion publica\/mayo\/NUMERAL 13\/INVENTARIO BIENES MUEBLES.pdf\"><span style=\"font-size: 14pt; font-family: 'arial black', sans-serif; color: #000080;\"><img decoding=\"async\" class=\"aligncenter wp-image-3229\" src=\"https:\/\/seij.gob.gt\/udisep\/wp-content\/uploads\/2020\/02\/pdf_3.jpg\" alt=\"\" width=\"90\" height=\"98\" \/><\/span><\/a><\/td>\n<td style=\"text-align: center; width: 131.516px;\"><a href=\"..\/\/_2021_\/informacion publica\/mayo\/NUMERAL 13\/INVENTARIO BIENES MUEBLES.xls\"><span style=\"font-size: 14pt; font-family: 'arial black', sans-serif; color: #000080;\"><img decoding=\"async\" class=\"aligncenter wp-image-3226\" src=\"https:\/\/seij.gob.gt\/udisep\/wp-content\/uploads\/2020\/02\/excel_1.jpg\" alt=\"\" width=\"99\" height=\"102\" \/><\/span><\/a><\/td>\n<\/tr>\n<\/tbody>\n<\/table>\n<table style=\"height: 64px; width: 275px;\" width=\"299\">\n<tbody>\n<tr>\n<td style=\"width: 265px; text-align: center;\" colspan=\"2\"><span style=\"font-size: 14pt; font-family: 'arial black', sans-serif; color: #000080;\">Abril<\/span><\/td>\n<\/tr>\n<tr>\n<td style=\"text-align: center; width: 129px;\"><a href=\"..\/\/_2021_\/informacion publica\/abril\/NUMERAL 13\/INVENTARIOS ABRIL.pdf\"><span style=\"font-size: 14pt; font-family: 'arial black', sans-serif; color: #000080;\"><img decoding=\"async\" class=\"aligncenter wp-image-3229\" src=\"https:\/\/seij.gob.gt\/udisep\/wp-content\/uploads\/2020\/02\/pdf_3.jpg\" alt=\"\" width=\"90\" height=\"98\" \/><\/span><\/a><\/td>\n<td style=\"text-align: center; width: 130px;\"><a href=\"..\/\/_2021_\/informacion publica\/abril\/NUMERAL 13\/INVENTARIOS ABRIL.xls\"><span style=\"font-size: 14pt; font-family: 'arial black', sans-serif; color: #000080;\"><img decoding=\"async\" class=\"aligncenter wp-image-3226\" src=\"https:\/\/seij.gob.gt\/udisep\/wp-content\/uploads\/2020\/02\/excel_1.jpg\" alt=\"\" width=\"99\" height=\"102\" \/><\/span><\/a><\/td>\n<\/tr>\n<tr>\n<td style=\"text-align: center; width: 265px;\" colspan=\"2\"><span style=\"font-size: 14pt; font-family: 'arial black', sans-serif; color: #000080;\">Marzo<\/span><\/td>\n<\/tr>\n<tr>\n<td style=\"text-align: center; width: 129px;\"><a href=\"..\/\/_2021_\/informacion publica\/marzo\/NUMERAL 13\/INVENTARIOS.pdf\"><span style=\"font-size: 14pt; font-family: 'arial black', sans-serif; color: #000080;\"><img decoding=\"async\" class=\"aligncenter wp-image-3229\" src=\"https:\/\/seij.gob.gt\/udisep\/wp-content\/uploads\/2020\/02\/pdf_3.jpg\" alt=\"\" width=\"90\" height=\"98\" \/><\/span><\/a><\/td>\n<td style=\"text-align: center; width: 130px;\"><a href=\"..\/\/_2021_\/informacion publica\/marzo\/NUMERAL 13\/INVENTARIOS.xls\"><span style=\"font-size: 14pt; font-family: 'arial black', sans-serif; color: #000080;\"><img decoding=\"async\" class=\"aligncenter wp-image-3226\" src=\"https:\/\/seij.gob.gt\/udisep\/wp-content\/uploads\/2020\/02\/excel_1.jpg\" alt=\"\" width=\"99\" height=\"102\" \/><\/span><\/a><\/td>\n<\/tr>\n<tr>\n<td style=\"text-align: center; width: 265px;\" colspan=\"2\"><span style=\"font-size: 14pt; font-family: 'arial black', sans-serif; color: #000080;\">Febrero<\/span><\/td>\n<\/tr>\n<tr>\n<td style=\"text-align: center; width: 129px;\"><a href=\"..\/\/_2021_\/informacion publica\/febrero\/NUMERAL 13\/NUM 13_FEB2021.pdf\"><span style=\"font-size: 14pt; font-family: 'arial black', sans-serif; color: #000080;\"><img decoding=\"async\" class=\"aligncenter wp-image-3229\" src=\"https:\/\/seij.gob.gt\/udisep\/wp-content\/uploads\/2020\/02\/pdf_3.jpg\" alt=\"\" width=\"90\" height=\"98\" \/><\/span><\/a><\/td>\n<td style=\"text-align: center; width: 130px;\"><a href=\"..\/\/_2021_\/informacion publica\/febrero\/NUMERAL 13\/NUM 13_FEB2021.xls\"><span style=\"font-size: 14pt; font-family: 'arial black', sans-serif; color: #000080;\"><img decoding=\"async\" class=\"aligncenter wp-image-3226\" src=\"https:\/\/seij.gob.gt\/udisep\/wp-content\/uploads\/2020\/02\/excel_1.jpg\" alt=\"\" width=\"99\" height=\"102\" \/><\/span><\/a><\/td>\n<\/tr>\n<tr>\n<td style=\"text-align: center; width: 265px;\" colspan=\"2\"><span style=\"font-size: 14pt; font-family: 'arial black', sans-serif; color: #000080;\">Enero<\/span><\/td>\n<\/tr>\n<tr>\n<td style=\"width: 129px;\"><a href=\"..\/\/_2021_\/informacion publica\/enero\/NUM13\/NUMERAL 13.pdf\"><img decoding=\"async\" class=\"aligncenter wp-image-3229\" src=\"https:\/\/seij.gob.gt\/udisep\/wp-content\/uploads\/2020\/02\/pdf_3.jpg\" alt=\"\" width=\"90\" height=\"98\" \/><\/a><\/td>\n<td style=\"width: 130px;\"><a href=\"..\/\/_2021_\/informacion publica\/enero\/NUM13\/NUMERAL 13.xls\"><img decoding=\"async\" class=\"aligncenter wp-image-3226\" src=\"https:\/\/seij.gob.gt\/udisep\/wp-content\/uploads\/2020\/02\/excel_1.jpg\" alt=\"\" width=\"99\" height=\"102\" \/><\/a><\/td>\n<\/tr>\n<\/tbody>\n<\/table>\n<p>&nbsp;<\/p>\n","protected":false},"excerpt":{"rendered":"<p>Informaci\u00f3n relacionada al inventario de bienes muebles e inmuebles. &nbsp; &#8220;La Secretar\u00eda Ejecutiva de la Instancia Coordinadora de la Modernizaci\u00f3n del Sector Justicia (SEICMSJ), NO posee bienes inmuebles registrados a su nombre. Informaci\u00f3n actualizada al a\u00f1o 2021.&#8221; &nbsp; Diciembre Noviembre Octubre Septiembre Agosto Julio Junio Mayo Abril Marzo Febrero Enero &nbsp;<\/p>\n","protected":false},"author":1,"featured_media":0,"parent":0,"menu_order":0,"comment_status":"closed","ping_status":"closed","template":"","meta":{"_et_pb_use_builder":"","_et_pb_old_content":"","_et_gb_content_width":"","footnotes":""},"class_list":["post-3751","page","type-page","status-publish","hentry"],"nelio_popups_active_popup":"","_links":{"self":[{"href":"https:\/\/seij.gob.gt\/udisep\/wp-json\/wp\/v2\/pages\/3751","targetHints":{"allow":["GET"]}}],"collection":[{"href":"https:\/\/seij.gob.gt\/udisep\/wp-json\/wp\/v2\/pages"}],"about":[{"href":"https:\/\/seij.gob.gt\/udisep\/wp-json\/wp\/v2\/types\/page"}],"author":[{"embeddable":true,"href":"https:\/\/seij.gob.gt\/udisep\/wp-json\/wp\/v2\/users\/1"}],"replies":[{"embeddable":true,"href":"https:\/\/seij.gob.gt\/udisep\/wp-json\/wp\/v2\/comments?post=3751"}],"version-history":[{"count":19,"href":"https:\/\/seij.gob.gt\/udisep\/wp-json\/wp\/v2\/pages\/3751\/revisions"}],"predecessor-version":[{"id":4327,"href":"https:\/\/seij.gob.gt\/udisep\/wp-json\/wp\/v2\/pages\/3751\/revisions\/4327"}],"wp:attachment":[{"href":"https:\/\/seij.gob.gt\/udisep\/wp-json\/wp\/v2\/media?parent=3751"}],"curies":[{"name":"wp","href":"https:\/\/api.w.org\/{rel}","templated":true}]}}