{"id":3755,"date":"2021-01-12T15:54:25","date_gmt":"2021-01-12T21:54:25","guid":{"rendered":"http:\/\/seij.gob.gt\/udisep\/?page_id=3755"},"modified":"2022-01-10T11:17:38","modified_gmt":"2022-01-10T17:17:38","slug":"numeral-19-ano-2021","status":"publish","type":"page","link":"https:\/\/seij.gob.gt\/udisep\/numeral-19-ano-2021\/","title":{"rendered":"Numeral 19 a\u00f1o 2021"},"content":{"rendered":"<h1 style=\"text-align: center;\"><span style=\"font-family: arial black, sans-serif; color: #000080;\">Contratos de arrendamientos<\/span><\/h1>\n<p>&nbsp;<\/p>\n<table>\n<tbody>\n<tr>\n<td style=\"width: 543px; text-align: center;\" colspan=\"3\"><span style=\"font-family: 'arial black', sans-serif; font-size: 18pt; color: #000080;\">Diciembre<\/span><\/td>\n<\/tr>\n<tr>\n<td style=\"width: 320px;\">&nbsp;<\/p>\n<p><span style=\"color: #000080; font-size: 14pt; font-family: arial, helvetica, sans-serif;\">Secretar\u00eda Ejecutiva de la ICMSJ<\/span><\/td>\n<td style=\"width: 107px;\"><a href=\"..\/\/_2021_\/informacion publica\/diciembre\/NUMERAL 19\/CONTRATOS DE ARRENDAMIENTO SEICMSJ.pdf\"><span style=\"font-family: 'arial black', sans-serif; font-size: 18pt; color: #000080;\"><img decoding=\"async\" class=\"aligncenter wp-image-3229\" src=\"https:\/\/seij.gob.gt\/udisep\/wp-content\/uploads\/2020\/02\/pdf_3.jpg\" alt=\"\" width=\"84\" height=\"92\" \/><\/span><\/a><\/td>\n<td style=\"width: 104px;\"><a href=\"..\/\/_2021_\/informacion publica\/diciembre\/NUMERAL 19\/CONTRATOS DE ARRENDAMIENTO SEICMSJ.xlsx\"><img decoding=\"async\" width=\"139\" height=\"144\" class=\"aligncenter size-full wp-image-3226\" src=\"https:\/\/seij.gob.gt\/udisep\/wp-content\/uploads\/2020\/02\/excel_1.jpg\" alt=\"\" \/><\/a><\/td>\n<\/tr>\n<tr>\n<td style=\"width: 320px;\">&nbsp;<\/p>\n<p><span style=\"font-family: 'arial black', sans-serif; font-size: 18pt; color: #000080;\"><span style=\"color: #000080; font-size: 14pt; font-family: arial, helvetica, sans-serif;\">Prevenci\u00f3n de la Violencia y el Delito<\/span><\/span><\/td>\n<td style=\"width: 107px;\"><a href=\"..\/\/_2021_\/informacion publica\/diciembre\/NUMERAL 19\/CONTRATOS DE ARRENDAMIENTO PREVI.pdf\"><span style=\"font-family: 'arial black', sans-serif; font-size: 18pt; color: #000080;\"><img decoding=\"async\" class=\"aligncenter wp-image-3229\" src=\"https:\/\/seij.gob.gt\/udisep\/wp-content\/uploads\/2020\/02\/pdf_3.jpg\" alt=\"\" width=\"84\" height=\"92\" \/><\/span><\/a><\/td>\n<td style=\"width: 104px;\"><a href=\"..\/\/_2021_\/informacion publica\/diciembre\/NUMERAL 19\/CONTRATOS DE ARRENDAMIENTO PREVI.xls\"><img decoding=\"async\" width=\"139\" height=\"144\" class=\"aligncenter size-full wp-image-3226\" src=\"https:\/\/seij.gob.gt\/udisep\/wp-content\/uploads\/2020\/02\/excel_1.jpg\" alt=\"\" \/><\/a><\/td>\n<\/tr>\n<\/tbody>\n<\/table>\n<table>\n<tbody>\n<tr>\n<td style=\"width: 543px; text-align: center;\" colspan=\"3\"><span style=\"font-family: 'arial black', sans-serif; font-size: 18pt; color: #000080;\">Noviembre<\/span><\/td>\n<\/tr>\n<tr>\n<td style=\"width: 320px;\">&nbsp;<\/p>\n<p><span style=\"color: #000080; font-size: 14pt; font-family: arial, helvetica, sans-serif;\">Secretar\u00eda Ejecutiva de la ICMSJ<\/span><\/td>\n<td style=\"width: 107px;\"><a href=\"..\/\/_2021_\/informacion publica\/noviembre\/NUMERAL 19\/CONTRATOS DE ARRENDAMIENTO SEICMSJ.pdf\"><span style=\"font-family: 'arial black', sans-serif; font-size: 18pt; color: #000080;\"><img decoding=\"async\" class=\"aligncenter wp-image-3229\" src=\"https:\/\/seij.gob.gt\/udisep\/wp-content\/uploads\/2020\/02\/pdf_3.jpg\" alt=\"\" width=\"84\" height=\"92\" \/><\/span><\/a><\/td>\n<td style=\"width: 104px;\"><a href=\"..\/\/_2021_\/informacion publica\/noviembre\/NUMERAL 19\/CONTRATOS DE ARRENDAMIENTO SEICMSJ.xlsx\"><img decoding=\"async\" width=\"139\" height=\"144\" class=\"aligncenter size-full wp-image-3226\" src=\"https:\/\/seij.gob.gt\/udisep\/wp-content\/uploads\/2020\/02\/excel_1.jpg\" alt=\"\" \/><\/a><\/td>\n<\/tr>\n<tr>\n<td style=\"width: 320px;\">&nbsp;<\/p>\n<p><span style=\"font-family: 'arial black', sans-serif; font-size: 18pt; color: #000080;\"><span style=\"color: #000080; font-size: 14pt; font-family: arial, helvetica, sans-serif;\">Prevenci\u00f3n de la Violencia y el Delito<\/span><\/span><\/td>\n<td style=\"width: 107px;\"><a href=\"..\/\/_2021_\/informacion publica\/noviembre\/NUMERAL 19\/COANTRATOS DE ARRENDAMIENTO PREVI.pdf\"><span style=\"font-family: 'arial black', sans-serif; font-size: 18pt; color: #000080;\"><img decoding=\"async\" class=\"aligncenter wp-image-3229\" src=\"https:\/\/seij.gob.gt\/udisep\/wp-content\/uploads\/2020\/02\/pdf_3.jpg\" alt=\"\" width=\"84\" height=\"92\" \/><\/span><\/a><\/td>\n<td style=\"width: 104px;\"><a href=\"..\/\/_2021_\/informacion publica\/noviembre\/NUMERAL 19\/COANTRATOS DE ARRENDAMIENTO PREVI.xls\"><img decoding=\"async\" width=\"139\" height=\"144\" class=\"aligncenter size-full wp-image-3226\" src=\"https:\/\/seij.gob.gt\/udisep\/wp-content\/uploads\/2020\/02\/excel_1.jpg\" alt=\"\" \/><\/a><\/td>\n<\/tr>\n<\/tbody>\n<\/table>\n<table>\n<tbody>\n<tr>\n<td style=\"width: 543px; text-align: center;\" colspan=\"3\"><span style=\"font-family: 'arial black', sans-serif; font-size: 18pt; color: #000080;\">Octubre<\/span><\/td>\n<\/tr>\n<tr>\n<td style=\"width: 320px;\">&nbsp;<\/p>\n<p><span style=\"color: #000080; font-size: 14pt; font-family: arial, helvetica, sans-serif;\">Secretar\u00eda Ejecutiva de la ICMSJ<\/span><\/td>\n<td style=\"width: 107px;\"><a href=\"..\/\/_2021_\/informacion publica\/octubre\/NUMERAL 19\/CONTRATO DE ARRENDAMIENTO DE BIENES SEICMSJ.pdf\"><span style=\"font-family: 'arial black', sans-serif; font-size: 18pt; color: #000080;\"><img decoding=\"async\" class=\"aligncenter wp-image-3229\" src=\"https:\/\/seij.gob.gt\/udisep\/wp-content\/uploads\/2020\/02\/pdf_3.jpg\" alt=\"\" width=\"84\" height=\"92\" \/><\/span><\/a><\/td>\n<td style=\"width: 104px;\"><a href=\"..\/\/_2021_\/informacion publica\/octubre\/NUMERAL 19\/CONTRATO DE ARRENDAMIENTO DE BIENES SEICMSJ.xlsx\"><img decoding=\"async\" width=\"139\" height=\"144\" class=\"aligncenter size-full wp-image-3226\" src=\"https:\/\/seij.gob.gt\/udisep\/wp-content\/uploads\/2020\/02\/excel_1.jpg\" alt=\"\" \/><\/a><\/td>\n<\/tr>\n<tr>\n<td style=\"width: 320px;\">&nbsp;<\/p>\n<p><span style=\"font-family: 'arial black', sans-serif; font-size: 18pt; color: #000080;\"><span style=\"color: #000080; font-size: 14pt; font-family: arial, helvetica, sans-serif;\">Prevenci\u00f3n de la Violencia y el Delito<\/span><\/span><\/td>\n<td style=\"width: 107px;\"><a href=\"..\/\/_2021_\/informacion publica\/octubre\/NUMERAL 19\/CONTRATOS DE ARRENDAMIENTO PREVI.pdf\"><span style=\"font-family: 'arial black', sans-serif; font-size: 18pt; color: #000080;\"><img decoding=\"async\" class=\"aligncenter wp-image-3229\" src=\"https:\/\/seij.gob.gt\/udisep\/wp-content\/uploads\/2020\/02\/pdf_3.jpg\" alt=\"\" width=\"84\" height=\"92\" \/><\/span><\/a><\/td>\n<td style=\"width: 104px;\"><a href=\"..\/\/_2021_\/informacion publica\/octubre\/NUMERAL 19\/CONTRATOS DE ARRENDAMIENTO PREVI.xls\"><img decoding=\"async\" width=\"139\" height=\"144\" class=\"aligncenter size-full wp-image-3226\" src=\"https:\/\/seij.gob.gt\/udisep\/wp-content\/uploads\/2020\/02\/excel_1.jpg\" alt=\"\" \/><\/a><\/td>\n<\/tr>\n<\/tbody>\n<\/table>\n<table>\n<tbody>\n<tr>\n<td style=\"width: 543px; text-align: center;\" colspan=\"3\"><span style=\"font-family: 'arial black', sans-serif; font-size: 18pt; color: #000080;\">Septiembre<\/span><\/td>\n<\/tr>\n<tr>\n<td style=\"width: 320px;\">&nbsp;<\/p>\n<p><span style=\"color: #000080; font-size: 14pt; font-family: arial, helvetica, sans-serif;\">Secretar\u00eda Ejecutiva de la ICMSJ<\/span><\/td>\n<td style=\"width: 107px;\"><a href=\"..\/\/_2021_\/informacion publica\/septiembre\/NUMERAL 19\/CONTRATOS POR ARRENDAMIENTO SEICMSJ.pdf\"><span style=\"font-family: 'arial black', sans-serif; font-size: 18pt; color: #000080;\"><img decoding=\"async\" class=\"aligncenter wp-image-3229\" src=\"https:\/\/seij.gob.gt\/udisep\/wp-content\/uploads\/2020\/02\/pdf_3.jpg\" alt=\"\" width=\"84\" height=\"92\" \/><\/span><\/a><\/td>\n<td style=\"width: 104px;\"><a href=\"..\/\/_2021_\/informacion publica\/septiembre\/NUMERAL 19\/CONTRATOS POR ARRENDAMIENTO SEICMSJ.xlsx\"><img decoding=\"async\" width=\"139\" height=\"144\" class=\"aligncenter size-full wp-image-3226\" src=\"https:\/\/seij.gob.gt\/udisep\/wp-content\/uploads\/2020\/02\/excel_1.jpg\" alt=\"\" \/><\/a><\/td>\n<\/tr>\n<tr>\n<td style=\"width: 320px;\">&nbsp;<\/p>\n<p><span style=\"font-family: 'arial black', sans-serif; font-size: 18pt; color: #000080;\"><span style=\"color: #000080; font-size: 14pt; font-family: arial, helvetica, sans-serif;\">Prevenci\u00f3n de la Violencia y el Delito<\/span><\/span><\/td>\n<td style=\"width: 107px;\"><a href=\"..\/\/_2021_\/informacion publica\/septiembre\/NUMERAL 19\/CONTRATOS POR ARRENDAMIENTO PREVI.pdf\"><span style=\"font-family: 'arial black', sans-serif; font-size: 18pt; color: #000080;\"><img decoding=\"async\" class=\"aligncenter wp-image-3229\" src=\"https:\/\/seij.gob.gt\/udisep\/wp-content\/uploads\/2020\/02\/pdf_3.jpg\" alt=\"\" width=\"84\" height=\"92\" \/><\/span><\/a><\/td>\n<td style=\"width: 104px;\"><a href=\"..\/\/_2021_\/informacion publica\/septiembre\/NUMERAL 19\/CONTRATOS POR ARRENDAMIENTO PREVI.xls\"><img decoding=\"async\" width=\"139\" height=\"144\" class=\"aligncenter size-full wp-image-3226\" src=\"https:\/\/seij.gob.gt\/udisep\/wp-content\/uploads\/2020\/02\/excel_1.jpg\" alt=\"\" \/><\/a><\/td>\n<\/tr>\n<\/tbody>\n<\/table>\n<table>\n<tbody>\n<tr>\n<td style=\"width: 543px; text-align: center;\" colspan=\"3\"><span style=\"font-family: 'arial black', sans-serif; font-size: 18pt; color: #000080;\">Agosto<\/span><\/td>\n<\/tr>\n<tr>\n<td style=\"width: 320px;\">&nbsp;<\/p>\n<p><span style=\"color: #000080; font-size: 14pt; font-family: arial, helvetica, sans-serif;\">Secretar\u00eda Ejecutiva de la ICMSJ<\/span><\/td>\n<td style=\"width: 107px;\"><a href=\"..\/\/_2021_\/informacion publica\/agosto\/NUMERAL 19\/CONTRATOS DE ARRENDAMIENTO SEICMSJ.pdf\"><span style=\"font-family: 'arial black', sans-serif; font-size: 18pt; color: #000080;\"><img decoding=\"async\" class=\"aligncenter wp-image-3229\" src=\"https:\/\/seij.gob.gt\/udisep\/wp-content\/uploads\/2020\/02\/pdf_3.jpg\" alt=\"\" width=\"84\" height=\"92\" \/><\/span><\/a><\/td>\n<td style=\"width: 104px;\"><a href=\"..\/\/_2021_\/informacion publica\/agosto\/NUMERAL 19\/CONTRATOS DE ARRENDAMIENTO SEICMSJ.xlsx\"><img decoding=\"async\" width=\"139\" height=\"144\" class=\"aligncenter size-full wp-image-3226\" src=\"https:\/\/seij.gob.gt\/udisep\/wp-content\/uploads\/2020\/02\/excel_1.jpg\" alt=\"\" \/><\/a><\/td>\n<\/tr>\n<tr>\n<td style=\"width: 320px;\">&nbsp;<\/p>\n<p><span style=\"font-family: 'arial black', sans-serif; font-size: 18pt; color: #000080;\"><span style=\"color: #000080; font-size: 14pt; font-family: arial, helvetica, sans-serif;\">Prevenci\u00f3n de la Violencia y el Delito<\/span><\/span><\/td>\n<td style=\"width: 107px;\"><a href=\"..\/\/_2021_\/informacion publica\/agosto\/NUMERAL 19\/CONTRATOS DE ARRENDAMIENTO PREVI.pdf\"><span style=\"font-family: 'arial black', sans-serif; font-size: 18pt; color: #000080;\"><img decoding=\"async\" class=\"aligncenter wp-image-3229\" src=\"https:\/\/seij.gob.gt\/udisep\/wp-content\/uploads\/2020\/02\/pdf_3.jpg\" alt=\"\" width=\"84\" height=\"92\" \/><\/span><\/a><\/td>\n<td style=\"width: 104px;\"><a href=\"..\/\/_2021_\/informacion publica\/agosto\/NUMERAL 19\/CONTRATOS DE ARRENDAMIENTO PREVI.xls\"><img decoding=\"async\" width=\"139\" height=\"144\" class=\"aligncenter size-full wp-image-3226\" src=\"https:\/\/seij.gob.gt\/udisep\/wp-content\/uploads\/2020\/02\/excel_1.jpg\" alt=\"\" \/><\/a><\/td>\n<\/tr>\n<\/tbody>\n<\/table>\n<table>\n<tbody>\n<tr>\n<td style=\"width: 543px; text-align: center;\" colspan=\"3\"><span style=\"font-family: 'arial black', sans-serif; font-size: 18pt; color: #000080;\">Julio<\/span><\/td>\n<\/tr>\n<tr>\n<td style=\"width: 320px;\">&nbsp;<\/p>\n<p><span style=\"color: #000080; font-size: 14pt; font-family: arial, helvetica, sans-serif;\">Secretar\u00eda Ejecutiva de la ICMSJ<\/span><\/td>\n<td style=\"width: 107px;\"><a href=\"..\/\/_2021_\/informacion publica\/julio\/NUMERAL 19\/CONTRATOS DE ARRENDAMIENTO SEICMSJ.pdf\"><span style=\"font-family: 'arial black', sans-serif; font-size: 18pt; color: #000080;\"><img decoding=\"async\" class=\"aligncenter wp-image-3229\" src=\"https:\/\/seij.gob.gt\/udisep\/wp-content\/uploads\/2020\/02\/pdf_3.jpg\" alt=\"\" width=\"84\" height=\"92\" \/><\/span><\/a><\/td>\n<td style=\"width: 104px;\"><a href=\"..\/\/_2021_\/informacion publica\/julio\/NUMERAL 19\/CONTRATOS DE ARRENDAMIENTO SEICMSJ.xlsx\"><img decoding=\"async\" width=\"139\" height=\"144\" class=\"aligncenter size-full wp-image-3226\" src=\"https:\/\/seij.gob.gt\/udisep\/wp-content\/uploads\/2020\/02\/excel_1.jpg\" alt=\"\" \/><\/a><\/td>\n<\/tr>\n<tr>\n<td style=\"width: 320px;\">&nbsp;<\/p>\n<p><span style=\"font-family: 'arial black', sans-serif; font-size: 18pt; color: #000080;\"><span style=\"color: #000080; font-size: 14pt; font-family: arial, helvetica, sans-serif;\">Prevenci\u00f3n de la Violencia y el Delito<\/span><\/span><\/td>\n<td style=\"width: 107px;\"><a href=\"..\/\/_2021_\/informacion publica\/julio\/NUMERAL 19\/CONTRATOS DE ARRENDAMIENTO PREVI.pdf\"><span style=\"font-family: 'arial black', sans-serif; font-size: 18pt; color: #000080;\"><img decoding=\"async\" class=\"aligncenter wp-image-3229\" src=\"https:\/\/seij.gob.gt\/udisep\/wp-content\/uploads\/2020\/02\/pdf_3.jpg\" alt=\"\" width=\"84\" height=\"92\" \/><\/span><\/a><\/td>\n<td style=\"width: 104px;\"><a href=\"..\/\/_2021_\/informacion publica\/julio\/NUMERAL 19\/CONTRATOS DE ARRENDAMIENTO PREVI.xls\"><img decoding=\"async\" width=\"139\" height=\"144\" class=\"aligncenter size-full wp-image-3226\" src=\"https:\/\/seij.gob.gt\/udisep\/wp-content\/uploads\/2020\/02\/excel_1.jpg\" alt=\"\" \/><\/a><\/td>\n<\/tr>\n<\/tbody>\n<\/table>\n<table>\n<tbody>\n<tr>\n<td style=\"width: 543px; text-align: center;\" colspan=\"3\"><span style=\"font-family: 'arial black', sans-serif; font-size: 18pt; color: #000080;\">Junio<\/span><\/td>\n<\/tr>\n<tr>\n<td style=\"width: 320px;\">&nbsp;<\/p>\n<p><span style=\"color: #000080; font-size: 14pt; font-family: arial, helvetica, sans-serif;\">Secretar\u00eda Ejecutiva de la ICMSJ<\/span><\/td>\n<td style=\"width: 107px;\"><a href=\"..\/\/_2021_\/informacion publica\/junio\/NUMERAL 19\/CONTRATOS DE ARRENDAMIENTO SEICMSJ.pdf\"><span style=\"font-family: 'arial black', sans-serif; font-size: 18pt; color: #000080;\"><img decoding=\"async\" class=\"aligncenter wp-image-3229\" src=\"https:\/\/seij.gob.gt\/udisep\/wp-content\/uploads\/2020\/02\/pdf_3.jpg\" alt=\"\" width=\"84\" height=\"92\" \/><\/span><\/a><\/td>\n<td style=\"width: 104px;\"><a href=\"..\/\/_2021_\/informacion publica\/junio\/NUMERAL 19\/CONTRATOS DE ARRENDAMIENTO SEICMSJ.xlsx\"><img decoding=\"async\" width=\"139\" height=\"144\" class=\"aligncenter size-full wp-image-3226\" src=\"https:\/\/seij.gob.gt\/udisep\/wp-content\/uploads\/2020\/02\/excel_1.jpg\" alt=\"\" \/><\/a><\/td>\n<\/tr>\n<tr>\n<td style=\"width: 320px;\">&nbsp;<\/p>\n<p><span style=\"font-family: 'arial black', sans-serif; font-size: 18pt; color: #000080;\"><span style=\"color: #000080; font-size: 14pt; font-family: arial, helvetica, sans-serif;\">Prevenci\u00f3n de la Violencia y el Delito<\/span><\/span><\/td>\n<td style=\"width: 107px;\"><a href=\"..\/\/_2021_\/informacion publica\/junio\/NUMERAL 19\/CONTRATOS DE ARRENDAMIENTOS PREVI.pdf\"><span style=\"font-family: 'arial black', sans-serif; font-size: 18pt; color: #000080;\"><img decoding=\"async\" class=\"aligncenter wp-image-3229\" src=\"https:\/\/seij.gob.gt\/udisep\/wp-content\/uploads\/2020\/02\/pdf_3.jpg\" alt=\"\" width=\"84\" height=\"92\" \/><\/span><\/a><\/td>\n<td style=\"width: 104px;\"><a href=\"..\/\/_2021_\/informacion publica\/junio\/NUMERAL 19\/CONTRATOS DE ARRENDAMIENTOS PREVI.xls\"><img decoding=\"async\" width=\"139\" height=\"144\" class=\"aligncenter size-full wp-image-3226\" src=\"https:\/\/seij.gob.gt\/udisep\/wp-content\/uploads\/2020\/02\/excel_1.jpg\" alt=\"\" \/><\/a><\/td>\n<\/tr>\n<\/tbody>\n<\/table>\n<table>\n<tbody>\n<tr>\n<td style=\"width: 543px; text-align: center;\" colspan=\"3\"><span style=\"font-family: 'arial black', sans-serif; font-size: 18pt; color: #000080;\">Mayo<\/span><\/td>\n<\/tr>\n<tr>\n<td style=\"width: 320px;\">&nbsp;<\/p>\n<p><span style=\"color: #000080; font-size: 14pt; font-family: arial, helvetica, sans-serif;\">Secretar\u00eda Ejecutiva de la ICMSJ<\/span><\/td>\n<td style=\"width: 107px;\"><a href=\"..\/\/_2021_\/informacion publica\/mayo\/NUMERAL 19\/CONTRATOS DE ARRENDAMIENTO SEICMSJ.pdf\"><span style=\"font-family: 'arial black', sans-serif; font-size: 18pt; color: #000080;\"><img decoding=\"async\" class=\"aligncenter wp-image-3229\" src=\"https:\/\/seij.gob.gt\/udisep\/wp-content\/uploads\/2020\/02\/pdf_3.jpg\" alt=\"\" width=\"84\" height=\"92\" \/><\/span><\/a><\/td>\n<td style=\"width: 104px;\"><a href=\"..\/\/_2021_\/informacion publica\/mayo\/NUMERAL 19\/CONTRATOS DE ARRENDAMIENTO SEICMSJ.xlsx\"><img decoding=\"async\" width=\"139\" height=\"144\" class=\"aligncenter size-full wp-image-3226\" src=\"https:\/\/seij.gob.gt\/udisep\/wp-content\/uploads\/2020\/02\/excel_1.jpg\" alt=\"\" \/><\/a><\/td>\n<\/tr>\n<tr>\n<td style=\"width: 320px;\">&nbsp;<\/p>\n<p><span style=\"font-family: 'arial black', sans-serif; font-size: 18pt; color: #000080;\"><span style=\"color: #000080; font-size: 14pt; font-family: arial, helvetica, sans-serif;\">Prevenci\u00f3n de la Violencia y el Delito<\/span><\/span><\/td>\n<td style=\"width: 107px;\"><a href=\"..\/\/_2021_\/informacion publica\/mayo\/NUMERAL 19\/CONTRATOS DE ARRENDAMIENTO PREVI.pdf\"><span style=\"font-family: 'arial black', sans-serif; font-size: 18pt; color: #000080;\"><img decoding=\"async\" class=\"aligncenter wp-image-3229\" src=\"https:\/\/seij.gob.gt\/udisep\/wp-content\/uploads\/2020\/02\/pdf_3.jpg\" alt=\"\" width=\"84\" height=\"92\" \/><\/span><\/a><\/td>\n<td style=\"width: 104px;\"><a href=\"..\/\/_2021_\/informacion publica\/mayo\/NUMERAL 19\/CONTRATOS DE ARRENDAMIENTO PREVI.xls\"><img decoding=\"async\" width=\"139\" height=\"144\" class=\"aligncenter size-full wp-image-3226\" src=\"https:\/\/seij.gob.gt\/udisep\/wp-content\/uploads\/2020\/02\/excel_1.jpg\" alt=\"\" \/><\/a><\/td>\n<\/tr>\n<\/tbody>\n<\/table>\n<table>\n<tbody>\n<tr>\n<td style=\"width: 543px; text-align: center;\" colspan=\"3\"><span style=\"font-family: 'arial black', sans-serif; font-size: 18pt; color: #000080;\">Abril<\/span><\/td>\n<\/tr>\n<tr>\n<td style=\"width: 320px;\">&nbsp;<\/p>\n<p><span style=\"color: #000080; font-size: 14pt; font-family: arial, helvetica, sans-serif;\">Secretar\u00eda Ejecutiva de la ICMSJ<\/span><\/td>\n<td style=\"width: 107px;\"><a href=\"..\/\/_2021_\/informacion publica\/abril\/NUMERAL 19\/CONTRATOS DE ARRENDAMIENTO SEICMSJ.pdf\"><span style=\"font-family: 'arial black', sans-serif; font-size: 18pt; color: #000080;\"><img decoding=\"async\" class=\"aligncenter wp-image-3229\" src=\"https:\/\/seij.gob.gt\/udisep\/wp-content\/uploads\/2020\/02\/pdf_3.jpg\" alt=\"\" width=\"84\" height=\"92\" \/><\/span><\/a><\/td>\n<td style=\"width: 104px;\"><a href=\"..\/\/_2021_\/informacion publica\/abril\/NUMERAL 19\/CONTRATOS DE ARRENDAMIENTO SEICMSJ.xlsx\"><img decoding=\"async\" width=\"139\" height=\"144\" class=\"aligncenter size-full wp-image-3226\" src=\"https:\/\/seij.gob.gt\/udisep\/wp-content\/uploads\/2020\/02\/excel_1.jpg\" alt=\"\" \/><\/a><\/td>\n<\/tr>\n<tr>\n<td style=\"width: 320px;\">&nbsp;<\/p>\n<p><span style=\"font-family: 'arial black', sans-serif; font-size: 18pt; color: #000080;\"><span style=\"color: #000080; font-size: 14pt; font-family: arial, helvetica, sans-serif;\">Prevenci\u00f3n de la Violencia y el Delito<\/span><\/span><\/td>\n<td style=\"width: 107px;\"><a href=\"..\/\/_2021_\/informacion publica\/abril\/NUMERAL 19\/CONTRATOS DE ARRENDAMIENTO PREVI.pdf\"><span style=\"font-family: 'arial black', sans-serif; font-size: 18pt; color: #000080;\"><img decoding=\"async\" class=\"aligncenter wp-image-3229\" src=\"https:\/\/seij.gob.gt\/udisep\/wp-content\/uploads\/2020\/02\/pdf_3.jpg\" alt=\"\" width=\"84\" height=\"92\" \/><\/span><\/a><\/td>\n<td style=\"width: 104px;\"><a href=\"..\/\/_2021_\/informacion publica\/abril\/NUMERAL 19\/CONTRATOS DE ARRENDAMIENTO PREVI.xls\"><img decoding=\"async\" width=\"139\" height=\"144\" class=\"aligncenter size-full wp-image-3226\" src=\"https:\/\/seij.gob.gt\/udisep\/wp-content\/uploads\/2020\/02\/excel_1.jpg\" alt=\"\" \/><\/a><\/td>\n<\/tr>\n<\/tbody>\n<\/table>\n<table style=\"height: 270px; width: 553px;\" width=\"524\">\n<tbody>\n<tr>\n<td style=\"width: 543px; text-align: center;\" colspan=\"3\"><span style=\"font-family: 'arial black', sans-serif; font-size: 18pt; color: #000080;\">Marzo<\/span><\/td>\n<\/tr>\n<tr>\n<td style=\"width: 320px;\">&nbsp;<\/p>\n<p><span style=\"color: #000080; font-size: 14pt; font-family: arial, helvetica, sans-serif;\">Secretar\u00eda Ejecutiva de la ICMSJ<\/span><\/td>\n<td style=\"width: 107px;\"><a href=\"..\/\/_2021_\/informacion publica\/marzo\/NUMERAL 19\/CONTRATOS DE ARRENDAMIENTO SEICMSJ.pdf\"><span style=\"font-family: 'arial black', sans-serif; font-size: 18pt; color: #000080;\"><img decoding=\"async\" class=\"aligncenter wp-image-3229\" src=\"https:\/\/seij.gob.gt\/udisep\/wp-content\/uploads\/2020\/02\/pdf_3.jpg\" alt=\"\" width=\"84\" height=\"92\" \/><\/span><\/a><\/td>\n<td style=\"width: 104px;\"><a href=\"..\/\/_2021_\/informacion publica\/marzo\/NUMERAL 19\/CONTRATOS DE ARRENDAMIENTO SEICMSJ.xlsx\"><img decoding=\"async\" width=\"139\" height=\"144\" class=\"aligncenter size-full wp-image-3226\" src=\"https:\/\/seij.gob.gt\/udisep\/wp-content\/uploads\/2020\/02\/excel_1.jpg\" alt=\"\" \/><\/a><\/td>\n<\/tr>\n<tr>\n<td style=\"width: 320px;\">&nbsp;<\/p>\n<p><span style=\"font-family: 'arial black', sans-serif; font-size: 18pt; color: #000080;\"><span style=\"color: #000080; font-size: 14pt; font-family: arial, helvetica, sans-serif;\">Prevenci\u00f3n de la Violencia y el Delito<\/span><\/span><\/td>\n<td style=\"width: 107px;\"><a href=\"..\/\/_2021_\/informacion publica\/marzo\/NUMERAL 19\/CONTRATOS DE ARRNDAMIENTO PREVI.pdf\"><span style=\"font-family: 'arial black', sans-serif; font-size: 18pt; color: #000080;\"><img decoding=\"async\" class=\"aligncenter wp-image-3229\" src=\"https:\/\/seij.gob.gt\/udisep\/wp-content\/uploads\/2020\/02\/pdf_3.jpg\" alt=\"\" width=\"84\" height=\"92\" \/><\/span><\/a><\/td>\n<td style=\"width: 104px;\"><a href=\"..\/\/_2021_\/informacion publica\/marzo\/NUMERAL 19\/CONTRATOS DE ARRNDAMIENTO PREVI.xls\"><img decoding=\"async\" width=\"139\" height=\"144\" class=\"aligncenter size-full wp-image-3226\" src=\"https:\/\/seij.gob.gt\/udisep\/wp-content\/uploads\/2020\/02\/excel_1.jpg\" alt=\"\" \/><\/a><\/td>\n<\/tr>\n<\/tbody>\n<\/table>\n<table style=\"height: 97px; width: 439px;\" width=\"543\">\n<tbody>\n<tr>\n<td style=\"width: 429px; text-align: center;\" colspan=\"2\"><span style=\"font-family: 'arial black', sans-serif; font-size: 18pt; color: #000080;\">Febrero<\/span><\/td>\n<\/tr>\n<tr>\n<td style=\"text-align: center; width: 311px;\"><span style=\"font-family: 'arial black', sans-serif; font-size: 18pt; color: #000080;\">\u00a0<\/span><\/p>\n<p style=\"text-align: left;\"><span style=\"color: #000080; font-size: 14pt; font-family: arial, helvetica, sans-serif;\">Secretar\u00eda Ejecutiva de la ICMSJ<\/span><\/p>\n<\/td>\n<td style=\"text-align: center; width: 112px;\"><a href=\"..\/\/_2021_\/informacion publica\/febrero\/NUMERAL 19\/seij_feb_2021.pdf\"><span style=\"font-family: 'arial black', sans-serif; font-size: 18pt; color: #000080;\"><img decoding=\"async\" class=\"aligncenter wp-image-3229\" src=\"https:\/\/seij.gob.gt\/udisep\/wp-content\/uploads\/2020\/02\/pdf_3.jpg\" alt=\"\" width=\"84\" height=\"92\" \/><\/span><\/a><\/td>\n<\/tr>\n<tr>\n<td style=\"width: 311px; text-align: left;\">&nbsp;<\/p>\n<p><span style=\"font-family: 'arial black', sans-serif; font-size: 18pt; color: #000080;\"><span style=\"color: #000080; font-size: 14pt; font-family: arial, helvetica, sans-serif;\">Prevenci\u00f3n de la Violencia y el Delito<\/span><\/span><\/td>\n<td style=\"text-align: center; width: 112px;\"><a href=\"..\/\/_2021_\/informacion publica\/febrero\/NUMERAL 19\/PREVI_FEB2021.pdf\"><span style=\"font-family: 'arial black', sans-serif; font-size: 18pt; color: #000080;\"><img decoding=\"async\" class=\"aligncenter wp-image-3229\" src=\"https:\/\/seij.gob.gt\/udisep\/wp-content\/uploads\/2020\/02\/pdf_3.jpg\" alt=\"\" width=\"84\" height=\"92\" \/><\/span><\/a><\/td>\n<\/tr>\n<tr>\n<td style=\"text-align: center; width: 429px;\" colspan=\"2\"><span style=\"font-family: 'arial black', sans-serif; font-size: 18pt; color: #000080;\">Enero<\/span><\/td>\n<\/tr>\n<tr>\n<td style=\"width: 311px;\">&nbsp;<\/p>\n<p><span style=\"color: #000080; font-size: 14pt; font-family: arial, helvetica, sans-serif;\">Secretar\u00eda Ejecutiva de la ICMSJ<\/span><\/td>\n<td style=\"width: 112px;\"><a href=\"..\/\/_2021_\/informacion publica\/enero\/NUM19\/NUMERAL 19.pdf\"><img decoding=\"async\" class=\"aligncenter wp-image-3229\" src=\"https:\/\/seij.gob.gt\/udisep\/wp-content\/uploads\/2020\/02\/pdf_3.jpg\" alt=\"\" width=\"84\" height=\"92\" \/><\/a><\/td>\n<\/tr>\n<tr>\n<td style=\"width: 311px;\">&nbsp;<\/p>\n<p><span style=\"color: #000080; font-size: 14pt; font-family: arial, helvetica, sans-serif;\">Prevenci\u00f3n de la Violencia y el Delito<\/span><\/td>\n<td style=\"width: 112px;\"><a href=\"..\/\/_2021_\/informacion publica\/enero\/NUM19\/NUMERAL 19 PREVI.pdf\"><img decoding=\"async\" class=\"aligncenter wp-image-3229\" src=\"https:\/\/seij.gob.gt\/udisep\/wp-content\/uploads\/2020\/02\/pdf_3.jpg\" alt=\"\" width=\"84\" height=\"92\" \/><\/a><\/td>\n<\/tr>\n<\/tbody>\n<\/table>\n<p>&nbsp;<\/p>\n<p>&nbsp;<\/p>\n","protected":false},"excerpt":{"rendered":"<p>Contratos de arrendamientos &nbsp; Diciembre &nbsp; Secretar\u00eda Ejecutiva de la ICMSJ &nbsp; Prevenci\u00f3n de la Violencia y el Delito Noviembre &nbsp; Secretar\u00eda Ejecutiva de la ICMSJ &nbsp; Prevenci\u00f3n de la Violencia y el Delito Octubre &nbsp; Secretar\u00eda Ejecutiva de la ICMSJ &nbsp; Prevenci\u00f3n de la Violencia y el Delito Septiembre &nbsp; Secretar\u00eda Ejecutiva de la [&hellip;]<\/p>\n","protected":false},"author":1,"featured_media":0,"parent":0,"menu_order":0,"comment_status":"closed","ping_status":"closed","template":"","meta":{"_et_pb_use_builder":"","_et_pb_old_content":"","_et_gb_content_width":"","footnotes":""},"class_list":["post-3755","page","type-page","status-publish","hentry"],"nelio_popups_active_popup":"","_links":{"self":[{"href":"https:\/\/seij.gob.gt\/udisep\/wp-json\/wp\/v2\/pages\/3755","targetHints":{"allow":["GET"]}}],"collection":[{"href":"https:\/\/seij.gob.gt\/udisep\/wp-json\/wp\/v2\/pages"}],"about":[{"href":"https:\/\/seij.gob.gt\/udisep\/wp-json\/wp\/v2\/types\/page"}],"author":[{"embeddable":true,"href":"https:\/\/seij.gob.gt\/udisep\/wp-json\/wp\/v2\/users\/1"}],"replies":[{"embeddable":true,"href":"https:\/\/seij.gob.gt\/udisep\/wp-json\/wp\/v2\/comments?post=3755"}],"version-history":[{"count":17,"href":"https:\/\/seij.gob.gt\/udisep\/wp-json\/wp\/v2\/pages\/3755\/revisions"}],"predecessor-version":[{"id":4185,"href":"https:\/\/seij.gob.gt\/udisep\/wp-json\/wp\/v2\/pages\/3755\/revisions\/4185"}],"wp:attachment":[{"href":"https:\/\/seij.gob.gt\/udisep\/wp-json\/wp\/v2\/media?parent=3755"}],"curies":[{"name":"wp","href":"https:\/\/api.w.org\/{rel}","templated":true}]}}