{"id":4150,"date":"2021-08-12T15:21:17","date_gmt":"2021-08-12T21:21:17","guid":{"rendered":"http:\/\/seij.gob.gt\/udisep\/?page_id=4150"},"modified":"2021-08-17T16:04:28","modified_gmt":"2021-08-17T22:04:28","slug":"numeral-26-ano-2021","status":"publish","type":"page","link":"https:\/\/seij.gob.gt\/udisep\/numeral-26-ano-2021\/","title":{"rendered":"Numeral 26 a\u00f1o 2021"},"content":{"rendered":"<p><span style=\"font-family: 'arial black', sans-serif; font-size: 18pt; color: #000080;\">Funcionamiento y finalidad del archivo<\/span><\/p>\n<p>&nbsp;<\/p>\n<p>\u200b<\/p>\n<table style=\"height: 123px;\" width=\"677\">\n<tbody>\n<tr>\n<td style=\"width: 330.5px;\">&nbsp;<\/p>\n<p><span style=\"font-family: arial, helvetica, sans-serif; font-size: 14pt; color: #000080;\">Funcionamiento de archivo<\/span><\/td>\n<td style=\"width: 330.5px;\"><a href=\"..\/\/_2021_\/informacion publica\/julio\/NUMERAL 26\/Certificaci\u00f3n Diario de Centro Am\u00e9rica.pdf\"><img decoding=\"async\" width=\"130\" height=\"142\" class=\"aligncenter size-full wp-image-3229\" src=\"https:\/\/seij.gob.gt\/udisep\/wp-content\/uploads\/2020\/02\/pdf_3.jpg\" alt=\"\" \/><\/a><\/td>\n<\/tr>\n<tr>\n<td style=\"width: 330.5px;\">&nbsp;<\/p>\n<p><span style=\"font-family: arial, helvetica, sans-serif; font-size: 14pt; color: #000080;\">Publicaci\u00f3n del funcionamiento y finalidad del archivo de la Secretar\u00eda Ejecutiva de la ICMSJ en el Diario de Centro Am\u00e9rica<\/span><\/td>\n<td style=\"width: 330.5px;\"><a href=\"..\/\/_2021_\/informacion publica\/julio\/NUMERAL 26\/Funcionamiento y finalidad del archivo SEICMSJ Diario Oficial de CA.pdf\"> <img decoding=\"async\" width=\"130\" height=\"142\" class=\"aligncenter size-full wp-image-3229\" src=\"https:\/\/seij.gob.gt\/udisep\/wp-content\/uploads\/2020\/02\/pdf_3.jpg\" alt=\"\" \/><\/a><\/td>\n<\/tr>\n<\/tbody>\n<\/table>\n","protected":false},"excerpt":{"rendered":"<p>Funcionamiento y finalidad del archivo &nbsp; \u200b &nbsp; Funcionamiento de archivo &nbsp; Publicaci\u00f3n del funcionamiento y finalidad del archivo de la Secretar\u00eda Ejecutiva de la ICMSJ en el Diario de Centro Am\u00e9rica<\/p>\n","protected":false},"author":1,"featured_media":0,"parent":0,"menu_order":0,"comment_status":"closed","ping_status":"closed","template":"","meta":{"_et_pb_use_builder":"","_et_pb_old_content":"","_et_gb_content_width":"","footnotes":""},"class_list":["post-4150","page","type-page","status-publish","hentry"],"nelio_popups_active_popup":"","_links":{"self":[{"href":"https:\/\/seij.gob.gt\/udisep\/wp-json\/wp\/v2\/pages\/4150","targetHints":{"allow":["GET"]}}],"collection":[{"href":"https:\/\/seij.gob.gt\/udisep\/wp-json\/wp\/v2\/pages"}],"about":[{"href":"https:\/\/seij.gob.gt\/udisep\/wp-json\/wp\/v2\/types\/page"}],"author":[{"embeddable":true,"href":"https:\/\/seij.gob.gt\/udisep\/wp-json\/wp\/v2\/users\/1"}],"replies":[{"embeddable":true,"href":"https:\/\/seij.gob.gt\/udisep\/wp-json\/wp\/v2\/comments?post=4150"}],"version-history":[{"count":5,"href":"https:\/\/seij.gob.gt\/udisep\/wp-json\/wp\/v2\/pages\/4150\/revisions"}],"predecessor-version":[{"id":4161,"href":"https:\/\/seij.gob.gt\/udisep\/wp-json\/wp\/v2\/pages\/4150\/revisions\/4161"}],"wp:attachment":[{"href":"https:\/\/seij.gob.gt\/udisep\/wp-json\/wp\/v2\/media?parent=4150"}],"curies":[{"name":"wp","href":"https:\/\/api.w.org\/{rel}","templated":true}]}}