{"id":4408,"date":"2022-02-08T09:46:28","date_gmt":"2022-02-08T15:46:28","guid":{"rendered":"http:\/\/seij.gob.gt\/udisep\/?page_id=4408"},"modified":"2023-01-12T13:01:54","modified_gmt":"2023-01-12T19:01:54","slug":"numeral-08-ano-2022","status":"publish","type":"page","link":"https:\/\/seij.gob.gt\/udisep\/numeral-08-ano-2022\/","title":{"rendered":"Numeral 08 a\u00f1o 2022"},"content":{"rendered":"<h1 style=\"text-align: center;\"><span style=\"color: #000080; font-family: arial black, sans-serif;\">Informes de ejecuci\u00f3n presupuestaria<\/span><\/h1>\n<p>&nbsp;<\/p>\n<p>&nbsp;<\/p>\n<table>\n<tbody>\n<tr>\n<td style=\"width: 248.483px; text-align: center;\">&nbsp;<\/p>\n<p><span style=\"color: #000080; font-size: 18pt; font-family: arial, helvetica, sans-serif;\">Diciembre<\/span><\/td>\n<td style=\"width: 304.6px;\"><a href=\"..\/\/_2022_\/informacion publica\/diciembre\/NUMERAL 8\/EJECUCI\u00d3N PRESUPUESTARIA.pdf\"><img decoding=\"async\" class=\"aligncenter wp-image-3229\" src=\"https:\/\/seij.gob.gt\/udisep\/wp-content\/uploads\/2020\/02\/pdf_3.jpg\" alt=\"\" width=\"114\" height=\"125\" \/><\/a><\/td>\n<td style=\"width: 267.517px;\"><img decoding=\"async\" class=\"aligncenter wp-image-3226\" src=\"https:\/\/seij.gob.gt\/udisep\/wp-content\/uploads\/2020\/02\/excel_1.jpg\" alt=\"\" width=\"124\" height=\"128\" \/><\/td>\n<\/tr>\n<tr>\n<td style=\"width: 248.483px; text-align: center;\">&nbsp;<\/p>\n<p><span style=\"color: #000080; font-size: 18pt; font-family: arial, helvetica, sans-serif;\">Noviembre<\/span><\/td>\n<td style=\"width: 304.6px;\"><a href=\"..\/\/_2022_\/informacion publica\/noviembre\/NUMERAL 8\/EJECUCI\u00d3N PRESUPUESTARIA.pdf\"><img decoding=\"async\" class=\"aligncenter wp-image-3229\" src=\"https:\/\/seij.gob.gt\/udisep\/wp-content\/uploads\/2020\/02\/pdf_3.jpg\" alt=\"\" width=\"114\" height=\"125\" \/><\/a><\/td>\n<td style=\"width: 267.517px;\"><a href=\"..\/\/_2022_\/informacion publica\/noviembre\/NUMERAL 8\/EJECUCI\u00d3N PRESUPUESTARIA.xls\"><img decoding=\"async\" class=\"aligncenter wp-image-3226\" src=\"https:\/\/seij.gob.gt\/udisep\/wp-content\/uploads\/2020\/02\/excel_1.jpg\" alt=\"\" width=\"124\" height=\"128\" \/><\/a><\/td>\n<\/tr>\n<tr>\n<td style=\"width: 248.483px; text-align: center;\">&nbsp;<\/p>\n<p><span style=\"color: #000080; font-size: 18pt; font-family: arial, helvetica, sans-serif;\">Octubre<\/span><\/td>\n<td style=\"width: 304.6px;\"><a href=\"..\/\/_2022_\/informacion publica\/octubre\/NUMERAL 8\/EJECUCI\u00d3N PRESUPUESTARIA.pdf\"><img decoding=\"async\" class=\"aligncenter wp-image-3229\" src=\"https:\/\/seij.gob.gt\/udisep\/wp-content\/uploads\/2020\/02\/pdf_3.jpg\" alt=\"\" width=\"114\" height=\"125\" \/><\/a><\/td>\n<td style=\"width: 267.517px;\"><a href=\"..\/\/_2022_\/informacion publica\/octubre\/NUMERAL 8\/EJECUCI\u00d3N PRESUESTARIA.xls\"><img decoding=\"async\" class=\"aligncenter wp-image-3226\" src=\"https:\/\/seij.gob.gt\/udisep\/wp-content\/uploads\/2020\/02\/excel_1.jpg\" alt=\"\" width=\"124\" height=\"128\" \/><\/a><\/td>\n<\/tr>\n<tr>\n<td style=\"width: 248.483px; text-align: center;\">&nbsp;<\/p>\n<p><span style=\"color: #000080; font-size: 18pt; font-family: arial, helvetica, sans-serif;\">Septiembre<\/span><\/td>\n<td style=\"width: 304.6px;\"><a href=\"..\/\/_2022_\/informacion publica\/septiembre\/NUMERAL 8\/EJECUCI\u00d3N PRESUPUESTARIA.PDF\"><img decoding=\"async\" class=\"aligncenter wp-image-3229\" src=\"https:\/\/seij.gob.gt\/udisep\/wp-content\/uploads\/2020\/02\/pdf_3.jpg\" alt=\"\" width=\"114\" height=\"125\" \/><\/a><\/td>\n<td style=\"width: 267.517px;\"><a href=\"..\/\/_2022_\/informacion publica\/septiembre\/NUMERAL 8\/EJECUCI\u00d3N PRESUPUESTARIA.xls\"><img decoding=\"async\" class=\"aligncenter wp-image-3226\" src=\"https:\/\/seij.gob.gt\/udisep\/wp-content\/uploads\/2020\/02\/excel_1.jpg\" alt=\"\" width=\"124\" height=\"128\" \/><\/a><\/td>\n<\/tr>\n<tr>\n<td style=\"width: 248.483px; text-align: center;\">&nbsp;<\/p>\n<p><span style=\"color: #000080; font-size: 18pt; font-family: arial, helvetica, sans-serif;\">Agosto<\/span><\/td>\n<td style=\"width: 304.6px;\"><a href=\"..\/\/_2022_\/informacion publica\/agosto\/NUMERAL 8\/EJECUCI\u00d3N PRESUPUESTARIA.pdf\"><img decoding=\"async\" class=\"aligncenter wp-image-3229\" src=\"https:\/\/seij.gob.gt\/udisep\/wp-content\/uploads\/2020\/02\/pdf_3.jpg\" alt=\"\" width=\"114\" height=\"125\" \/><\/a><\/td>\n<td style=\"width: 267.517px;\"><a href=\"..\/\/_2022_\/informacion publica\/agosto\/NUMERAL 8\/EJECUCI\u00d3N PRESUPUESTARIA.xls\"><img decoding=\"async\" class=\"aligncenter wp-image-3226\" src=\"https:\/\/seij.gob.gt\/udisep\/wp-content\/uploads\/2020\/02\/excel_1.jpg\" alt=\"\" width=\"124\" height=\"128\" \/><\/a><\/td>\n<\/tr>\n<tr>\n<td style=\"width: 248.483px; text-align: center;\">&nbsp;<\/p>\n<p><span style=\"color: #000080; font-size: 18pt; font-family: arial, helvetica, sans-serif;\">Julio<\/span><\/td>\n<td style=\"width: 304.6px;\"><a href=\"..\/\/_2022_\/informacion publica\/julio\/NUMERAL 8\/EJECUCI\u00d3N PRESUPUESTARIA.pdf\"><img decoding=\"async\" class=\"aligncenter wp-image-3229\" src=\"https:\/\/seij.gob.gt\/udisep\/wp-content\/uploads\/2020\/02\/pdf_3.jpg\" alt=\"\" width=\"114\" height=\"125\" \/><\/a><\/td>\n<td style=\"width: 267.517px;\"><a href=\"..\/\/_2022_\/informacion publica\/julio\/NUMERAL 8\/EJECUCI\u00d3N PRESUPUESTARIA.xls\"><img decoding=\"async\" class=\"aligncenter wp-image-3226\" src=\"https:\/\/seij.gob.gt\/udisep\/wp-content\/uploads\/2020\/02\/excel_1.jpg\" alt=\"\" width=\"124\" height=\"128\" \/><\/a><\/td>\n<\/tr>\n<tr>\n<td style=\"width: 248.483px; text-align: center;\">&nbsp;<\/p>\n<p><span style=\"color: #000080; font-size: 18pt; font-family: arial, helvetica, sans-serif;\">Junio<\/span><\/td>\n<td style=\"width: 304.6px;\"><a href=\"..\/\/_2022_\/informacion publica\/junio\/NUMERAL 8\/EJECUCI\u00d3N PRESUPUESTARIA.pdf\"><img decoding=\"async\" class=\"aligncenter wp-image-3229\" src=\"https:\/\/seij.gob.gt\/udisep\/wp-content\/uploads\/2020\/02\/pdf_3.jpg\" alt=\"\" width=\"114\" height=\"125\" \/><\/a><\/td>\n<td style=\"width: 267.517px;\"><a href=\"..\/\/_2022_\/informacion publica\/junio\/NUMERAL 8\/EJCUCI\u00d3N PRESUPUESTARIA.xls\"><img decoding=\"async\" class=\"aligncenter wp-image-3226\" src=\"https:\/\/seij.gob.gt\/udisep\/wp-content\/uploads\/2020\/02\/excel_1.jpg\" alt=\"\" width=\"124\" height=\"128\" \/><\/a><\/td>\n<\/tr>\n<tr>\n<td style=\"width: 248.483px; text-align: center;\">&nbsp;<\/p>\n<p><span style=\"color: #000080; font-size: 18pt; font-family: arial, helvetica, sans-serif;\">Mayo<\/span><\/td>\n<td style=\"width: 304.6px;\"><a href=\"..\/\/_2022_\/informacion publica\/mayo\/NUMERAL 8\/EJECUCI\u00d3N PRESUPUESTARIA.pdf\"><img decoding=\"async\" class=\"aligncenter wp-image-3229\" src=\"https:\/\/seij.gob.gt\/udisep\/wp-content\/uploads\/2020\/02\/pdf_3.jpg\" alt=\"\" width=\"114\" height=\"125\" \/><\/a><\/td>\n<td style=\"width: 267.517px;\"><a href=\"..\/\/_2022_\/informacion publica\/mayo\/NUMERAL 8\/EJECUCI\u00d3N PRESUPUESTARIA.xls\"><img decoding=\"async\" class=\"aligncenter wp-image-3226\" src=\"https:\/\/seij.gob.gt\/udisep\/wp-content\/uploads\/2020\/02\/excel_1.jpg\" alt=\"\" width=\"124\" height=\"128\" \/><\/a><\/td>\n<\/tr>\n<tr>\n<td style=\"width: 248.483px; text-align: center;\">&nbsp;<\/p>\n<p><span style=\"color: #000080; font-size: 18pt; font-family: arial, helvetica, sans-serif;\">Abril<\/span><\/td>\n<td style=\"width: 304.6px;\"><a href=\"..\/\/_2022_\/informacion publica\/abril\/NUMERAL 8\/EJECUCI\u00d3N PRESUPUESTARIA.pdf\"><img decoding=\"async\" class=\"aligncenter wp-image-3229\" src=\"https:\/\/seij.gob.gt\/udisep\/wp-content\/uploads\/2020\/02\/pdf_3.jpg\" alt=\"\" width=\"114\" height=\"125\" \/><\/a><\/td>\n<td style=\"width: 267.517px;\"><a href=\"..\/\/_2022_\/informacion publica\/abril\/NUMERAL 8\/EJECUCI\u00d3N PRESUPUESTARIA.xls\"><img decoding=\"async\" class=\"aligncenter wp-image-3226\" src=\"https:\/\/seij.gob.gt\/udisep\/wp-content\/uploads\/2020\/02\/excel_1.jpg\" alt=\"\" width=\"124\" height=\"128\" \/><\/a><\/td>\n<\/tr>\n<tr>\n<td style=\"width: 248.483px; text-align: center;\">&nbsp;<\/p>\n<p><span style=\"color: #000080; font-size: 18pt; font-family: arial, helvetica, sans-serif;\">Marzo<\/span><\/td>\n<td style=\"width: 304.6px;\"><a href=\"..\/\/_2022_\/informacion publica\/marzo\/NUMERAL 8\/EJECUCI\u00d3N PRESUPUESTARIA.pdf\"><img decoding=\"async\" class=\"aligncenter wp-image-3229\" src=\"https:\/\/seij.gob.gt\/udisep\/wp-content\/uploads\/2020\/02\/pdf_3.jpg\" alt=\"\" width=\"114\" height=\"125\" \/><\/a><\/td>\n<td style=\"width: 267.517px;\"><a href=\"..\/\/_2022_\/informacion publica\/marzo\/NUMERAL 8\/EJECUCI\u00d3N PRESUPUESTARIA.xls\"><img decoding=\"async\" class=\"aligncenter wp-image-3226\" src=\"https:\/\/seij.gob.gt\/udisep\/wp-content\/uploads\/2020\/02\/excel_1.jpg\" alt=\"\" width=\"124\" height=\"128\" \/><\/a><\/td>\n<\/tr>\n<tr>\n<td style=\"width: 248.483px; text-align: center;\">&nbsp;<\/p>\n<p><span style=\"color: #000080; font-size: 18pt; font-family: arial, helvetica, sans-serif;\">Febrero<\/span><\/td>\n<td style=\"width: 304.6px;\"><a href=\"..\/\/_2022_\/informacion publica\/febrero\/NUMERAL 8\/EJECUCI\u00d3N PRESUPUESTARIA POR RENGL\u00d3N.pdf\"><img decoding=\"async\" class=\"aligncenter wp-image-3229\" src=\"https:\/\/seij.gob.gt\/udisep\/wp-content\/uploads\/2020\/02\/pdf_3.jpg\" alt=\"\" width=\"114\" height=\"125\" \/><\/a><\/td>\n<td style=\"width: 267.517px;\"><a href=\"..\/\/_2022_\/informacion publica\/febrero\/NUMERAL 8\/EJECUCI\u00d3N PRESUPUESTARIA POR RENGL\u00d3N.xls\"><img decoding=\"async\" class=\"aligncenter wp-image-3226\" src=\"https:\/\/seij.gob.gt\/udisep\/wp-content\/uploads\/2020\/02\/excel_1.jpg\" alt=\"\" width=\"124\" height=\"128\" \/><\/a><\/td>\n<\/tr>\n<\/tbody>\n<\/table>\n<table style=\"width: 841px; height: 151px;\">\n<tbody>\n<tr>\n<td style=\"width: 248.483px; text-align: center;\">&nbsp;<\/p>\n<p><span style=\"color: #000080; font-size: 18pt; font-family: arial, helvetica, sans-serif;\">Enero<\/span><\/td>\n<td style=\"width: 304.6px;\"><a href=\"..\/\/_2022_\/informacion publica\/enero\/NUMERAL 8\/Reporte Ley de Acceso a la Informaci\u00f3n P\u00fablica por Rengl\u00f3n Art\u00edculo 10 N\u00fameral 8.pdf\"><img decoding=\"async\" class=\"aligncenter wp-image-3229\" src=\"https:\/\/seij.gob.gt\/udisep\/wp-content\/uploads\/2020\/02\/pdf_3.jpg\" alt=\"\" width=\"114\" height=\"125\" \/><\/a><\/td>\n<td style=\"width: 267.517px;\"><a href=\"..\/\/_2022_\/informacion publica\/enero\/NUMERAL 8\/EJECUCI\u00d3N PREESUPUESTARIA.xls\"><img decoding=\"async\" class=\"aligncenter wp-image-3226\" src=\"https:\/\/seij.gob.gt\/udisep\/wp-content\/uploads\/2020\/02\/excel_1.jpg\" alt=\"\" width=\"124\" height=\"128\" \/><\/a><\/td>\n<\/tr>\n<\/tbody>\n<\/table>\n","protected":false},"excerpt":{"rendered":"<p>Informes de ejecuci\u00f3n presupuestaria &nbsp; &nbsp; &nbsp; Diciembre &nbsp; Noviembre &nbsp; Octubre &nbsp; Septiembre &nbsp; Agosto &nbsp; Julio &nbsp; Junio &nbsp; Mayo &nbsp; Abril &nbsp; Marzo &nbsp; Febrero &nbsp; Enero<\/p>\n","protected":false},"author":1,"featured_media":0,"parent":0,"menu_order":0,"comment_status":"closed","ping_status":"closed","template":"","meta":{"_et_pb_use_builder":"","_et_pb_old_content":"","_et_gb_content_width":"","footnotes":""},"class_list":["post-4408","page","type-page","status-publish","hentry"],"nelio_popups_active_popup":"","_links":{"self":[{"href":"https:\/\/seij.gob.gt\/udisep\/wp-json\/wp\/v2\/pages\/4408","targetHints":{"allow":["GET"]}}],"collection":[{"href":"https:\/\/seij.gob.gt\/udisep\/wp-json\/wp\/v2\/pages"}],"about":[{"href":"https:\/\/seij.gob.gt\/udisep\/wp-json\/wp\/v2\/types\/page"}],"author":[{"embeddable":true,"href":"https:\/\/seij.gob.gt\/udisep\/wp-json\/wp\/v2\/users\/1"}],"replies":[{"embeddable":true,"href":"https:\/\/seij.gob.gt\/udisep\/wp-json\/wp\/v2\/comments?post=4408"}],"version-history":[{"count":19,"href":"https:\/\/seij.gob.gt\/udisep\/wp-json\/wp\/v2\/pages\/4408\/revisions"}],"predecessor-version":[{"id":4994,"href":"https:\/\/seij.gob.gt\/udisep\/wp-json\/wp\/v2\/pages\/4408\/revisions\/4994"}],"wp:attachment":[{"href":"https:\/\/seij.gob.gt\/udisep\/wp-json\/wp\/v2\/media?parent=4408"}],"curies":[{"name":"wp","href":"https:\/\/api.w.org\/{rel}","templated":true}]}}