{"id":4422,"date":"2022-02-08T10:19:04","date_gmt":"2022-02-08T16:19:04","guid":{"rendered":"http:\/\/seij.gob.gt\/udisep\/?page_id=4422"},"modified":"2023-01-10T14:19:57","modified_gmt":"2023-01-10T20:19:57","slug":"numeral-10-ano-2022","status":"publish","type":"page","link":"https:\/\/seij.gob.gt\/udisep\/numeral-10-ano-2022\/","title":{"rendered":"Numeral 10 a\u00f1o 2022"},"content":{"rendered":"<h1 style=\"text-align: center;\"><span style=\"font-family: 'arial black', sans-serif; color: #000080;\">Procesos de cotizaci\u00f3n y licitaci\u00f3n para programas del sujeto obligado que tengan beneficiarios directos e indirecto.<\/span><\/h1>\n<p>&nbsp;<\/p>\n<table style=\"width: 76.8936%;\">\n<tbody>\n<tr>\n<td style=\"width: 695px;\" colspan=\"3\"><span style=\"font-family: 'arial black', sans-serif; font-size: 18pt;\">Diciembre<\/span><\/td>\n<\/tr>\n<tr>\n<td style=\"width: 361px;\"><span style=\"font-family: 'arial black', sans-serif; font-size: 18pt;\">\u00a0<\/span><\/p>\n<p><span style=\"font-family: arial, helvetica, sans-serif; color: #000080; font-size: 14pt;\">Secretar\u00eda Ejecutiva de la ICMSJ<\/span><\/td>\n<td style=\"width: 169px;\"><a href=\"..\/\/_2022_\/informacion publica\/diciembre\/numeral 10\/COTIZACIONES Y LICITACIONES SEICMSJ.pdf\"><span style=\"font-family: 'arial black', sans-serif; font-size: 18pt;\"><img decoding=\"async\" class=\"aligncenter wp-image-3229\" src=\"https:\/\/seij.gob.gt\/udisep\/wp-content\/uploads\/2020\/02\/pdf_3.jpg\" alt=\"\" width=\"70\" height=\"76\" \/><\/span><\/a><\/td>\n<td style=\"width: 165px;\"><a href=\"..\/\/_2022_\/informacion publica\/diciembre\/numeral 10\/COTIZACIONES Y LICITACIONES SEICMSJ.xlsx\"><span style=\"font-family: 'arial black', sans-serif; font-size: 18pt;\"><img decoding=\"async\" class=\"aligncenter wp-image-3226\" src=\"https:\/\/seij.gob.gt\/udisep\/wp-content\/uploads\/2020\/02\/excel_1.jpg\" alt=\"\" width=\"84\" height=\"87\" \/><\/span><\/a><\/td>\n<\/tr>\n<tr>\n<td style=\"width: 361px;\"><span style=\"font-family: 'arial black', sans-serif; font-size: 18pt;\">\u00a0<\/span><\/p>\n<p><span style=\"color: #000080; font-family: arial, helvetica, sans-serif; font-size: 14pt;\">Programa PREVI<\/span><\/td>\n<td style=\"width: 169px;\"><a href=\"..\/\/_2022_\/informacion publica\/diciembre\/numeral 10\/COTIZACIONES Y LICITACIONES PREVI.pdf\"><span style=\"font-family: 'arial black', sans-serif; font-size: 18pt;\"><img decoding=\"async\" class=\"aligncenter wp-image-3229\" src=\"https:\/\/seij.gob.gt\/udisep\/wp-content\/uploads\/2020\/02\/pdf_3.jpg\" alt=\"\" width=\"70\" height=\"76\" \/><\/span><\/a><\/td>\n<td style=\"width: 165px;\"><a href=\"..\/\/_2022_\/informacion publica\/diciembre\/numeral 10\/COTIZACIONES Y LICITACIONES PREVI.xls\"><span style=\"font-family: 'arial black', sans-serif; font-size: 18pt;\"><img decoding=\"async\" class=\"aligncenter wp-image-3226\" src=\"https:\/\/seij.gob.gt\/udisep\/wp-content\/uploads\/2020\/02\/excel_1.jpg\" alt=\"\" width=\"84\" height=\"87\" \/><\/span><\/a><\/td>\n<\/tr>\n<tr>\n<td style=\"width: 695px;\" colspan=\"3\"><span style=\"font-family: 'arial black', sans-serif; font-size: 18pt;\">Noviembre<\/span><\/td>\n<\/tr>\n<tr>\n<td style=\"width: 361px;\">&nbsp;<\/p>\n<p><span style=\"font-family: arial, helvetica, sans-serif; color: #000080; font-size: 14pt;\">Secretar\u00eda Ejecutiva de la ICMSJ<\/span><\/td>\n<td style=\"width: 169px;\"><a href=\"..\/\/_2022_\/informacion publica\/noviembre\/NUMERAL 10\/COTIZACIONES Y LICITACIONES SEICMSJ.pdf\"><img decoding=\"async\" class=\"aligncenter wp-image-3229\" src=\"https:\/\/seij.gob.gt\/udisep\/wp-content\/uploads\/2020\/02\/pdf_3.jpg\" alt=\"\" width=\"70\" height=\"76\" \/><\/a><\/td>\n<td style=\"width: 165px;\"><a href=\"..\/\/_2022_\/informacion publica\/noviembre\/NUMERAL 10\/COTIZACIONES Y LICITACIONES SEICMSJ.xlsx\"><img decoding=\"async\" class=\"aligncenter wp-image-3226\" src=\"https:\/\/seij.gob.gt\/udisep\/wp-content\/uploads\/2020\/02\/excel_1.jpg\" alt=\"\" width=\"84\" height=\"87\" \/><\/a><\/td>\n<\/tr>\n<tr>\n<td style=\"width: 361px;\">&nbsp;<\/p>\n<p><span style=\"color: #000080; font-family: arial, helvetica, sans-serif; font-size: 14pt;\">Programa PREVI<\/span><\/td>\n<td style=\"width: 169px;\"><a href=\"..\/\/_2022_\/informacion publica\/noviembre\/NUMERAL 10\/COTIZACIONES Y LICITACIONES PREVI.pdf\"><img decoding=\"async\" class=\"aligncenter wp-image-3229\" src=\"https:\/\/seij.gob.gt\/udisep\/wp-content\/uploads\/2020\/02\/pdf_3.jpg\" alt=\"\" width=\"70\" height=\"76\" \/><\/a><\/td>\n<td style=\"width: 165px;\"><a href=\"..\/\/_2022_\/informacion publica\/noviembre\/NUMERAL 10\/COTIZACIONES Y LICITACIONES PREVI.xls\"><img decoding=\"async\" class=\"aligncenter wp-image-3226\" src=\"https:\/\/seij.gob.gt\/udisep\/wp-content\/uploads\/2020\/02\/excel_1.jpg\" alt=\"\" width=\"84\" height=\"87\" \/><\/a><\/td>\n<\/tr>\n<\/tbody>\n<\/table>\n<table>\n<tbody>\n<tr>\n<td style=\"width: 695px;\" colspan=\"3\"><span style=\"font-family: 'arial black', sans-serif; font-size: 18pt;\">Octubre<\/span><\/td>\n<\/tr>\n<tr>\n<td style=\"width: 357.188px;\">&nbsp;<\/p>\n<p><span style=\"font-family: arial, helvetica, sans-serif; color: #000080; font-size: 14pt;\">Secretar\u00eda Ejecutiva de la ICMSJ<\/span><\/td>\n<td style=\"width: 164.875px;\"><a href=\"..\/\/_2022_\/informacion publica\/octubre\/NUMERAL 10\/COTIZACIONES Y LICITACIONE SEICMSJ.pdf\"><img decoding=\"async\" class=\"aligncenter wp-image-3229\" src=\"https:\/\/seij.gob.gt\/udisep\/wp-content\/uploads\/2020\/02\/pdf_3.jpg\" alt=\"\" width=\"70\" height=\"76\" \/><\/a><\/td>\n<td style=\"width: 160.938px;\"><a href=\"..\/\/_2022_\/informacion publica\/octubre\/NUMERAL 10\/COTIZACIONES Y LICITACIONE SEICMSJ.xlsx\"><img decoding=\"async\" class=\"aligncenter wp-image-3226\" src=\"https:\/\/seij.gob.gt\/udisep\/wp-content\/uploads\/2020\/02\/excel_1.jpg\" alt=\"\" width=\"84\" height=\"87\" \/><\/a><\/td>\n<\/tr>\n<tr>\n<td style=\"width: 357.188px;\">&nbsp;<\/p>\n<p><span style=\"color: #000080; font-family: arial, helvetica, sans-serif; font-size: 14pt;\">Programa PREVI<\/span><\/td>\n<td style=\"width: 164.875px;\"><a href=\"..\/\/_2022_\/informacion publica\/octubre\/NUMERAL 10\/COTIZACIONES Y LICITACIONES PREVI.pdf\"><img decoding=\"async\" class=\"aligncenter wp-image-3229\" src=\"https:\/\/seij.gob.gt\/udisep\/wp-content\/uploads\/2020\/02\/pdf_3.jpg\" alt=\"\" width=\"70\" height=\"76\" \/><\/a><\/td>\n<td style=\"width: 160.938px;\"><a href=\"..\/\/_2022_\/informacion publica\/octubre\/NUMERAL 10\/COTIZACIONES Y LICITACIONES PREVI.xls\"><img decoding=\"async\" class=\"aligncenter wp-image-3226\" src=\"https:\/\/seij.gob.gt\/udisep\/wp-content\/uploads\/2020\/02\/excel_1.jpg\" alt=\"\" width=\"84\" height=\"87\" \/><\/a><\/td>\n<\/tr>\n<\/tbody>\n<\/table>\n<table>\n<tbody>\n<tr>\n<td style=\"width: 695px;\" colspan=\"3\"><span style=\"font-family: 'arial black', sans-serif; font-size: 18pt;\">Septiembre<\/span><\/td>\n<\/tr>\n<tr>\n<td style=\"width: 357.188px;\">&nbsp;<\/p>\n<p><span style=\"font-family: arial, helvetica, sans-serif; color: #000080; font-size: 14pt;\">Secretar\u00eda Ejecutiva de la ICMSJ<\/span><\/td>\n<td style=\"width: 164.875px;\"><a href=\"..\/\/_2022_\/informacion publica\/septiembre\/NUMERAL 10\/COTIZACIONES Y LICTIACIONES SEICMSJ.pdf\"><img decoding=\"async\" class=\"aligncenter wp-image-3229\" src=\"https:\/\/seij.gob.gt\/udisep\/wp-content\/uploads\/2020\/02\/pdf_3.jpg\" alt=\"\" width=\"70\" height=\"76\" \/><\/a><\/td>\n<td style=\"width: 160.938px;\"><a href=\"..\/\/_2022_\/informacion publica\/septiembre\/NUMERAL 10\/COTIZACIONES Y LICTIACIONES SEICMSJ.xlsx\"><img decoding=\"async\" class=\"aligncenter wp-image-3226\" src=\"https:\/\/seij.gob.gt\/udisep\/wp-content\/uploads\/2020\/02\/excel_1.jpg\" alt=\"\" width=\"84\" height=\"87\" \/><\/a><\/td>\n<\/tr>\n<tr>\n<td style=\"width: 357.188px;\">&nbsp;<\/p>\n<p><span style=\"color: #000080; font-family: arial, helvetica, sans-serif; font-size: 14pt;\">Programa PREVI<\/span><\/td>\n<td style=\"width: 164.875px;\"><a href=\"..\/\/_2022_\/informacion publica\/septiembre\/NUMERAL 10\/COTIZACIONES Y LICITACIONES PREVI.pdf\"><img decoding=\"async\" class=\"aligncenter wp-image-3229\" src=\"https:\/\/seij.gob.gt\/udisep\/wp-content\/uploads\/2020\/02\/pdf_3.jpg\" alt=\"\" width=\"70\" height=\"76\" \/><\/a><\/td>\n<td style=\"width: 160.938px;\"><a href=\"..\/\/_2022_\/informacion publica\/septiembre\/NUMERAL 10\/COTIZACIONES Y LICITACIONES PREVI.xls\"><img decoding=\"async\" class=\"aligncenter wp-image-3226\" src=\"https:\/\/seij.gob.gt\/udisep\/wp-content\/uploads\/2020\/02\/excel_1.jpg\" alt=\"\" width=\"84\" height=\"87\" \/><\/a><\/td>\n<\/tr>\n<\/tbody>\n<\/table>\n<table>\n<tbody>\n<tr>\n<td style=\"width: 695px;\" colspan=\"3\"><span style=\"font-family: 'arial black', sans-serif; font-size: 18pt;\">Agosto<\/span><\/td>\n<\/tr>\n<tr>\n<td style=\"width: 357.188px;\">&nbsp;<\/p>\n<p><span style=\"font-family: arial, helvetica, sans-serif; color: #000080; font-size: 14pt;\">Secretar\u00eda Ejecutiva de la ICMSJ<\/span><\/td>\n<td style=\"width: 164.875px;\"><a href=\"..\/\/_2022_\/informacion publica\/agosto\/NUMERAL 10\/COTIZACIONES Y LICITACIONES SEICMSJ.pdf\"><img decoding=\"async\" class=\"aligncenter wp-image-3229\" src=\"https:\/\/seij.gob.gt\/udisep\/wp-content\/uploads\/2020\/02\/pdf_3.jpg\" alt=\"\" width=\"70\" height=\"76\" \/><\/a><\/td>\n<td style=\"width: 160.938px;\"><a href=\"..\/\/_2022_\/informacion publica\/agosto\/NUMERAL 10\/COTIZACIONES Y LICITACIONES SEICMSJ.xlsx\"><img decoding=\"async\" class=\"aligncenter wp-image-3226\" src=\"https:\/\/seij.gob.gt\/udisep\/wp-content\/uploads\/2020\/02\/excel_1.jpg\" alt=\"\" width=\"84\" height=\"87\" \/><\/a><\/td>\n<\/tr>\n<tr>\n<td style=\"width: 357.188px;\">&nbsp;<\/p>\n<p><span style=\"color: #000080; font-family: arial, helvetica, sans-serif; font-size: 14pt;\">Programa PREVI<\/span><\/td>\n<td style=\"width: 164.875px;\"><a href=\"..\/\/_2022_\/informacion publica\/agosto\/NUMERAL 10\/COTIZACIONES Y LICIATACIONES PREVI.pdf\"><img decoding=\"async\" class=\"aligncenter wp-image-3229\" src=\"https:\/\/seij.gob.gt\/udisep\/wp-content\/uploads\/2020\/02\/pdf_3.jpg\" alt=\"\" width=\"70\" height=\"76\" \/><\/a><\/td>\n<td style=\"width: 160.938px;\"><a href=\"..\/\/_2022_\/informacion publica\/agosto\/NUMERAL 10\/COTIZACIONES Y LICIATACIONES PREVI.xls\"><img decoding=\"async\" class=\"aligncenter wp-image-3226\" src=\"https:\/\/seij.gob.gt\/udisep\/wp-content\/uploads\/2020\/02\/excel_1.jpg\" alt=\"\" width=\"84\" height=\"87\" \/><\/a><\/td>\n<\/tr>\n<\/tbody>\n<\/table>\n<table>\n<tbody>\n<tr>\n<td style=\"width: 695px;\" colspan=\"3\"><span style=\"font-family: 'arial black', sans-serif; font-size: 18pt;\">Julio<\/span><\/td>\n<\/tr>\n<tr>\n<td style=\"width: 357.188px;\">&nbsp;<\/p>\n<p><span style=\"font-family: arial, helvetica, sans-serif; color: #000080; font-size: 14pt;\">Secretar\u00eda Ejecutiva de la ICMSJ<\/span><\/td>\n<td style=\"width: 164.875px;\"><a href=\"..\/\/_2022_\/informacion publica\/julio\/NUMERAL 10\/COTIZACIONES Y LICITACIONES SEICMSJ.pdf\"><img decoding=\"async\" class=\"aligncenter wp-image-3229\" src=\"https:\/\/seij.gob.gt\/udisep\/wp-content\/uploads\/2020\/02\/pdf_3.jpg\" alt=\"\" width=\"70\" height=\"76\" \/><\/a><\/td>\n<td style=\"width: 160.938px;\"><a href=\"..\/\/_2022_\/informacion publica\/julio\/NUMERAL 10\/COTIZACIONES Y LICITACIONES SEICMSJ.xlsx\"><img decoding=\"async\" class=\"aligncenter wp-image-3226\" src=\"https:\/\/seij.gob.gt\/udisep\/wp-content\/uploads\/2020\/02\/excel_1.jpg\" alt=\"\" width=\"84\" height=\"87\" \/><\/a><\/td>\n<\/tr>\n<tr>\n<td style=\"width: 357.188px;\">&nbsp;<\/p>\n<p><span style=\"color: #000080; font-family: arial, helvetica, sans-serif; font-size: 14pt;\">Programa PREVI<\/span><\/td>\n<td style=\"width: 164.875px;\"><a href=\"..\/\/_2022_\/informacion publica\/julio\/NUMERAL 10\/COTIZACIONES Y LICITACIONES PREVI.pdf\"><img decoding=\"async\" class=\"aligncenter wp-image-3229\" src=\"https:\/\/seij.gob.gt\/udisep\/wp-content\/uploads\/2020\/02\/pdf_3.jpg\" alt=\"\" width=\"70\" height=\"76\" \/><\/a><\/td>\n<td style=\"width: 160.938px;\"><a href=\"..\/\/_2022_\/informacion publica\/julio\/NUMERAL 10\/COTIZACIONES Y LICITACIONES PREVI.xls\"><img decoding=\"async\" class=\"aligncenter wp-image-3226\" src=\"https:\/\/seij.gob.gt\/udisep\/wp-content\/uploads\/2020\/02\/excel_1.jpg\" alt=\"\" width=\"84\" height=\"87\" \/><\/a><\/td>\n<\/tr>\n<\/tbody>\n<\/table>\n<table>\n<tbody>\n<tr>\n<td style=\"width: 695px;\" colspan=\"3\"><span style=\"font-family: 'arial black', sans-serif; font-size: 18pt;\">Junio<\/span><\/td>\n<\/tr>\n<tr>\n<td style=\"width: 357.188px;\">&nbsp;<\/p>\n<p><span style=\"font-family: arial, helvetica, sans-serif; color: #000080; font-size: 14pt;\">Secretar\u00eda Ejecutiva de la ICMSJ<\/span><\/td>\n<td style=\"width: 164.875px;\"><a href=\"..\/\/_2022_\/informacion publica\/junio\/NUMERAL 10\/COTIZACIONES Y LICITACIONES SEICMSJ.pdf\"><img decoding=\"async\" class=\"aligncenter wp-image-3229\" src=\"https:\/\/seij.gob.gt\/udisep\/wp-content\/uploads\/2020\/02\/pdf_3.jpg\" alt=\"\" width=\"70\" height=\"76\" \/><\/a><\/td>\n<td style=\"width: 160.938px;\"><a href=\"..\/\/_2022_\/informacion publica\/junio\/NUMERAL 10\/COTIZACIONES Y LICITACIONES SEICMSJ.xlsx\"><img decoding=\"async\" class=\"aligncenter wp-image-3226\" src=\"https:\/\/seij.gob.gt\/udisep\/wp-content\/uploads\/2020\/02\/excel_1.jpg\" alt=\"\" width=\"84\" height=\"87\" \/><\/a><\/td>\n<\/tr>\n<tr>\n<td style=\"width: 357.188px;\">&nbsp;<\/p>\n<p><span style=\"color: #000080; font-family: arial, helvetica, sans-serif; font-size: 14pt;\">Programa PREVI<\/span><\/td>\n<td style=\"width: 164.875px;\"><a href=\"..\/\/_2022_\/informacion publica\/junio\/NUMERAL 10\/COTIZACIONES Y LICITACIONES PREVI.pdf\"><img decoding=\"async\" class=\"aligncenter wp-image-3229\" src=\"https:\/\/seij.gob.gt\/udisep\/wp-content\/uploads\/2020\/02\/pdf_3.jpg\" alt=\"\" width=\"70\" height=\"76\" \/><\/a><\/td>\n<td style=\"width: 160.938px;\"><a href=\"..\/\/_2022_\/informacion publica\/junio\/NUMERAL 10\/COTIZACIONES Y LICITACIONES PREVI.xls\"><img decoding=\"async\" class=\"aligncenter wp-image-3226\" src=\"https:\/\/seij.gob.gt\/udisep\/wp-content\/uploads\/2020\/02\/excel_1.jpg\" alt=\"\" width=\"84\" height=\"87\" \/><\/a><\/td>\n<\/tr>\n<\/tbody>\n<\/table>\n<table>\n<tbody>\n<tr>\n<td style=\"width: 695px;\" colspan=\"3\"><span style=\"font-family: 'arial black', sans-serif; font-size: 18pt;\">Mayo<\/span><\/td>\n<\/tr>\n<tr>\n<td style=\"width: 357.188px;\">&nbsp;<\/p>\n<p><span style=\"font-family: arial, helvetica, sans-serif; color: #000080; font-size: 14pt;\">Secretar\u00eda Ejecutiva de la ICMSJ<\/span><\/td>\n<td style=\"width: 164.875px;\"><a href=\"..\/\/_2022_\/informacion publica\/mayo\/NUMERAL 10\/COTIZACIONES Y LICITACIONES SEICMSJ.pdf\"><img decoding=\"async\" class=\"aligncenter wp-image-3229\" src=\"https:\/\/seij.gob.gt\/udisep\/wp-content\/uploads\/2020\/02\/pdf_3.jpg\" alt=\"\" width=\"70\" height=\"76\" \/><\/a><\/td>\n<td style=\"width: 160.938px;\"><a href=\"..\/\/_2022_\/informacion publica\/mayo\/NUMERAL 10\/COTIZACIONES Y LICITACIONES SEICMSJ.xlsx\"><img decoding=\"async\" class=\"aligncenter wp-image-3226\" src=\"https:\/\/seij.gob.gt\/udisep\/wp-content\/uploads\/2020\/02\/excel_1.jpg\" alt=\"\" width=\"84\" height=\"87\" \/><\/a><\/td>\n<\/tr>\n<tr>\n<td style=\"width: 357.188px;\">&nbsp;<\/p>\n<p><span style=\"color: #000080; font-family: arial, helvetica, sans-serif; font-size: 14pt;\">Programa PREVI<\/span><\/td>\n<td style=\"width: 164.875px;\"><a href=\"..\/\/_2022_\/informacion publica\/mayo\/NUMERAL 10\/COTIZACIONES Y LICITACIONES PREVI.pdf\"><img decoding=\"async\" class=\"aligncenter wp-image-3229\" src=\"https:\/\/seij.gob.gt\/udisep\/wp-content\/uploads\/2020\/02\/pdf_3.jpg\" alt=\"\" width=\"70\" height=\"76\" \/><\/a><\/td>\n<td style=\"width: 160.938px;\"><a href=\"..\/\/_2022_\/informacion publica\/mayo\/NUMERAL 10\/COTIZACIONES Y LICITACIONES PREVI.xls\"><img decoding=\"async\" class=\"aligncenter wp-image-3226\" src=\"https:\/\/seij.gob.gt\/udisep\/wp-content\/uploads\/2020\/02\/excel_1.jpg\" alt=\"\" width=\"84\" height=\"87\" \/><\/a><\/td>\n<\/tr>\n<\/tbody>\n<\/table>\n<table>\n<tbody>\n<tr>\n<td style=\"width: 695px;\" colspan=\"3\"><span style=\"font-family: 'arial black', sans-serif; font-size: 18pt;\">Abril<\/span><\/td>\n<\/tr>\n<tr>\n<td style=\"width: 357.188px;\">&nbsp;<\/p>\n<p><span style=\"font-family: arial, helvetica, sans-serif; color: #000080; font-size: 14pt;\">Secretar\u00eda Ejecutiva de la ICMSJ<\/span><\/td>\n<td style=\"width: 164.875px;\"><a href=\"..\/\/_2022_\/informacion publica\/abril\/NUMERAL 10\/COTIZACIONES Y LICITACIONES SEICMSJ.pdf\"><img decoding=\"async\" class=\"aligncenter wp-image-3229\" src=\"https:\/\/seij.gob.gt\/udisep\/wp-content\/uploads\/2020\/02\/pdf_3.jpg\" alt=\"\" width=\"70\" height=\"76\" \/><\/a><\/td>\n<td style=\"width: 160.938px;\"><a href=\"..\/\/_2022_\/informacion publica\/abril\/NUMERAL 10\/COTIZACIONES Y LICITACIONES SEICMSJ.xlsx\"><img decoding=\"async\" class=\"aligncenter wp-image-3226\" src=\"https:\/\/seij.gob.gt\/udisep\/wp-content\/uploads\/2020\/02\/excel_1.jpg\" alt=\"\" width=\"84\" height=\"87\" \/><\/a><\/td>\n<\/tr>\n<tr>\n<td style=\"width: 357.188px;\">&nbsp;<\/p>\n<p><span style=\"color: #000080; font-family: arial, helvetica, sans-serif; font-size: 14pt;\">Programa PREVI<\/span><\/td>\n<td style=\"width: 164.875px;\"><a href=\"..\/\/_2022_\/informacion publica\/abril\/NUMERAL 10\/COTIZACIONES Y LICITACIONES PREVI.pdf\"><img decoding=\"async\" class=\"aligncenter wp-image-3229\" src=\"https:\/\/seij.gob.gt\/udisep\/wp-content\/uploads\/2020\/02\/pdf_3.jpg\" alt=\"\" width=\"70\" height=\"76\" \/><\/a><\/td>\n<td style=\"width: 160.938px;\"><a href=\"..\/\/_2022_\/informacion publica\/abril\/NUMERAL 10\/COTIZACIONES Y LICITACIONES PREVI.xlsx\"><img decoding=\"async\" class=\"aligncenter wp-image-3226\" src=\"https:\/\/seij.gob.gt\/udisep\/wp-content\/uploads\/2020\/02\/excel_1.jpg\" alt=\"\" width=\"84\" height=\"87\" \/><\/a><\/td>\n<\/tr>\n<\/tbody>\n<\/table>\n<table>\n<tbody>\n<tr>\n<td style=\"width: 695px;\" colspan=\"3\"><span style=\"font-family: 'arial black', sans-serif; font-size: 18pt;\">Marzo<\/span><\/td>\n<\/tr>\n<tr>\n<td style=\"width: 357.188px;\">&nbsp;<\/p>\n<p><span style=\"font-family: arial, helvetica, sans-serif; color: #000080; font-size: 14pt;\">Secretar\u00eda Ejecutiva de la ICMSJ<\/span><\/td>\n<td style=\"width: 164.875px;\"><a href=\"..\/\/_2022_\/informacion publica\/marzo\/NUMERAL 10\/COTIZACIONES Y LICITACIONES SEICMSJ.pdf\"><img decoding=\"async\" class=\"aligncenter wp-image-3229\" src=\"https:\/\/seij.gob.gt\/udisep\/wp-content\/uploads\/2020\/02\/pdf_3.jpg\" alt=\"\" width=\"70\" height=\"76\" \/><\/a><\/td>\n<td style=\"width: 160.938px;\"><a href=\"..\/\/_2022_\/informacion publica\/marzo\/NUMERAL 10\/COTIZACIONES Y LICITACIONES SEICMSJ.xlsx\"><img decoding=\"async\" class=\"aligncenter wp-image-3226\" src=\"https:\/\/seij.gob.gt\/udisep\/wp-content\/uploads\/2020\/02\/excel_1.jpg\" alt=\"\" width=\"84\" height=\"87\" \/><\/a><\/td>\n<\/tr>\n<tr>\n<td style=\"width: 357.188px;\">&nbsp;<\/p>\n<p><span style=\"color: #000080; font-family: arial, helvetica, sans-serif; font-size: 14pt;\">Programa PREVI<\/span><\/td>\n<td style=\"width: 164.875px;\"><a href=\"..\/\/_2022_\/informacion publica\/marzo\/NUMERAL 10\/COTIZACIONES Y LICITACIONES PREVI.pdf\"><img decoding=\"async\" class=\"aligncenter wp-image-3229\" src=\"https:\/\/seij.gob.gt\/udisep\/wp-content\/uploads\/2020\/02\/pdf_3.jpg\" alt=\"\" width=\"70\" height=\"76\" \/><\/a><\/td>\n<td style=\"width: 160.938px;\"><a href=\"..\/\/_2022_\/informacion publica\/marzo\/NUMERAL 10\/COTIZACIONES Y LICITACIONES PREVI.xlsx\"><img decoding=\"async\" class=\"aligncenter wp-image-3226\" src=\"https:\/\/seij.gob.gt\/udisep\/wp-content\/uploads\/2020\/02\/excel_1.jpg\" alt=\"\" width=\"84\" height=\"87\" \/><\/a><\/td>\n<\/tr>\n<\/tbody>\n<\/table>\n<table style=\"height: 271px;\" width=\"705\">\n<tbody>\n<tr>\n<td style=\"width: 695px;\" colspan=\"3\"><span style=\"font-family: 'arial black', sans-serif; font-size: 18pt;\">Febrero<\/span><\/td>\n<\/tr>\n<tr>\n<td style=\"width: 357.188px;\">&nbsp;<\/p>\n<p><span style=\"font-family: arial, helvetica, sans-serif; color: #000080; font-size: 14pt;\">Secretar\u00eda Ejecutiva de la ICMSJ<\/span><\/td>\n<td style=\"width: 164.875px;\"><a href=\"..\/\/_2022_\/informacion publica\/febrero\/NUMERAL 10\/COTIZACIONES Y LICITACIONES SEICMSJ.pdf\"><img decoding=\"async\" class=\"aligncenter wp-image-3229\" src=\"https:\/\/seij.gob.gt\/udisep\/wp-content\/uploads\/2020\/02\/pdf_3.jpg\" alt=\"\" width=\"70\" height=\"76\" \/><\/a><\/td>\n<td style=\"width: 160.938px;\"><a href=\"..\/\/_2022_\/informacion publica\/febrero\/NUMERAL 10\/COTIZACIONES Y LICITACIONES SEICMSJ.xlsx\"><img decoding=\"async\" class=\"aligncenter wp-image-3226\" src=\"https:\/\/seij.gob.gt\/udisep\/wp-content\/uploads\/2020\/02\/excel_1.jpg\" alt=\"\" width=\"84\" height=\"87\" \/><\/a><\/td>\n<\/tr>\n<tr>\n<td style=\"width: 357.188px;\">&nbsp;<\/p>\n<p><span style=\"color: #000080; font-family: arial, helvetica, sans-serif; font-size: 14pt;\">Programa PREVI<\/span><\/td>\n<td style=\"width: 164.875px;\"><a href=\"..\/\/_2022_\/informacion publica\/febrero\/NUMERAL 10\/COTIZACIONES Y LICITACIONES PREVI.pdf\"><img decoding=\"async\" class=\"aligncenter wp-image-3229\" src=\"https:\/\/seij.gob.gt\/udisep\/wp-content\/uploads\/2020\/02\/pdf_3.jpg\" alt=\"\" width=\"70\" height=\"76\" \/><\/a><\/td>\n<td style=\"width: 160.938px;\"><a href=\"..\/\/_2022_\/informacion publica\/febrero\/NUMERAL 10\/COTIZACIONES Y LICITACIONES PREVI.xls\"><img decoding=\"async\" class=\"aligncenter wp-image-3226\" src=\"https:\/\/seij.gob.gt\/udisep\/wp-content\/uploads\/2020\/02\/excel_1.jpg\" alt=\"\" width=\"84\" height=\"87\" \/><\/a><\/td>\n<\/tr>\n<\/tbody>\n<\/table>\n<table style=\"height: 66px;\" width=\"702\">\n<tbody>\n<tr>\n<td style=\"width: 355.516px;\" colspan=\"3\"><span style=\"font-family: 'arial black', sans-serif; font-size: 18pt;\">Enero<\/span><\/td>\n<\/tr>\n<tr>\n<td style=\"width: 355.516px;\">&nbsp;<\/p>\n<p><span style=\"font-family: arial, helvetica, sans-serif; color: #000080; font-size: 14pt;\">Secretar\u00eda Ejecutiva de la ICMSJ<\/span><\/td>\n<td style=\"width: 164.234px;\"><a href=\"https:\/\/seij.gob.gt\/udisep\/wp-content\/uploads\/2022\/05\/COTIZACIONES-Y-LICITACIONES-SEICMSJ.pdf\"><img decoding=\"async\" class=\"aligncenter wp-image-3229\" src=\"https:\/\/seij.gob.gt\/udisep\/wp-content\/uploads\/2020\/02\/pdf_3.jpg\" alt=\"\" width=\"70\" height=\"76\" \/><\/a><\/td>\n<td style=\"width: 160.25px;\"><a href=\"https:\/\/seij.gob.gt\/udisep\/wp-content\/uploads\/2022\/05\/COTIZACIONES-Y-LICITACIONES-SEICMSJ.xlsx\"><img decoding=\"async\" class=\"aligncenter wp-image-3226\" src=\"https:\/\/seij.gob.gt\/udisep\/wp-content\/uploads\/2020\/02\/excel_1.jpg\" alt=\"\" width=\"84\" height=\"87\" \/><\/a><\/td>\n<\/tr>\n<tr>\n<td style=\"width: 355.516px;\">&nbsp;<\/p>\n<p><span style=\"color: #000080; font-family: arial, helvetica, sans-serif; font-size: 14pt;\">Programa PREVI<\/span><\/td>\n<td style=\"width: 164.234px;\"><a href=\"..\/\/_2022_\/informacion publica\/enero\/NUMERAL 10\/PROCESOS DE COTIZACI\u00d3N Y LICITACI\u00d3N PREVI.pdf\"><img decoding=\"async\" class=\"aligncenter wp-image-3229\" src=\"https:\/\/seij.gob.gt\/udisep\/wp-content\/uploads\/2020\/02\/pdf_3.jpg\" alt=\"\" width=\"70\" height=\"76\" \/><\/a><\/td>\n<td style=\"width: 160.25px;\"><a href=\"..\/\/_2022_\/informacion publica\/enero\/NUMERAL 10\/PROCESOS DE COTIZACI\u00d3N Y LICITACI\u00d3N PREVI.xls\"><img decoding=\"async\" class=\"aligncenter wp-image-3226\" src=\"https:\/\/seij.gob.gt\/udisep\/wp-content\/uploads\/2020\/02\/excel_1.jpg\" alt=\"\" width=\"84\" height=\"87\" \/><\/a><\/td>\n<\/tr>\n<tr>\n<td style=\"width: 355.516px;\">&nbsp;<\/p>\n<p><span style=\"color: #000080; font-size: 14pt; font-family: arial, helvetica, sans-serif;\">Contrato INCERSA<\/span><\/td>\n<td style=\"width: 164.234px;\"><a href=\"..\/\/_2022_\/informacion publica\/enero\/NUMERAL 10\/CONTRATO INRESA ADQUISICION DE EQUIPOS DE AUDIO Y VIDEOCONFERENCIA.pdf\"><img decoding=\"async\" class=\"aligncenter wp-image-3229\" src=\"https:\/\/seij.gob.gt\/udisep\/wp-content\/uploads\/2020\/02\/pdf_3.jpg\" alt=\"\" width=\"70\" height=\"76\" \/><\/a><\/td>\n<td style=\"width: 160.25px;\"><\/td>\n<\/tr>\n<\/tbody>\n<\/table>\n<p>&nbsp;<\/p>\n<p>&nbsp;<\/p>\n","protected":false},"excerpt":{"rendered":"<p>Procesos de cotizaci\u00f3n y licitaci\u00f3n para programas del sujeto obligado que tengan beneficiarios directos e indirecto. &nbsp; Diciembre \u00a0 Secretar\u00eda Ejecutiva de la ICMSJ \u00a0 Programa PREVI Noviembre &nbsp; Secretar\u00eda Ejecutiva de la ICMSJ &nbsp; Programa PREVI Octubre &nbsp; Secretar\u00eda Ejecutiva de la ICMSJ &nbsp; Programa PREVI Septiembre &nbsp; Secretar\u00eda Ejecutiva de la ICMSJ &nbsp; [&hellip;]<\/p>\n","protected":false},"author":1,"featured_media":0,"parent":0,"menu_order":0,"comment_status":"closed","ping_status":"closed","template":"","meta":{"_et_pb_use_builder":"","_et_pb_old_content":"","_et_gb_content_width":"","footnotes":""},"class_list":["post-4422","page","type-page","status-publish","hentry"],"nelio_popups_active_popup":"","_links":{"self":[{"href":"https:\/\/seij.gob.gt\/udisep\/wp-json\/wp\/v2\/pages\/4422","targetHints":{"allow":["GET"]}}],"collection":[{"href":"https:\/\/seij.gob.gt\/udisep\/wp-json\/wp\/v2\/pages"}],"about":[{"href":"https:\/\/seij.gob.gt\/udisep\/wp-json\/wp\/v2\/types\/page"}],"author":[{"embeddable":true,"href":"https:\/\/seij.gob.gt\/udisep\/wp-json\/wp\/v2\/users\/1"}],"replies":[{"embeddable":true,"href":"https:\/\/seij.gob.gt\/udisep\/wp-json\/wp\/v2\/comments?post=4422"}],"version-history":[{"count":20,"href":"https:\/\/seij.gob.gt\/udisep\/wp-json\/wp\/v2\/pages\/4422\/revisions"}],"predecessor-version":[{"id":4622,"href":"https:\/\/seij.gob.gt\/udisep\/wp-json\/wp\/v2\/pages\/4422\/revisions\/4622"}],"wp:attachment":[{"href":"https:\/\/seij.gob.gt\/udisep\/wp-json\/wp\/v2\/media?parent=4422"}],"curies":[{"name":"wp","href":"https:\/\/api.w.org\/{rel}","templated":true}]}}