{"id":5014,"date":"2023-01-16T13:24:55","date_gmt":"2023-01-16T19:24:55","guid":{"rendered":"https:\/\/seij.gob.gt\/udisep\/?page_id=5014"},"modified":"2023-03-31T14:59:00","modified_gmt":"2023-03-31T20:59:00","slug":"numeral-5-ano-2023","status":"publish","type":"page","link":"https:\/\/seij.gob.gt\/udisep\/numeral-5-ano-2023\/","title":{"rendered":"Numeral 5 a\u00f1o 2023"},"content":{"rendered":"<h1 style=\"text-align: center;\"><span style=\"color: #000080; font-family: arial black, sans-serif;\">Visi\u00f3n, Misi\u00f3n, Objetivos, Plan Operativo Anual y Resultados del -POA-<\/span><\/h1>\n<p>&nbsp;<\/p>\n<table style=\"height: 556px;\" width=\"836\">\n<tbody>\n<tr>\n<td style=\"width: 150.133px;\">\n<h2 style=\"text-align: center;\"><span style=\"color: #000080;\">VISI\u00d3N<\/span><\/h2>\n<\/td>\n<td style=\"width: 671.067px;\"><span style=\"font-size: 14pt;\"><em>Ser el \u00f3rgano ejecutor y coordinador de los planes, programas y proyectos sectoriales acordados por la Instancia Coordinadora de la Modernizaci\u00f3n del Sector Justicia.<\/em><\/span><\/td>\n<\/tr>\n<tr>\n<td style=\"width: 150.133px;\">\n<h2 style=\"text-align: center;\"><span style=\"color: #000080;\">MISI\u00d3N<\/span><\/h2>\n<\/td>\n<td style=\"width: 671.067px;\"><span style=\"font-size: 14pt;\"><em>Cumplir con lo encomendado por la Instancia Coordinadora de la Modernizaci\u00f3n del Sector Justicia, garantizando el acceso, la eficiencia y el fortalecimiento de la administraci\u00f3n de la justicia, a efecto de consolidar el Estado de Derecho.<\/em><\/span><\/td>\n<\/tr>\n<tr>\n<td style=\"width: 150.133px;\">\n<h2 style=\"text-align: center;\"><span style=\"color: #000080;\">OBJETIVOS<\/span><\/h2>\n<\/td>\n<td style=\"width: 671.067px;\">\n<ol>\n<li><span style=\"font-size: 14pt;\"><em>Coordinar actividades, procedimiento y programas que optimicen el empleo de los recursos humanos, materiales y t\u00e9cnicos, de manera integral, racional y permanente, para el fortalecimiento y la modernizaci\u00f3n de la justicia.<\/em><\/span><\/li>\n<li><span style=\"font-size: 14pt;\"><em>Apoyar a la Instancia Coordinadora de la Modernizaci\u00f3n del Sector Justicia en el fortalecimiento de la Justicia y en la modernizaci\u00f3n de las instituciones que la conforman.<\/em><\/span><\/li>\n<li><span style=\"font-size: 14pt;\"><em>\u00a0Promover el acceso a la justicia; y facilitar la participaci\u00f3n de la sociedad civil para lograr fortalecer las instituciones del sector justicia y seguridad.<\/em><\/span><\/li>\n<\/ol>\n<\/td>\n<\/tr>\n<\/tbody>\n<\/table>\n<p>&nbsp;<\/p>\n<table style=\"border-collapse: collapse; width: 79.779%; height: 159px;\">\n<tbody>\n<tr>\n<td style=\"width: 54.4669%;\"><span style=\"color: #333399; font-size: 14pt;\">Plan Estrat\u00e9gico Institucional -PEI-<\/span><\/td>\n<td style=\"width: 45.5331%;\"><a class=\"maxbutton-1 maxbutton maxbutton-seicmsj\" href=\"http:\/\/..\/\/_2023_\/informacion_publica\/febrero\/NUMERAL 5\/Plan Estrat\u00e9gico Institucional -PEI- SEICMSJ (2,023 -2,027).pdf\"><span class='mb-text'>PDF<\/span><\/a><\/td>\n<\/tr>\n<tr>\n<td style=\"width: 54.4669%;\"><span style=\"color: #333399; font-size: 14pt;\">Plan Operativo Anual -POA-<\/span><\/td>\n<td style=\"width: 45.5331%;\"><a class=\"maxbutton-1 maxbutton maxbutton-seicmsj\" href=\"http:\/\/..\/\/_2023_\/informacion_publica\/febrero\/NUMERAL 5\/Plan Operativo Anual -POA- SEICMSJ 2,023.pdf\"><span class='mb-text'>PDF<\/span><\/a><\/td>\n<\/tr>\n<tr>\n<td style=\"width: 54.4669%;\"><span style=\"color: #333399; font-size: 14pt;\">Plan Operativo Multianual -POM-<\/span><\/td>\n<td style=\"width: 45.5331%;\"><a class=\"maxbutton-1 maxbutton maxbutton-seicmsj\" href=\"http:\/\/..\/\/_2023_\/informacion_publica\/febrero\/NUMERAL 5\/Plan Operativo Multianual -POM- SEICMSJ 2,023.pdf\"><span class='mb-text'>PDF<\/span><\/a><\/td>\n<\/tr>\n<\/tbody>\n<\/table>\n<p>&nbsp;<\/p>\n<p>&nbsp;<\/p>\n<p>&nbsp;<\/p>\n","protected":false},"excerpt":{"rendered":"<p>Visi\u00f3n, Misi\u00f3n, Objetivos, Plan Operativo Anual y Resultados del -POA- &nbsp; VISI\u00d3N Ser el \u00f3rgano ejecutor y coordinador de los planes, programas y proyectos sectoriales acordados por la Instancia Coordinadora de la Modernizaci\u00f3n del Sector Justicia. MISI\u00d3N Cumplir con lo encomendado por la Instancia Coordinadora de la Modernizaci\u00f3n del Sector Justicia, garantizando el acceso, la [&hellip;]<\/p>\n","protected":false},"author":1,"featured_media":0,"parent":0,"menu_order":0,"comment_status":"closed","ping_status":"closed","template":"","meta":{"_et_pb_use_builder":"","_et_pb_old_content":"","_et_gb_content_width":"","footnotes":""},"class_list":["post-5014","page","type-page","status-publish","hentry"],"nelio_popups_active_popup":"","_links":{"self":[{"href":"https:\/\/seij.gob.gt\/udisep\/wp-json\/wp\/v2\/pages\/5014","targetHints":{"allow":["GET"]}}],"collection":[{"href":"https:\/\/seij.gob.gt\/udisep\/wp-json\/wp\/v2\/pages"}],"about":[{"href":"https:\/\/seij.gob.gt\/udisep\/wp-json\/wp\/v2\/types\/page"}],"author":[{"embeddable":true,"href":"https:\/\/seij.gob.gt\/udisep\/wp-json\/wp\/v2\/users\/1"}],"replies":[{"embeddable":true,"href":"https:\/\/seij.gob.gt\/udisep\/wp-json\/wp\/v2\/comments?post=5014"}],"version-history":[{"count":6,"href":"https:\/\/seij.gob.gt\/udisep\/wp-json\/wp\/v2\/pages\/5014\/revisions"}],"predecessor-version":[{"id":5290,"href":"https:\/\/seij.gob.gt\/udisep\/wp-json\/wp\/v2\/pages\/5014\/revisions\/5290"}],"wp:attachment":[{"href":"https:\/\/seij.gob.gt\/udisep\/wp-json\/wp\/v2\/media?parent=5014"}],"curies":[{"name":"wp","href":"https:\/\/api.w.org\/{rel}","templated":true}]}}