{"id":5036,"date":"2023-01-16T14:03:17","date_gmt":"2023-01-16T20:03:17","guid":{"rendered":"https:\/\/seij.gob.gt\/udisep\/?page_id=5036"},"modified":"2024-01-15T16:05:01","modified_gmt":"2024-01-15T22:05:01","slug":"numeral-22-ano-2023","status":"publish","type":"page","link":"https:\/\/seij.gob.gt\/udisep\/numeral-22-ano-2023\/","title":{"rendered":"Numeral 22 a\u00f1o 2023"},"content":{"rendered":"<h1><span style=\"color: #333399;\">Listados de compras directas<\/span><\/h1>\n<table style=\"border-collapse: collapse; width: 792.95px;\">\n<tbody>\n<tr>\n<td style=\"width: 792.95px;\" colspan=\"3\"><span style=\"font-size: 14pt;\">Diciembre<\/span><\/td>\n<\/tr>\n<tr>\n<td style=\"width: 386px;\"><span style=\"font-size: 12pt; color: #333399;\">Secretar\u00eda Ejecutiva de la ICMSJ<\/span><\/td>\n<td style=\"width: 42px;\" width=\"5%\">\n<p style=\"text-align: right;\"><a class=\"maxbutton-1 maxbutton maxbutton-seicmsj\" href=\"http:\/\/..\/\/_2023_\/informacion_publica\/diciembre\/Numeral 22\/Listado de Compras Directas.pdf\"><span class='mb-text'>PDF<\/span><\/a><\/p>\n<\/td>\n<td style=\"width: 364.95px;\" width=\"45%\"><a class=\"maxbutton-2 maxbutton maxbutton-xls\" href=\"http:\/\/..\/\/_2023_\/informacion_publica\/diciembre\/Numeral 22\/Listado de Compras Directas.xlsx\"><span class='mb-text'>Xls<\/span><\/a><\/td>\n<\/tr>\n<\/tbody>\n<\/table>\n<table style=\"border-collapse: collapse; width: 83.5359%; height: 81px;\">\n<tbody>\n<tr>\n<td style=\"width: 95.5026%;\" colspan=\"3\"><span style=\"font-size: 14pt;\">Noviembre<\/span><\/td>\n<\/tr>\n<tr>\n<td style=\"width: 45.5026%;\"><span style=\"font-size: 12pt; color: #333399;\">Secretar\u00eda Ejecutiva de la ICMSJ<\/span><\/td>\n<td style=\"width: 19.1177%;\" width=\"5%\">\n<p style=\"text-align: right;\"><a class=\"maxbutton-1 maxbutton maxbutton-seicmsj\" href=\"http:\/\/..\/\/_2023_\/informacion_publica\/noviembre\/Numeral 22\/Listado de Compras Directas.pdf\"><span class='mb-text'>PDF<\/span><\/a><\/p>\n<\/td>\n<td style=\"width: 30.8823%;\" width=\"45%\"><a class=\"maxbutton-2 maxbutton maxbutton-xls\" href=\"http:\/\/..\/\/_2023_\/informacion_publica\/noviembre\/Numeral 22\/Listado de Compras Directas.xlsx\"><span class='mb-text'>Xls<\/span><\/a><\/td>\n<\/tr>\n<\/tbody>\n<\/table>\n<table style=\"border-collapse: collapse; width: 82.8174%; height: 134px;\">\n<tbody>\n<tr>\n<td style=\"width: 99.9999%;\" colspan=\"3\"><span style=\"font-size: 14pt;\">Octubre<\/span><\/td>\n<\/tr>\n<tr>\n<td style=\"width: 45.5026%;\"><span style=\"font-size: 12pt; color: #333399;\">Secretar\u00eda Ejecutiva de la ICMSJ<\/span><\/td>\n<td style=\"width: 28.4392%; text-align: right;\"><span style=\"font-size: 10pt;\"><a class=\"maxbutton-1 maxbutton maxbutton-seicmsj\" href=\"https:\/\/seij.gob.gt\/udisep\/wp-content\/uploads\/2024\/01\/COMPRAS-DIRECTAS.pdf\"><span class='mb-text'>PDF<\/span><\/a> <\/span><\/td>\n<td style=\"width: 26.0581%;\"><span style=\"font-size: 10pt;\"><a class=\"maxbutton-2 maxbutton maxbutton-xls\" href=\"https:\/\/seij.gob.gt\/udisep\/wp-content\/uploads\/2024\/01\/COMPRAS-DIRECTAS.xlsx\"><span class='mb-text'>Xls<\/span><\/a> <\/span><\/td>\n<\/tr>\n<\/tbody>\n<\/table>\n<table style=\"border-collapse: collapse; width: 83.5359%; height: 81px;\">\n<tbody>\n<tr>\n<td style=\"width: 99.9999%;\" colspan=\"3\"><span style=\"font-size: 14pt;\">Septiembre<\/span><\/td>\n<\/tr>\n<tr>\n<td style=\"width: 45.5026%;\"><span style=\"font-size: 12pt; color: #333399;\">Secretar\u00eda Ejecutiva de la ICMSJ<\/span><\/td>\n<td style=\"width: 28.4392%; text-align: right;\"><span style=\"font-size: 10pt;\"> <a class=\"maxbutton-1 maxbutton maxbutton-seicmsj\" href=\"http:\/\/..\/\/_2023_\/informacion_publica\/septiembre\/Numeral 22\/Compras Directas.pdf\"><span class='mb-text'>PDF<\/span><\/a>\u00a0<\/span><\/td>\n<td style=\"width: 26.0581%;\"><span style=\"font-size: 10pt;\"><a class=\"maxbutton-2 maxbutton maxbutton-xls\" href=\"http:\/\/..\/\/_2023_\/informacion_publica\/septiembre\/Numeral 22\/Compras Directas.xlsx\"><span class='mb-text'>Xls<\/span><\/a><\/span><\/td>\n<\/tr>\n<\/tbody>\n<\/table>\n<table style=\"border-collapse: collapse; width: 83.5359%; height: 81px;\">\n<tbody>\n<tr>\n<td style=\"width: 99.9999%;\" colspan=\"3\"><span style=\"font-size: 14pt;\">Agosto<\/span><\/td>\n<\/tr>\n<tr>\n<td style=\"width: 45.5026%;\"><span style=\"font-size: 12pt; color: #333399;\">Secretar\u00eda Ejecutiva de la ICMSJ<\/span><\/td>\n<td style=\"width: 28.4392%; text-align: right;\"><span style=\"font-size: 10pt;\"> <a class=\"maxbutton-1 maxbutton maxbutton-seicmsj\" href=\"http:\/\/..\/\/_2023_\/informacion_publica\/agosto\/NUMERAL 22\/NUMERAL 22 AGOSTO SEIJ.pdf\"><span class='mb-text'>PDF<\/span><\/a>\u00a0<\/span><\/td>\n<td style=\"width: 26.0581%;\"><span style=\"font-size: 10pt;\"><a class=\"maxbutton-2 maxbutton maxbutton-xls\" href=\"http:\/\/..\/\/_2023_\/informacion_publica\/agosto\/NUMERAL 22\/NUMERAL 22 AGOSTO SEIJ.xlsx\"><span class='mb-text'>Xls<\/span><\/a><\/span><\/td>\n<\/tr>\n<tr>\n<td style=\"width: 45.5026%;\"><span style=\"color: #333399; font-size: 12pt;\">Programa -PREVI-<\/span><\/td>\n<td style=\"width: 28.4392%; text-align: right;\"><span style=\"font-size: 10pt;\"><a class=\"maxbutton-1 maxbutton maxbutton-seicmsj\" href=\"http:\/\/..\/\/_2023_\/informacion_publica\/agosto\/NUMERAL 22\/NUMERAL 22 AGOSTO PREVI.pdf\"><span class='mb-text'>PDF<\/span><\/a>\u00a0<\/span><\/td>\n<td style=\"width: 26.0581%;\"><span style=\"font-size: 10pt;\"><a class=\"maxbutton-2 maxbutton maxbutton-xls\" href=\"http:\/\/..\/\/_2023_\/informacion_publica\/agosto\/NUMERAL 22\/NUMERAL 22 AGOSTO PREVI.xlsx\"><span class='mb-text'>Xls<\/span><\/a><\/span><\/td>\n<\/tr>\n<\/tbody>\n<\/table>\n<table style=\"border-collapse: collapse; width: 83.5359%; height: 81px;\">\n<tbody>\n<tr>\n<td style=\"width: 99.9999%;\" colspan=\"3\"><span style=\"font-size: 14pt;\">Julio<\/span><\/td>\n<\/tr>\n<tr>\n<td style=\"width: 45.5026%;\"><span style=\"font-size: 12pt; color: #333399;\">Secretar\u00eda Ejecutiva de la ICMSJ<\/span><\/td>\n<td style=\"width: 28.4392%; text-align: right;\"><span style=\"font-size: 10pt;\"> <a class=\"maxbutton-1 maxbutton maxbutton-seicmsj\" href=\"http:\/\/..\/\/_2023_\/informacion_publica\/julio\/Numeral 22\/Listado Compras Directas.pdf\"><span class='mb-text'>PDF<\/span><\/a>\u00a0<\/span><\/td>\n<td style=\"width: 26.0581%;\"><span style=\"font-size: 10pt;\"><a class=\"maxbutton-2 maxbutton maxbutton-xls\" href=\"http:\/\/..\/\/_2023_\/informacion_publica\/julio\/Numeral 22\/Listado Compras Directas.xlsx\"><span class='mb-text'>Xls<\/span><\/a><\/span><\/td>\n<\/tr>\n<tr>\n<td style=\"width: 45.5026%;\"><span style=\"color: #333399; font-size: 12pt;\">Programa -PREVI-<\/span><\/td>\n<td style=\"width: 28.4392%; text-align: right;\"><span style=\"font-size: 10pt;\"><a class=\"maxbutton-1 maxbutton maxbutton-seicmsj\" href=\"http:\/\/..\/\/_2023_\/informacion_publica\/julio\/Numeral 22\/Listado Compras Directas PREVI.pdf\"><span class='mb-text'>PDF<\/span><\/a>\u00a0<\/span><\/td>\n<td style=\"width: 26.0581%;\"><span style=\"font-size: 10pt;\"><a class=\"maxbutton-2 maxbutton maxbutton-xls\" href=\"http:\/\/..\/\/_2023_\/informacion_publica\/julio\/Numeral 22\/Listado Compras Directas PREVI.xlsx\"><span class='mb-text'>Xls<\/span><\/a><\/span><\/td>\n<\/tr>\n<\/tbody>\n<\/table>\n<table style=\"border-collapse: collapse; width: 83.5359%; height: 81px;\">\n<tbody>\n<tr>\n<td style=\"width: 99.9999%;\" colspan=\"3\"><span style=\"font-size: 14pt;\">Junio<\/span><\/td>\n<\/tr>\n<tr>\n<td style=\"width: 45.5026%;\"><span style=\"font-size: 12pt; color: #333399;\">Secretar\u00eda Ejecutiva de la ICMSJ<\/span><\/td>\n<td style=\"width: 28.4392%; text-align: right;\"><span style=\"font-size: 10pt;\"> <a class=\"maxbutton-1 maxbutton maxbutton-seicmsj\" href=\"http:\/\/..\/\/_2023_\/informacion_publica\/junio\/NUMERAL 22\/Numeral 22 COMPRAS DIRECTAS.pdf\"><span class='mb-text'>PDF<\/span><\/a>\u00a0<\/span><\/td>\n<td style=\"width: 26.0581%;\"><span style=\"font-size: 10pt;\"><a class=\"maxbutton-2 maxbutton maxbutton-xls\" href=\"http:\/\/..\/\/_2023_\/informacion_publica\/junio\/NUMERAL 22\/Numeral 22 COMPRAS DIRECTAS.xlsx\"><span class='mb-text'>Xls<\/span><\/a><\/span><\/td>\n<\/tr>\n<tr>\n<td style=\"width: 45.5026%;\"><span style=\"color: #333399; font-size: 12pt;\">Programa -PREVI-<\/span><\/td>\n<td style=\"width: 28.4392%; text-align: right;\"><span style=\"font-size: 10pt;\"><a class=\"maxbutton-1 maxbutton maxbutton-seicmsj\" href=\"http:\/\/..\/\/_2023_\/informacion_publica\/junio\/NUMERAL 22\/Numeral 22 NUMERAL 22 - COMPRAS DIRECTAS PREVI.pdf\"><span class='mb-text'>PDF<\/span><\/a>\u00a0<\/span><\/td>\n<td style=\"width: 26.0581%;\"><span style=\"font-size: 10pt;\"><a class=\"maxbutton-2 maxbutton maxbutton-xls\" href=\"http:\/\/..\/\/_2023_\/informacion_publica\/junio\/NUMERAL 22\/NUMERAL 22 - COMPRAS DIRECTAS PREVI.xls\"><span class='mb-text'>Xls<\/span><\/a><\/span><\/td>\n<\/tr>\n<\/tbody>\n<\/table>\n<table style=\"border-collapse: collapse; width: 83.5359%; height: 81px;\">\n<tbody>\n<tr>\n<td style=\"width: 99.9999%;\" colspan=\"3\"><span style=\"font-size: 14pt;\">Mayo<\/span><\/td>\n<\/tr>\n<tr>\n<td style=\"width: 45.5026%;\"><span style=\"font-size: 12pt; color: #333399;\">Secretar\u00eda Ejecutiva de la ICMSJ<\/span><\/td>\n<td style=\"width: 28.4392%; text-align: right;\"><span style=\"font-size: 10pt;\"> <a class=\"maxbutton-1 maxbutton maxbutton-seicmsj\" href=\"http:\/\/..\/\/_2023_\/informacion_publica\/mayo\/NUMERAL 22\/COMPRAS DIRECTAS SEICMSJ.pdf\"><span class='mb-text'>PDF<\/span><\/a>\u00a0<\/span><\/td>\n<td style=\"width: 26.0581%;\"><span style=\"font-size: 10pt;\"><a class=\"maxbutton-2 maxbutton maxbutton-xls\" href=\"http:\/\/..\/\/_2023_\/informacion_publica\/mayo\/NUMERAL 22\/Numeral 22 PREVI.xlsx\"><span class='mb-text'>Xls<\/span><\/a><\/span><\/td>\n<\/tr>\n<tr>\n<td style=\"width: 45.5026%;\"><span style=\"color: #333399; font-size: 12pt;\">Programa -PREVI-<\/span><\/td>\n<td style=\"width: 28.4392%; text-align: right;\"><span style=\"font-size: 10pt;\"><a class=\"maxbutton-1 maxbutton maxbutton-seicmsj\" href=\"http:\/\/..\/\/_2023_\/informacion_publica\/mayo\/NUMERAL 22\/COMPRAS DIRECTAS PREVI.pdf\"><span class='mb-text'>PDF<\/span><\/a>\u00a0<\/span><\/td>\n<td style=\"width: 26.0581%;\"><span style=\"font-size: 10pt;\"><a class=\"maxbutton-2 maxbutton maxbutton-xls\" href=\"http:\/\/..\/\/_2023_\/informacion_publica\/mayo\/NUMERAL 22\/COMPRAS DIRECTAS PREVI.xlsx\"><span class='mb-text'>Xls<\/span><\/a><\/span><\/td>\n<\/tr>\n<\/tbody>\n<\/table>\n<table style=\"border-collapse: collapse; width: 83.5359%; height: 81px;\">\n<tbody>\n<tr>\n<td style=\"width: 99.9999%;\" colspan=\"3\"><span style=\"font-size: 14pt;\">Abril<\/span><\/td>\n<\/tr>\n<tr>\n<td style=\"width: 45.5026%;\"><span style=\"font-size: 12pt; color: #333399;\">Secretar\u00eda Ejecutiva de la ICMSJ<\/span><\/td>\n<td style=\"width: 28.4392%; text-align: right;\"><span style=\"font-size: 10pt;\"> <a class=\"maxbutton-1 maxbutton maxbutton-seicmsj\" href=\"http:\/\/..\/\/_2023_\/informacion_publica\/abril\/NUMERAL 22\/COMPRAS DIRECTAS SEICMSJ.pdf\"><span class='mb-text'>PDF<\/span><\/a>\u00a0<\/span><\/td>\n<td style=\"width: 26.0581%;\"><span style=\"font-size: 10pt;\"><a class=\"maxbutton-2 maxbutton maxbutton-xls\" href=\"http:\/\/..\/\/_2023_\/informacion_publica\/abril\/NUMERAL 22\/COMPRAS DIRECTAS SEICMSJ.xlsx\"><span class='mb-text'>Xls<\/span><\/a><\/span><\/td>\n<\/tr>\n<tr>\n<td style=\"width: 45.5026%;\"><span style=\"color: #333399; font-size: 12pt;\">Programa -PREVI-<\/span><\/td>\n<td style=\"width: 28.4392%; text-align: right;\"><span style=\"font-size: 10pt;\"><a class=\"maxbutton-1 maxbutton maxbutton-seicmsj\" href=\"http:\/\/..\/\/_2023_\/informacion_publica\/abril\/NUMERAL 22\/COMPRAS DIRECTAS PREVI.pdf\"><span class='mb-text'>PDF<\/span><\/a>\u00a0<\/span><\/td>\n<td style=\"width: 26.0581%;\"><span style=\"font-size: 10pt;\"><a class=\"maxbutton-2 maxbutton maxbutton-xls\" href=\"http:\/\/..\/\/_2023_\/informacion_publica\/abril\/NUMERAL 22\/COMPRAS DIRECTAS PREVI.xlsx\"><span class='mb-text'>Xls<\/span><\/a><\/span><\/td>\n<\/tr>\n<\/tbody>\n<\/table>\n<table style=\"border-collapse: collapse; width: 83.5359%; height: 81px;\">\n<tbody>\n<tr>\n<td style=\"width: 99.9999%;\" colspan=\"3\"><span style=\"font-size: 14pt;\">Marzo<\/span><\/td>\n<\/tr>\n<tr>\n<td style=\"width: 45.5026%;\"><span style=\"font-size: 12pt; color: #333399;\">Secretar\u00eda Ejecutiva de la ICMSJ<\/span><\/td>\n<td style=\"width: 28.4392%; text-align: right;\"><span style=\"font-size: 10pt;\"> <a class=\"maxbutton-1 maxbutton maxbutton-seicmsj\" href=\"http:\/\/..\/\/_2023_\/informacion_publica\/marzo\/NUMERAL 22\/COMPRAS DIRECTAS SEICMSJ.pdf\"><span class='mb-text'>PDF<\/span><\/a>\u00a0<\/span><\/td>\n<td style=\"width: 26.0581%;\"><span style=\"font-size: 10pt;\"><a class=\"maxbutton-2 maxbutton maxbutton-xls\" href=\"http:\/\/..\/\/_2023_\/informacion_publica\/marzo\/NUMERAL 22\/COMPRAS DIRECTAS SEICMSJ.xlsx\"><span class='mb-text'>Xls<\/span><\/a><\/span><\/td>\n<\/tr>\n<tr>\n<td style=\"width: 45.5026%;\"><span style=\"color: #333399; font-size: 12pt;\">Programa -PREVI-<\/span><\/td>\n<td style=\"width: 28.4392%; text-align: right;\"><span style=\"font-size: 10pt;\"><a class=\"maxbutton-1 maxbutton maxbutton-seicmsj\" href=\"http:\/\/..\/\/_2023_\/informacion_publica\/marzo\/NUMERAL 22\/COMPRAS DIRECTAS PREVI.pdf\"><span class='mb-text'>PDF<\/span><\/a>\u00a0<\/span><\/td>\n<td style=\"width: 26.0581%;\"><span style=\"font-size: 10pt;\"><a class=\"maxbutton-2 maxbutton maxbutton-xls\" href=\"http:\/\/..\/\/_2023_\/informacion_publica\/marzo\/NUMERAL 22\/COMPRAS DIRECTAS PREVI.xlsx\"><span class='mb-text'>Xls<\/span><\/a><\/span><\/td>\n<\/tr>\n<\/tbody>\n<\/table>\n<table style=\"border-collapse: collapse; width: 83.5359%; height: 81px;\">\n<tbody>\n<tr>\n<td style=\"width: 99.9999%;\" colspan=\"3\"><span style=\"font-size: 14pt;\">Febrero<\/span><\/td>\n<\/tr>\n<tr>\n<td style=\"width: 45.5026%;\"><span style=\"font-size: 12pt; color: #333399;\">Secretar\u00eda Ejecutiva de la ICMSJ<\/span><\/td>\n<td style=\"width: 28.4392%; text-align: right;\"><span style=\"font-size: 10pt;\"> <a class=\"maxbutton-1 maxbutton maxbutton-seicmsj\" href=\"http:\/\/..\/\/_2023_\/informacion_publica\/febrero\/NUMERAL 22\/COMPRAS DIRECTAS SEICMSJ.pdf\"><span class='mb-text'>PDF<\/span><\/a>\u00a0<\/span><\/td>\n<td style=\"width: 26.0581%;\"><span style=\"font-size: 10pt;\"><a class=\"maxbutton-2 maxbutton maxbutton-xls\" href=\"http:\/\/..\/\/_2023_\/informacion_publica\/febrero\/NUMERAL 22\/COMPRAS DIRECTAS SEICMSJ.xlsx\"><span class='mb-text'>Xls<\/span><\/a><\/span><\/td>\n<\/tr>\n<tr>\n<td style=\"width: 45.5026%;\"><span style=\"color: #333399; font-size: 12pt;\">Programa -PREVI-<\/span><\/td>\n<td style=\"width: 28.4392%; text-align: right;\"><span style=\"font-size: 10pt;\"><a class=\"maxbutton-1 maxbutton maxbutton-seicmsj\" href=\"http:\/\/..\/\/_2023_\/informacion_publica\/enero\/NUMERAL 22\/COMPRAS DIRECTAS PREVI.pdf\"><span class='mb-text'>PDF<\/span><\/a>\u00a0<\/span><\/td>\n<td style=\"width: 26.0581%;\"><span style=\"font-size: 10pt;\"><a class=\"maxbutton-2 maxbutton maxbutton-xls\" href=\"http:\/\/..\/\/_2023_\/informacion_publica\/enero\/NUMERAL 22\/COMPRAS DIRECTAS PREVI.xls\"><span class='mb-text'>Xls<\/span><\/a><\/span><\/td>\n<\/tr>\n<\/tbody>\n<\/table>\n<table style=\"border-collapse: collapse; width: 83.5359%; height: 81px;\">\n<tbody>\n<tr>\n<td style=\"width: 99.9999%;\" colspan=\"3\"><span style=\"font-size: 14pt;\">Enero<\/span><\/td>\n<\/tr>\n<tr>\n<td style=\"width: 45.5026%;\"><span style=\"font-size: 12pt; color: #333399;\">Secretar\u00eda Ejecutiva de la ICMSJ<\/span><\/td>\n<td style=\"width: 28.4392%; text-align: right;\"><span style=\"font-size: 10pt;\"> <a class=\"maxbutton-1 maxbutton maxbutton-seicmsj\" href=\"http:\/\/..\/\/_2023_\/informacion_publica\/enero\/NUMERAL 22\/COMPRAS DIRECTAS SEICMSJ.pdf\"><span class='mb-text'>PDF<\/span><\/a>\u00a0<\/span><\/td>\n<td style=\"width: 26.0581%;\"><span style=\"font-size: 10pt;\"><a class=\"maxbutton-2 maxbutton maxbutton-xls\" href=\"http:\/\/..\/\/_2023_\/informacion_publica\/enero\/NUMERAL 22\/COMPRAS DIRECTAS SEICMSJ.xlsx\"><span class='mb-text'>Xls<\/span><\/a><\/span><\/td>\n<\/tr>\n<tr>\n<td style=\"width: 45.5026%;\"><span style=\"color: #333399; font-size: 12pt;\">Programa -PREVI-<\/span><\/td>\n<td style=\"width: 28.4392%; text-align: right;\"><span style=\"font-size: 10pt;\"><a class=\"maxbutton-1 maxbutton maxbutton-seicmsj\" href=\"http:\/\/..\/\/_2023_\/informacion_publica\/enero\/NUMERAL 22\/COMPRAS DIRECTAS PREVI.pdf\"><span class='mb-text'>PDF<\/span><\/a>\u00a0<\/span><\/td>\n<td style=\"width: 26.0581%;\"><span style=\"font-size: 10pt;\"><a class=\"maxbutton-2 maxbutton maxbutton-xls\" href=\"http:\/\/..\/\/_2023_\/informacion_publica\/enero\/NUMERAL 22\/COMPRAS DIRECTAS PREVI.xls\"><span class='mb-text'>Xls<\/span><\/a><\/span><\/td>\n<\/tr>\n<\/tbody>\n<\/table>\n","protected":false},"excerpt":{"rendered":"<p>Listados de compras directas Diciembre Secretar\u00eda Ejecutiva de la ICMSJ Noviembre Secretar\u00eda Ejecutiva de la ICMSJ Octubre Secretar\u00eda Ejecutiva de la ICMSJ Septiembre Secretar\u00eda Ejecutiva de la ICMSJ \u00a0 Agosto Secretar\u00eda Ejecutiva de la ICMSJ \u00a0 Programa -PREVI- \u00a0 Julio Secretar\u00eda Ejecutiva de la ICMSJ \u00a0 Programa -PREVI- \u00a0 Junio Secretar\u00eda Ejecutiva de la ICMSJ [&hellip;]<\/p>\n","protected":false},"author":1,"featured_media":0,"parent":0,"menu_order":0,"comment_status":"closed","ping_status":"closed","template":"","meta":{"_et_pb_use_builder":"","_et_pb_old_content":"","_et_gb_content_width":"","footnotes":""},"class_list":["post-5036","page","type-page","status-publish","hentry"],"nelio_popups_active_popup":"","_links":{"self":[{"href":"https:\/\/seij.gob.gt\/udisep\/wp-json\/wp\/v2\/pages\/5036","targetHints":{"allow":["GET"]}}],"collection":[{"href":"https:\/\/seij.gob.gt\/udisep\/wp-json\/wp\/v2\/pages"}],"about":[{"href":"https:\/\/seij.gob.gt\/udisep\/wp-json\/wp\/v2\/types\/page"}],"author":[{"embeddable":true,"href":"https:\/\/seij.gob.gt\/udisep\/wp-json\/wp\/v2\/users\/1"}],"replies":[{"embeddable":true,"href":"https:\/\/seij.gob.gt\/udisep\/wp-json\/wp\/v2\/comments?post=5036"}],"version-history":[{"count":17,"href":"https:\/\/seij.gob.gt\/udisep\/wp-json\/wp\/v2\/pages\/5036\/revisions"}],"predecessor-version":[{"id":5632,"href":"https:\/\/seij.gob.gt\/udisep\/wp-json\/wp\/v2\/pages\/5036\/revisions\/5632"}],"wp:attachment":[{"href":"https:\/\/seij.gob.gt\/udisep\/wp-json\/wp\/v2\/media?parent=5036"}],"curies":[{"name":"wp","href":"https:\/\/api.w.org\/{rel}","templated":true}]}}