{"id":5153,"date":"2023-01-26T10:40:07","date_gmt":"2023-01-26T16:40:07","guid":{"rendered":"https:\/\/seij.gob.gt\/udisep\/?page_id=5153"},"modified":"2023-01-26T10:40:46","modified_gmt":"2023-01-26T16:40:46","slug":"transparencia-presupuestaria-2022","status":"publish","type":"page","link":"https:\/\/seij.gob.gt\/udisep\/transparencia-presupuestaria-2022\/","title":{"rendered":"Transparencia presupuestaria 2022"},"content":{"rendered":"<p>&nbsp;<\/p>\n<table>\n<tbody>\n<tr>\n<td style=\"width: 855.091px; text-align: center;\"><strong><span style=\"font-size: 14pt;\"><span style=\"font-family: arial, helvetica, sans-serif; color: #000080;\">2022<\/span><\/span><\/strong><\/td>\n<\/tr>\n<tr>\n<td style=\"width: 855.091px;\"><a href=\"https:\/\/seij.gob.gt\/udisep\/wp-content\/uploads\/2023\/01\/Memoria-de-Labores.pdf\"><span style=\"font-size: 14pt;\"><span style=\"font-family: arial, helvetica, sans-serif; color: #000080;\">Memoria de labores a\u00f1o 2022<\/span><\/span><\/a><\/td>\n<\/tr>\n<tr>\n<td style=\"width: 855.091px;\"><span style=\"font-size: 14pt;\"><a href=\"https:\/\/seij.gob.gt\/udisep\/wp-content\/uploads\/2022\/03\/estrategia-de-gasto-2022.pdf\"><span style=\"font-family: arial, helvetica, sans-serif; color: #000080;\">Estrategia para la mejora de la ejecuci\u00f3n y calidad del gasto p\u00fablico 2022<\/span><\/a><\/span><\/td>\n<\/tr>\n<tr>\n<td style=\"width: 855.091px;\"><span style=\"font-size: 14pt;\"><a href=\"..\/\/_2021_\/trasparencia\/Mejora de la ejecucio\u0301n y calidad del gasto 2021.pdf\"><span style=\"font-family: arial, helvetica, sans-serif; color: #000080;\">Estrategia para la mejora de la ejecuci\u00f3n y calidad del gasto p\u00fablico<\/span><\/a><\/span><\/td>\n<\/tr>\n<tr>\n<td style=\"width: 855.091px;\"><span style=\"font-size: 14pt;\"><a href=\"https:\/\/seij.gob.gt\/udisep\/articulo-6\/\"><span style=\"font-family: arial, helvetica, sans-serif; color: #000080;\">Art\u00edculo 6 Transparencia y eficiencia del gasto p\u00fablico<\/span><\/a><\/span><\/td>\n<\/tr>\n<tr>\n<td style=\"width: 855.091px;\"><span style=\"font-size: 14pt;\"><a href=\"https:\/\/seij.gob.gt\/udisep\/articulo-13-registro-personal-029-y-081\/\"><span style=\"font-family: arial, helvetica, sans-serif; color: #000080;\">Art\u00edculo 13 Registro personal 029 y 081<\/span><\/a><\/span><\/td>\n<\/tr>\n<\/tbody>\n<\/table>\n","protected":false},"excerpt":{"rendered":"<p>&nbsp; 2022 Memoria de labores a\u00f1o 2022 Estrategia para la mejora de la ejecuci\u00f3n y calidad del gasto p\u00fablico 2022 Estrategia para la mejora de la ejecuci\u00f3n y calidad del gasto p\u00fablico Art\u00edculo 6 Transparencia y eficiencia del gasto p\u00fablico Art\u00edculo 13 Registro personal 029 y 081<\/p>\n","protected":false},"author":1,"featured_media":0,"parent":0,"menu_order":0,"comment_status":"closed","ping_status":"closed","template":"","meta":{"_et_pb_use_builder":"","_et_pb_old_content":"","_et_gb_content_width":"","footnotes":""},"class_list":["post-5153","page","type-page","status-publish","hentry"],"nelio_popups_active_popup":"","_links":{"self":[{"href":"https:\/\/seij.gob.gt\/udisep\/wp-json\/wp\/v2\/pages\/5153","targetHints":{"allow":["GET"]}}],"collection":[{"href":"https:\/\/seij.gob.gt\/udisep\/wp-json\/wp\/v2\/pages"}],"about":[{"href":"https:\/\/seij.gob.gt\/udisep\/wp-json\/wp\/v2\/types\/page"}],"author":[{"embeddable":true,"href":"https:\/\/seij.gob.gt\/udisep\/wp-json\/wp\/v2\/users\/1"}],"replies":[{"embeddable":true,"href":"https:\/\/seij.gob.gt\/udisep\/wp-json\/wp\/v2\/comments?post=5153"}],"version-history":[{"count":2,"href":"https:\/\/seij.gob.gt\/udisep\/wp-json\/wp\/v2\/pages\/5153\/revisions"}],"predecessor-version":[{"id":5155,"href":"https:\/\/seij.gob.gt\/udisep\/wp-json\/wp\/v2\/pages\/5153\/revisions\/5155"}],"wp:attachment":[{"href":"https:\/\/seij.gob.gt\/udisep\/wp-json\/wp\/v2\/media?parent=5153"}],"curies":[{"name":"wp","href":"https:\/\/api.w.org\/{rel}","templated":true}]}}