{"id":5156,"date":"2023-01-26T10:52:24","date_gmt":"2023-01-26T16:52:24","guid":{"rendered":"https:\/\/seij.gob.gt\/udisep\/?page_id=5156"},"modified":"2024-02-23T11:03:09","modified_gmt":"2024-02-23T17:03:09","slug":"decreto-54-2022","status":"publish","type":"page","link":"https:\/\/seij.gob.gt\/udisep\/decreto-54-2022\/","title":{"rendered":"Decreto 54-2022"},"content":{"rendered":"<p><span style=\"color: #0c97ed;\"><a style=\"color: #0c97ed;\" href=\"https:\/\/seij.gob.gt\/udisep\/wp-content\/uploads\/2024\/02\/MEMORIA-DE-LABORES-2023-SEICMSJ.pdf\"><span style=\"font-family: arial, helvetica, sans-serif;\"><span style=\"font-size: 18.6667px;\"><b><i>Memoria de Labores 2023<\/i><\/b><\/span><\/span><\/a><\/span><\/p>\n<p><span style=\"color: #0c97ed;\"><a style=\"color: #0c97ed;\" href=\"https:\/\/seij.gob.gt\/udisep\/articulo-20-transparencia-y-eficiencia-del-gasto-publico\/\"><span style=\"font-family: arial, helvetica, sans-serif; font-size: 14pt;\"><strong><em>Art\u00edculo 20: \u00a0Transparencia y eficiencia del gasto p\u00fablico.<\/em><\/strong><\/span><\/a><\/span><\/p>\n<p><span style=\"font-size: 14pt; color: #0c97ed;\"><a style=\"color: #0c97ed;\" href=\"https:\/\/seij.gob.gt\/udisep\/articulo-21-seguimiento-en-la-estrategia-para-la-mejora-de-la-ejecucion-y-calidad-del-gasto-publico\/\"><span style=\"font-family: arial, helvetica, sans-serif;\"><strong><em>Art\u00edculo 21: Seguimiento en la estrategia para la mejora de la ejecuci\u00f3n y calidad del <\/em><\/strong><strong><em>gasto p\u00fablico.<\/em><\/strong><\/span><\/a><\/span><\/p>\n<p><span style=\"color: #0c97ed;\"><a style=\"color: #0c97ed;\" href=\"https:\/\/seij.gob.gt\/udisep\/articulo-22-publicacion-de-informes-en-portales-web\/\"><span style=\"font-family: arial, helvetica, sans-serif; font-size: 14pt;\"><strong><em>Art\u00edculo 22: Publicaci\u00f3n de informes en portales web.<\/em><\/strong><\/span><\/a><\/span><\/p>\n<p><span style=\"color: #0c97ed;\"><a style=\"color: #0c97ed;\" href=\"https:\/\/seij.gob.gt\/udisep\/articulo-33-otras-remuneraciones-de-personal-temporal\/\"><span style=\"font-family: arial, helvetica, sans-serif; font-size: 14pt;\"><strong><em>Art\u00edculo 33: Otras remuneraciones de personal temporal.<\/em><\/strong><\/span><\/a><\/span><\/p>\n","protected":false},"excerpt":{"rendered":"<p>Memoria de Labores 2023 Art\u00edculo 20: \u00a0Transparencia y eficiencia del gasto p\u00fablico. Art\u00edculo 21: Seguimiento en la estrategia para la mejora de la ejecuci\u00f3n y calidad del gasto p\u00fablico. Art\u00edculo 22: Publicaci\u00f3n de informes en portales web. Art\u00edculo 33: Otras remuneraciones de personal temporal.<\/p>\n","protected":false},"author":1,"featured_media":0,"parent":0,"menu_order":0,"comment_status":"closed","ping_status":"closed","template":"","meta":{"_et_pb_use_builder":"","_et_pb_old_content":"","_et_gb_content_width":"","footnotes":""},"class_list":["post-5156","page","type-page","status-publish","hentry"],"nelio_popups_active_popup":"","_links":{"self":[{"href":"https:\/\/seij.gob.gt\/udisep\/wp-json\/wp\/v2\/pages\/5156","targetHints":{"allow":["GET"]}}],"collection":[{"href":"https:\/\/seij.gob.gt\/udisep\/wp-json\/wp\/v2\/pages"}],"about":[{"href":"https:\/\/seij.gob.gt\/udisep\/wp-json\/wp\/v2\/types\/page"}],"author":[{"embeddable":true,"href":"https:\/\/seij.gob.gt\/udisep\/wp-json\/wp\/v2\/users\/1"}],"replies":[{"embeddable":true,"href":"https:\/\/seij.gob.gt\/udisep\/wp-json\/wp\/v2\/comments?post=5156"}],"version-history":[{"count":7,"href":"https:\/\/seij.gob.gt\/udisep\/wp-json\/wp\/v2\/pages\/5156\/revisions"}],"predecessor-version":[{"id":5853,"href":"https:\/\/seij.gob.gt\/udisep\/wp-json\/wp\/v2\/pages\/5156\/revisions\/5853"}],"wp:attachment":[{"href":"https:\/\/seij.gob.gt\/udisep\/wp-json\/wp\/v2\/media?parent=5156"}],"curies":[{"name":"wp","href":"https:\/\/api.w.org\/{rel}","templated":true}]}}