{"id":6437,"date":"2025-02-04T11:19:54","date_gmt":"2025-02-04T17:19:54","guid":{"rendered":"https:\/\/seij.gob.gt\/udisep\/?page_id=6437"},"modified":"2026-02-04T14:24:20","modified_gmt":"2026-02-04T20:24:20","slug":"numeral-2-ano-2025","status":"publish","type":"page","link":"https:\/\/seij.gob.gt\/udisep\/numeral-2-ano-2025\/","title":{"rendered":"NUMERAL 2 A\u00d1O 2025"},"content":{"rendered":"<table style=\"border-collapse: collapse; width: 69.5242%;\">\n<tbody>\n<tr>\n<td style=\"width: 100%;\" colspan=\"3\"><span style=\"font-family: 'arial black', sans-serif; font-size: 12pt;\"><span style=\"vertical-align: inherit;\">Enero 2025<\/span><\/span><\/td>\n<\/tr>\n<tr>\n<td style=\"width: 47.9062%;\"><span style=\"font-size: 14pt;\"><strong><span style=\"font-family: arial, helvetica, sans-serif; color: #000080;\"><span style=\"vertical-align: inherit;\">Secretar\u00eda Ejecutiva de la ICMSJ<\/span><\/span><\/strong><\/span><\/td>\n<td style=\"width: 25.2931%;\"><a href=\"https:\/\/seij.gob.gt\/udisep\/wp-content\/uploads\/2025\/02\/2.-DIRECCIONES-Y-TELEFONOS-DE-LAS-DEPENDENCIAS-ENERO-2025.pdf\"><img decoding=\"async\" class=\"aligncenter wp-image-5733\" src=\"https:\/\/seij.gob.gt\/udisep\/wp-content\/uploads\/2024\/02\/1.png\" alt=\"\" width=\"107\" height=\"107\" \/><\/a><\/td>\n<td style=\"width: 26.8007%;\"><a href=\"https:\/\/seij.gob.gt\/udisep\/wp-content\/uploads\/2025\/02\/2.-DIRECCIONES-Y-TELEFONOS-DE-LAS-DEPENDENCIAS-ENERO-2025.xlsx\"><img decoding=\"async\" class=\"aligncenter wp-image-5734\" src=\"https:\/\/seij.gob.gt\/udisep\/wp-content\/uploads\/2024\/02\/2.png\" alt=\"\" width=\"110\" height=\"110\" \/><\/a><\/td>\n<\/tr>\n<\/tbody>\n<\/table>\n<table style=\"border-collapse: collapse; width: 69.5242%;\">\n<tbody>\n<tr>\n<td style=\"width: 100%;\" colspan=\"3\"><span style=\"font-family: 'arial black', sans-serif; font-size: 12pt;\"><span style=\"vertical-align: inherit;\">Febrero 2025<\/span><\/span><\/td>\n<\/tr>\n<tr>\n<td style=\"width: 47.9062%;\"><span style=\"font-size: 14pt;\"><strong><span style=\"font-family: arial, helvetica, sans-serif; color: #000080;\"><span style=\"vertical-align: inherit;\">Secretar\u00eda Ejecutiva de la ICMSJ<\/span><\/span><\/strong><\/span><\/td>\n<td style=\"width: 25.2931%;\"><a href=\"https:\/\/seij.gob.gt\/udisep\/wp-content\/uploads\/2025\/03\/2.-DIRECCIONES-Y-TELEFONOS-DE-LAS-DEPENDENCIAS-ENERO-2025.pdf\"><img decoding=\"async\" class=\"aligncenter wp-image-5733\" src=\"https:\/\/seij.gob.gt\/udisep\/wp-content\/uploads\/2024\/02\/1.png\" alt=\"\" width=\"107\" height=\"107\" \/><\/a><\/td>\n<td style=\"width: 26.8007%;\"><a href=\"https:\/\/seij.gob.gt\/udisep\/wp-content\/uploads\/2025\/02\/2.-DIRECCIONES-Y-TELEFONOS-DE-LAS-DEPENDENCIAS-ENERO-2025.xlsx\"><img decoding=\"async\" class=\"aligncenter wp-image-5734\" src=\"https:\/\/seij.gob.gt\/udisep\/wp-content\/uploads\/2024\/02\/2.png\" alt=\"\" width=\"110\" height=\"110\" \/><\/a><\/td>\n<\/tr>\n<\/tbody>\n<\/table>\n<table style=\"border-collapse: collapse; width: 69.5242%;\">\n<tbody>\n<tr>\n<td style=\"width: 100%;\" colspan=\"3\"><span style=\"font-family: 'arial black', sans-serif; font-size: 12pt;\"><span style=\"vertical-align: inherit;\">Marzo 2025<\/span><\/span><\/td>\n<\/tr>\n<tr>\n<td style=\"width: 47.9062%;\"><span style=\"font-size: 14pt;\"><strong><span style=\"font-family: arial, helvetica, sans-serif; color: #000080;\"><span style=\"vertical-align: inherit;\">Secretar\u00eda Ejecutiva de la ICMSJ<\/span><\/span><\/strong><\/span><\/td>\n<td style=\"width: 25.2931%;\"><a href=\"https:\/\/seij.gob.gt\/udisep\/wp-content\/uploads\/2025\/04\/2.-DIRECCIONES-Y-TELEFONOS-DE-LAS-DEPENDENCIAS-MARZO-2025.xlsx.pdf\"><img decoding=\"async\" class=\"aligncenter wp-image-5733\" src=\"https:\/\/seij.gob.gt\/udisep\/wp-content\/uploads\/2024\/02\/1.png\" alt=\"\" width=\"107\" height=\"107\" \/><\/a><\/td>\n<td style=\"width: 26.8007%;\"><a href=\"https:\/\/seij.gob.gt\/udisep\/wp-content\/uploads\/2025\/04\/2.-DIRECCIONES-Y-TELEFONOS-DE-LAS-DEPENDENCIAS-MARZO-2025.xlsx\"><img decoding=\"async\" class=\"aligncenter wp-image-5734\" src=\"https:\/\/seij.gob.gt\/udisep\/wp-content\/uploads\/2024\/02\/2.png\" alt=\"\" width=\"110\" height=\"110\" \/><\/a><\/td>\n<\/tr>\n<\/tbody>\n<\/table>\n<table style=\"border-collapse: collapse; width: 69.5242%;\">\n<tbody>\n<tr>\n<td style=\"width: 100%;\" colspan=\"3\"><span style=\"font-family: 'arial black', sans-serif; font-size: 12pt;\"><span style=\"vertical-align: inherit;\">Abril 2025<\/span><\/span><\/td>\n<\/tr>\n<tr>\n<td style=\"width: 47.9062%;\"><span style=\"font-size: 14pt;\"><strong><span style=\"font-family: arial, helvetica, sans-serif; color: #000080;\"><span style=\"vertical-align: inherit;\">Secretar\u00eda Ejecutiva de la ICMSJ<\/span><\/span><\/strong><\/span><\/td>\n<td style=\"width: 25.2931%;\"><a href=\"https:\/\/seij.gob.gt\/udisep\/wp-content\/uploads\/2025\/05\/2.-DIRECCIONES-Y-TELEFONOS-DE-LAS-DEPENDENCIAS-ABRIL-2025.pdf\"><img decoding=\"async\" class=\"aligncenter wp-image-5733\" src=\"https:\/\/seij.gob.gt\/udisep\/wp-content\/uploads\/2024\/02\/1.png\" alt=\"\" width=\"107\" height=\"107\" \/><\/a><\/td>\n<td style=\"width: 26.8007%;\"><a href=\"https:\/\/seij.gob.gt\/udisep\/wp-content\/uploads\/2025\/05\/2.-DIRECCIONES-Y-TELEFONOS-DE-LAS-DEPENDENCIAS-ABRIL-2025.xlsx\"><img decoding=\"async\" class=\"aligncenter wp-image-5734\" src=\"https:\/\/seij.gob.gt\/udisep\/wp-content\/uploads\/2024\/02\/2.png\" alt=\"\" width=\"110\" height=\"110\" \/><\/a><\/td>\n<\/tr>\n<\/tbody>\n<\/table>\n<table style=\"border-collapse: collapse; width: 69.5242%;\">\n<tbody>\n<tr>\n<td style=\"width: 100%;\" colspan=\"3\"><span style=\"font-family: 'arial black', sans-serif; font-size: 12pt;\"><span style=\"vertical-align: inherit;\">Mayo 2025<\/span><\/span><\/td>\n<\/tr>\n<tr>\n<td style=\"width: 47.9062%;\"><span style=\"font-size: 14pt;\"><strong><span style=\"font-family: arial, helvetica, sans-serif; color: #000080;\"><span style=\"vertical-align: inherit;\">Secretar\u00eda Ejecutiva de la ICMSJ<\/span><\/span><\/strong><\/span><\/td>\n<td style=\"width: 25.2931%;\"><a href=\"https:\/\/seij.gob.gt\/udisep\/wp-content\/uploads\/2025\/07\/2.-DIRECCIONES-Y-TELEFONOS-DE-LAS-DEPENDENCIAS-MAYO-2025.pdf\"><img decoding=\"async\" class=\"aligncenter wp-image-5733\" src=\"https:\/\/seij.gob.gt\/udisep\/wp-content\/uploads\/2024\/02\/1.png\" alt=\"\" width=\"107\" height=\"107\" \/><\/a><\/td>\n<td style=\"width: 26.8007%;\"><a href=\"https:\/\/seij.gob.gt\/udisep\/wp-content\/uploads\/2025\/07\/2.-DIRECCIONES-Y-TELEFONOS-DE-LAS-DEPENDENCIAS-MAYO-2025.xlsx\"><img decoding=\"async\" class=\"aligncenter wp-image-5734\" src=\"https:\/\/seij.gob.gt\/udisep\/wp-content\/uploads\/2024\/02\/2.png\" alt=\"\" width=\"110\" height=\"110\" \/><\/a><\/td>\n<\/tr>\n<\/tbody>\n<\/table>\n<table style=\"border-collapse: collapse; width: 69.5242%;\">\n<tbody>\n<tr>\n<td style=\"width: 100%;\" colspan=\"3\"><span style=\"font-family: 'arial black', sans-serif; font-size: 12pt;\"><span style=\"vertical-align: inherit;\">Junio 2025<\/span><\/span><\/td>\n<\/tr>\n<tr>\n<td style=\"width: 47.9062%;\"><span style=\"font-size: 14pt;\"><strong><span style=\"font-family: arial, helvetica, sans-serif; color: #000080;\"><span style=\"vertical-align: inherit;\">Secretar\u00eda Ejecutiva de la ICMSJ<\/span><\/span><\/strong><\/span><\/td>\n<td style=\"width: 25.2931%;\"><a href=\"https:\/\/seij.gob.gt\/udisep\/wp-content\/uploads\/2025\/07\/2.-DIRECCIONES-Y-TELEFONOS-DE-LAS-DEPENDENCIAS-JUNIO-2025.pdf\"><img decoding=\"async\" class=\"aligncenter wp-image-5733\" src=\"https:\/\/seij.gob.gt\/udisep\/wp-content\/uploads\/2024\/02\/1.png\" alt=\"\" width=\"107\" height=\"107\" \/><\/a><\/td>\n<td style=\"width: 26.8007%;\"><a href=\"https:\/\/seij.gob.gt\/udisep\/wp-content\/uploads\/2025\/07\/2.-DIRECCIONES-Y-TELEFONOS-DE-LAS-DEPENDENCIAS-JUNIO-2025.xlsx\"><img decoding=\"async\" class=\"aligncenter wp-image-5734\" src=\"https:\/\/seij.gob.gt\/udisep\/wp-content\/uploads\/2024\/02\/2.png\" alt=\"\" width=\"110\" height=\"110\" \/><\/a><\/td>\n<\/tr>\n<\/tbody>\n<\/table>\n<table style=\"border-collapse: collapse; width: 69.5242%;\">\n<tbody>\n<tr>\n<td style=\"width: 100%;\" colspan=\"3\"><span style=\"font-family: 'arial black', sans-serif; font-size: 12pt;\"><span style=\"vertical-align: inherit;\">Julio 2025<\/span><\/span><\/td>\n<\/tr>\n<tr>\n<td style=\"width: 47.9062%;\"><span style=\"font-size: 14pt;\"><strong><span style=\"font-family: arial, helvetica, sans-serif; color: #000080;\"><span style=\"vertical-align: inherit;\">Secretar\u00eda Ejecutiva de la ICMSJ<\/span><\/span><\/strong><\/span><\/td>\n<td style=\"width: 25.2931%;\"><a href=\"https:\/\/seij.gob.gt\/udisep\/wp-content\/uploads\/2025\/08\/2.-DIRECCIONES-Y-TELEFONOS-DE-LAS-DEPENDENCIAS-JULIO-2025.pdf\"><img decoding=\"async\" class=\"aligncenter wp-image-5733\" src=\"https:\/\/seij.gob.gt\/udisep\/wp-content\/uploads\/2024\/02\/1.png\" alt=\"\" width=\"107\" height=\"107\" \/><\/a><\/td>\n<td style=\"width: 26.8007%;\"><a href=\"https:\/\/seij.gob.gt\/udisep\/wp-content\/uploads\/2025\/08\/2.-DIRECCIONES-Y-TELEFONOS-DE-LAS-DEPENDENCIAS-JULIO-2025.xlsx\"><img decoding=\"async\" class=\"aligncenter wp-image-5734\" src=\"https:\/\/seij.gob.gt\/udisep\/wp-content\/uploads\/2024\/02\/2.png\" alt=\"\" width=\"110\" height=\"110\" \/><\/a><\/td>\n<\/tr>\n<\/tbody>\n<\/table>\n<table style=\"border-collapse: collapse; width: 69.5242%;\">\n<tbody>\n<tr>\n<td style=\"width: 100%;\" colspan=\"3\"><span style=\"font-family: 'arial black', sans-serif; font-size: 12pt;\"><span style=\"vertical-align: inherit;\">Agosto 2025<\/span><\/span><\/td>\n<\/tr>\n<tr>\n<td style=\"width: 47.9062%;\"><span style=\"font-size: 14pt;\"><strong><span style=\"font-family: arial, helvetica, sans-serif; color: #000080;\"><span style=\"vertical-align: inherit;\">Secretar\u00eda Ejecutiva de la ICMSJ<\/span><\/span><\/strong><\/span><\/td>\n<td style=\"width: 25.2931%;\"><a href=\"https:\/\/seij.gob.gt\/udisep\/wp-content\/uploads\/2025\/09\/2.-DIRECCIONES-Y-TELEFONOS-DE-LAS-DEPENDENCIAS-AGOSTO-2025.pdf\"><img decoding=\"async\" class=\"aligncenter wp-image-5733\" src=\"https:\/\/seij.gob.gt\/udisep\/wp-content\/uploads\/2024\/02\/1.png\" alt=\"\" width=\"107\" height=\"107\" \/><\/a><\/td>\n<td style=\"width: 26.8007%;\"><a href=\"https:\/\/seij.gob.gt\/udisep\/wp-content\/uploads\/2025\/09\/2.-DIRECCIONES-Y-TELEFONOS-DE-LAS-DEPENDENCIAS-AGOSTO-2025.xlsx\"><img decoding=\"async\" class=\"aligncenter wp-image-5734\" src=\"https:\/\/seij.gob.gt\/udisep\/wp-content\/uploads\/2024\/02\/2.png\" alt=\"\" width=\"110\" height=\"110\" \/><\/a><\/td>\n<\/tr>\n<\/tbody>\n<\/table>\n<table style=\"border-collapse: collapse; width: 69.5242%;\">\n<tbody>\n<tr>\n<td style=\"width: 100%;\" colspan=\"3\"><span style=\"font-family: 'arial black', sans-serif; font-size: 12pt;\"><span style=\"vertical-align: inherit;\">Septiembre 2025<\/span><\/span><\/td>\n<\/tr>\n<tr>\n<td style=\"width: 47.9062%;\"><span style=\"font-size: 14pt;\"><strong><span style=\"font-family: arial, helvetica, sans-serif; color: #000080;\"><span style=\"vertical-align: inherit;\">Secretar\u00eda Ejecutiva de la ICMSJ<\/span><\/span><\/strong><\/span><\/td>\n<td style=\"width: 25.2931%;\"><a href=\"https:\/\/seij.gob.gt\/udisep\/wp-content\/uploads\/2025\/10\/2.-DIRECCIONES-Y-TELEFONOS-DE-LAS-DEPENDENCIAS-SEPTIEMBRE-2025.pdf\"><img decoding=\"async\" class=\"aligncenter wp-image-5733\" src=\"https:\/\/seij.gob.gt\/udisep\/wp-content\/uploads\/2024\/02\/1.png\" alt=\"\" width=\"107\" height=\"107\" \/><\/a><\/td>\n<td style=\"width: 26.8007%;\"><a href=\"https:\/\/seij.gob.gt\/udisep\/wp-content\/uploads\/2025\/10\/2.-DIRECCIONES-Y-TELEFONOS-DE-LAS-DEPENDENCIAS-SEPTIEMBRE-2025.xlsx\"><img decoding=\"async\" class=\"aligncenter wp-image-5734\" src=\"https:\/\/seij.gob.gt\/udisep\/wp-content\/uploads\/2024\/02\/2.png\" alt=\"\" width=\"110\" height=\"110\" \/><\/a><\/td>\n<\/tr>\n<\/tbody>\n<\/table>\n<table style=\"border-collapse: collapse; width: 69.5242%;\">\n<tbody>\n<tr>\n<td style=\"width: 100%;\" colspan=\"3\"><span style=\"font-family: 'arial black', sans-serif; font-size: 12pt;\"><span style=\"vertical-align: inherit;\">Octubre 2025<\/span><\/span><\/td>\n<\/tr>\n<tr>\n<td style=\"width: 47.9062%;\"><span style=\"font-size: 14pt;\"><strong><span style=\"font-family: arial, helvetica, sans-serif; color: #000080;\"><span style=\"vertical-align: inherit;\">Secretar\u00eda Ejecutiva de la ICMSJ<\/span><\/span><\/strong><\/span><\/td>\n<td style=\"width: 25.2931%;\"><a href=\"https:\/\/seij.gob.gt\/udisep\/wp-content\/uploads\/2025\/11\/2.-DIRECCIONES-Y-TELEFONOS-DE-LAS-DEPENDENCIAS-OCTUBRE-2025.pdf\"><img decoding=\"async\" class=\"aligncenter wp-image-5733\" src=\"https:\/\/seij.gob.gt\/udisep\/wp-content\/uploads\/2024\/02\/1.png\" alt=\"\" width=\"107\" height=\"107\" \/><\/a><\/td>\n<td style=\"width: 26.8007%;\"><a href=\"https:\/\/seij.gob.gt\/udisep\/wp-content\/uploads\/2025\/11\/2.-DIRECCIONES-Y-TELEFONOS-DE-LAS-DEPENDENCIAS-OCTUBRE-2025.xlsx\"><img decoding=\"async\" class=\"aligncenter wp-image-5734\" src=\"https:\/\/seij.gob.gt\/udisep\/wp-content\/uploads\/2024\/02\/2.png\" alt=\"\" width=\"110\" height=\"110\" \/><\/a><\/td>\n<\/tr>\n<\/tbody>\n<\/table>\n<table style=\"border-collapse: collapse; width: 69.5242%;\">\n<tbody>\n<tr>\n<td style=\"width: 100%;\" colspan=\"3\"><span style=\"font-family: 'arial black', sans-serif; font-size: 12pt;\"><span style=\"vertical-align: inherit;\">Noviembre 2025<\/span><\/span><\/td>\n<\/tr>\n<tr>\n<td style=\"width: 47.9062%;\"><span style=\"font-size: 14pt;\"><strong><span style=\"font-family: arial, helvetica, sans-serif; color: #000080;\"><span style=\"vertical-align: inherit;\">Secretar\u00eda Ejecutiva de la ICMSJ<\/span><\/span><\/strong><\/span><\/td>\n<td style=\"width: 25.2931%;\"><a href=\"https:\/\/seij.gob.gt\/udisep\/wp-content\/uploads\/2025\/12\/2.-DIRECCIONES-Y-TELEFONOS-DE-LAS-DEPENDENCIAS-NOVIEMBRE-2025.pdf\"><img decoding=\"async\" class=\"aligncenter wp-image-5733\" src=\"https:\/\/seij.gob.gt\/udisep\/wp-content\/uploads\/2024\/02\/1.png\" alt=\"\" width=\"107\" height=\"107\" \/><\/a><\/td>\n<td style=\"width: 26.8007%;\"><a href=\"https:\/\/seij.gob.gt\/udisep\/wp-content\/uploads\/2025\/12\/2.-DIRECCIONES-Y-TELEFONOS-DE-LAS-DEPENDENCIAS-NOVIEMBRE-2025.xlsx\"><img decoding=\"async\" class=\"aligncenter wp-image-5734\" src=\"https:\/\/seij.gob.gt\/udisep\/wp-content\/uploads\/2024\/02\/2.png\" alt=\"\" width=\"110\" height=\"110\" \/><\/a><\/td>\n<\/tr>\n<\/tbody>\n<\/table>\n<table style=\"border-collapse: collapse; width: 69.5242%;\">\n<tbody>\n<tr>\n<td style=\"width: 100%;\" colspan=\"3\"><span style=\"font-family: 'arial black', sans-serif; font-size: 12pt;\"><span style=\"vertical-align: inherit;\">Diciembre 2025<\/span><\/span><\/td>\n<\/tr>\n<tr>\n<td style=\"width: 47.9062%;\"><span style=\"font-size: 14pt;\"><strong><span style=\"font-family: arial, helvetica, sans-serif; color: #000080;\"><span style=\"vertical-align: inherit;\">Secretar\u00eda Ejecutiva de la ICMSJ<\/span><\/span><\/strong><\/span><\/td>\n<td style=\"width: 25.2931%;\"><a href=\"https:\/\/seij.gob.gt\/udisep\/wp-content\/uploads\/2026\/01\/2.-DIRECCIONES-Y-TELEFONOS-DE-LAS-DEPENDENCIAS-DICIEMBRE-2025.pdf\"><img decoding=\"async\" class=\"aligncenter wp-image-5733\" src=\"https:\/\/seij.gob.gt\/udisep\/wp-content\/uploads\/2024\/02\/1.png\" alt=\"\" width=\"107\" height=\"107\" \/><\/a><\/td>\n<td style=\"width: 26.8007%;\"><a href=\"https:\/\/seij.gob.gt\/udisep\/wp-content\/uploads\/2026\/01\/2.-DIRECCIONES-Y-TELEFONOS-DE-LAS-DEPENDENCIAS-DICIEMBRE-2025.xlsx\"><img decoding=\"async\" class=\"aligncenter wp-image-5734\" src=\"https:\/\/seij.gob.gt\/udisep\/wp-content\/uploads\/2024\/02\/2.png\" alt=\"\" width=\"110\" height=\"110\" \/><\/a><\/td>\n<\/tr>\n<\/tbody>\n<\/table>\n","protected":false},"excerpt":{"rendered":"<p>Enero 2025 Secretar\u00eda Ejecutiva de la ICMSJ Febrero 2025 Secretar\u00eda Ejecutiva de la ICMSJ Marzo 2025 Secretar\u00eda Ejecutiva de la ICMSJ Abril 2025 Secretar\u00eda Ejecutiva de la ICMSJ Mayo 2025 Secretar\u00eda Ejecutiva de la ICMSJ Junio 2025 Secretar\u00eda Ejecutiva de la ICMSJ Julio 2025 Secretar\u00eda Ejecutiva de la ICMSJ Agosto 2025 Secretar\u00eda Ejecutiva de la [&hellip;]<\/p>\n","protected":false},"author":1,"featured_media":0,"parent":0,"menu_order":0,"comment_status":"closed","ping_status":"closed","template":"","meta":{"_et_pb_use_builder":"","_et_pb_old_content":"","_et_gb_content_width":"","footnotes":""},"class_list":["post-6437","page","type-page","status-publish","hentry"],"nelio_popups_active_popup":"","_links":{"self":[{"href":"https:\/\/seij.gob.gt\/udisep\/wp-json\/wp\/v2\/pages\/6437","targetHints":{"allow":["GET"]}}],"collection":[{"href":"https:\/\/seij.gob.gt\/udisep\/wp-json\/wp\/v2\/pages"}],"about":[{"href":"https:\/\/seij.gob.gt\/udisep\/wp-json\/wp\/v2\/types\/page"}],"author":[{"embeddable":true,"href":"https:\/\/seij.gob.gt\/udisep\/wp-json\/wp\/v2\/users\/1"}],"replies":[{"embeddable":true,"href":"https:\/\/seij.gob.gt\/udisep\/wp-json\/wp\/v2\/comments?post=6437"}],"version-history":[{"count":23,"href":"https:\/\/seij.gob.gt\/udisep\/wp-json\/wp\/v2\/pages\/6437\/revisions"}],"predecessor-version":[{"id":7522,"href":"https:\/\/seij.gob.gt\/udisep\/wp-json\/wp\/v2\/pages\/6437\/revisions\/7522"}],"wp:attachment":[{"href":"https:\/\/seij.gob.gt\/udisep\/wp-json\/wp\/v2\/media?parent=6437"}],"curies":[{"name":"wp","href":"https:\/\/api.w.org\/{rel}","templated":true}]}}