{"id":7282,"date":"2025-09-29T19:23:06","date_gmt":"2025-09-30T01:23:06","guid":{"rendered":"https:\/\/seij.gob.gt\/udisep\/?page_id=7282"},"modified":"2026-02-18T11:32:42","modified_gmt":"2026-02-18T17:32:42","slug":"marco-normativo-2025","status":"publish","type":"page","link":"https:\/\/seij.gob.gt\/udisep\/marco-normativo-2025\/","title":{"rendered":"Marco Normativo"},"content":{"rendered":"<ul>\n<li><a href=\"https:\/\/seij.gob.gt\/udisep\/wp-content\/uploads\/2025\/09\/1.-CARTA-DE-INTENCION-DE-LA-INSTANCIA-COORDINADORA-DE-LA-MODERNIZACION-DEL-SECTOR-JUSTICIA.pdf\">Carta de intenci\u00f3n<\/a><\/li>\n<li><a href=\"https:\/\/seij.gob.gt\/udisep\/wp-content\/uploads\/2025\/09\/2.-CONVENIO-INTERINSTITUCIONAL-PARA-LA-CREACION-DE-LA-SEICMSJ.pdf\">Convenio interinstitucional<\/a><\/li>\n<li><a href=\"https:\/\/seij.gob.gt\/udisep\/wp-content\/uploads\/2025\/09\/3.-Aprobacion-creacion-de-CAJs.pdf\">Aprobaci\u00f3n Creaci\u00f3n Caj&#8217;s<\/a><\/li>\n<li><a href=\"https:\/\/seij.gob.gt\/udisep\/wp-content\/uploads\/2025\/09\/4.-Integracion-IDPP-a-ICMSJ.pdf\">Integraci\u00f3n del IDPP a ICMSJ<\/a><\/li>\n<li><a href=\"https:\/\/seij.gob.gt\/udisep\/wp-content\/uploads\/2025\/09\/5.-DECRETO-89-98-Y-SUS-REFORMAS-DEL-CONGRESO-DE-LA-REPUBLICA-DE-GUATEMALA.pdf\">Decreto N\u00famero 89-98 y sus Reformas\u00a0<\/a><\/li>\n<li><a href=\"https:\/\/seij.gob.gt\/udisep\/wp-content\/uploads\/2025\/09\/6.-Acuerdo-numero-ICMSJ-001-2006-REGLAMENTO-OPERATIVO-DE-SEICMSJ.pdf\">Acuerdo n\u00famero ICMSJ- 001-2006<\/a><\/li>\n<li><a href=\"https:\/\/seij.gob.gt\/udisep\/wp-content\/uploads\/2025\/09\/7.-Reforma-al-Decreto-89-98-Decreto-9-2019.pdf\">Reforma al Decreto 89-98 (Decreto-9-2019)<\/a><\/li>\n<\/ul>\n","protected":false},"excerpt":{"rendered":"<p>Carta de intenci\u00f3n Convenio interinstitucional Aprobaci\u00f3n Creaci\u00f3n Caj&#8217;s Integraci\u00f3n del IDPP a ICMSJ Decreto N\u00famero 89-98 y sus Reformas\u00a0 Acuerdo n\u00famero ICMSJ- 001-2006 Reforma al Decreto 89-98 (Decreto-9-2019)<\/p>\n","protected":false},"author":1,"featured_media":0,"parent":0,"menu_order":0,"comment_status":"closed","ping_status":"closed","template":"","meta":{"_et_pb_use_builder":"","_et_pb_old_content":"","_et_gb_content_width":"","footnotes":""},"class_list":["post-7282","page","type-page","status-publish","hentry"],"nelio_popups_active_popup":"","_links":{"self":[{"href":"https:\/\/seij.gob.gt\/udisep\/wp-json\/wp\/v2\/pages\/7282","targetHints":{"allow":["GET"]}}],"collection":[{"href":"https:\/\/seij.gob.gt\/udisep\/wp-json\/wp\/v2\/pages"}],"about":[{"href":"https:\/\/seij.gob.gt\/udisep\/wp-json\/wp\/v2\/types\/page"}],"author":[{"embeddable":true,"href":"https:\/\/seij.gob.gt\/udisep\/wp-json\/wp\/v2\/users\/1"}],"replies":[{"embeddable":true,"href":"https:\/\/seij.gob.gt\/udisep\/wp-json\/wp\/v2\/comments?post=7282"}],"version-history":[{"count":2,"href":"https:\/\/seij.gob.gt\/udisep\/wp-json\/wp\/v2\/pages\/7282\/revisions"}],"predecessor-version":[{"id":7791,"href":"https:\/\/seij.gob.gt\/udisep\/wp-json\/wp\/v2\/pages\/7282\/revisions\/7791"}],"wp:attachment":[{"href":"https:\/\/seij.gob.gt\/udisep\/wp-json\/wp\/v2\/media?parent=7282"}],"curies":[{"name":"wp","href":"https:\/\/api.w.org\/{rel}","templated":true}]}}