{"id":7762,"date":"2026-02-17T10:26:11","date_gmt":"2026-02-17T16:26:11","guid":{"rendered":"https:\/\/seij.gob.gt\/udisep\/?page_id=7762"},"modified":"2026-02-17T13:49:29","modified_gmt":"2026-02-17T19:49:29","slug":"decreto-36-2024-ano-2026","status":"publish","type":"page","link":"https:\/\/seij.gob.gt\/udisep\/decreto-36-2024-ano-2026\/","title":{"rendered":"Decreto 36-2024 a\u00f1o 2026"},"content":{"rendered":"<p><span style=\"font-family: arial, helvetica, sans-serif; font-size: 14pt; color: #0d85db;\"><strong>Art\u00edculo 21: Seguimiento en la estrategia para la mejora de la ejecuci\u00f3n y calidad del\u00a0<\/strong><strong>gasto p\u00fablico.<\/strong><\/span><\/p>\n<p><span style=\"font-family: arial, helvetica, sans-serif; font-size: 14pt; color: #0d85db;\"><strong>Art\u00edculo 22: Publicaci\u00f3n de informes en portales web.<\/strong><\/span><\/p>\n<p><a href=\"https:\/\/seij.gob.gt\/udisep\/articulo-35-otras-remuneraciones-de-personal-temporal-ano-2026\/\"><span style=\"font-family: arial, helvetica, sans-serif; font-size: 14pt; color: #0d85db;\"><strong>Art\u00edculo 35: Otras remuneraciones de personal temporal.<\/strong><\/span><\/a><\/p>\n<p><span style=\"color: #0d85db; font-family: arial, helvetica, sans-serif;\"><span style=\"font-size: 18.6667px;\"><b>Informe Primer Cuatrimestre<\/b><\/span><\/span><\/p>\n<p><span style=\"color: #0d85db; font-family: arial, helvetica, sans-serif;\"><span style=\"font-size: 18.6667px;\"><b>Informe Segundo Cuatrimestre<\/b><\/span><\/span><\/p>\n<p><span style=\"color: #0d85db; font-family: arial, helvetica, sans-serif;\"><span style=\"font-size: 18.6667px;\"><b>Informe Tercer Cuatrimestre<\/b><\/span><\/span><\/p>\n","protected":false},"excerpt":{"rendered":"<p>Art\u00edculo 21: Seguimiento en la estrategia para la mejora de la ejecuci\u00f3n y calidad del\u00a0gasto p\u00fablico. Art\u00edculo 22: Publicaci\u00f3n de informes en portales web. Art\u00edculo 35: Otras remuneraciones de personal temporal. Informe Primer Cuatrimestre Informe Segundo Cuatrimestre Informe Tercer Cuatrimestre<\/p>\n","protected":false},"author":1,"featured_media":0,"parent":0,"menu_order":0,"comment_status":"closed","ping_status":"closed","template":"","meta":{"_et_pb_use_builder":"","_et_pb_old_content":"","_et_gb_content_width":"","footnotes":""},"class_list":["post-7762","page","type-page","status-publish","hentry"],"nelio_popups_active_popup":"","_links":{"self":[{"href":"https:\/\/seij.gob.gt\/udisep\/wp-json\/wp\/v2\/pages\/7762","targetHints":{"allow":["GET"]}}],"collection":[{"href":"https:\/\/seij.gob.gt\/udisep\/wp-json\/wp\/v2\/pages"}],"about":[{"href":"https:\/\/seij.gob.gt\/udisep\/wp-json\/wp\/v2\/types\/page"}],"author":[{"embeddable":true,"href":"https:\/\/seij.gob.gt\/udisep\/wp-json\/wp\/v2\/users\/1"}],"replies":[{"embeddable":true,"href":"https:\/\/seij.gob.gt\/udisep\/wp-json\/wp\/v2\/comments?post=7762"}],"version-history":[{"count":10,"href":"https:\/\/seij.gob.gt\/udisep\/wp-json\/wp\/v2\/pages\/7762\/revisions"}],"predecessor-version":[{"id":7788,"href":"https:\/\/seij.gob.gt\/udisep\/wp-json\/wp\/v2\/pages\/7762\/revisions\/7788"}],"wp:attachment":[{"href":"https:\/\/seij.gob.gt\/udisep\/wp-json\/wp\/v2\/media?parent=7762"}],"curies":[{"name":"wp","href":"https:\/\/api.w.org\/{rel}","templated":true}]}}