{"id":8053,"date":"2026-04-21T14:07:14","date_gmt":"2026-04-21T20:07:14","guid":{"rendered":"https:\/\/seij.gob.gt\/udisep\/?page_id=8053"},"modified":"2026-04-21T14:28:45","modified_gmt":"2026-04-21T20:28:45","slug":"coordinacion-de-fortalecimiento-institucional-y-de-programas-2026","status":"publish","type":"page","link":"https:\/\/seij.gob.gt\/udisep\/coordinacion-de-fortalecimiento-institucional-y-de-programas-2026\/","title":{"rendered":"Coordinaci\u00f3n de Fortalecimiento Institucional y de Programas 2026"},"content":{"rendered":"<table style=\"border-collapse: collapse; width: 89.5397%; height: 23px;\">\n<tbody>\n<tr>\n<td style=\"width: 65.8996%;\"><span style=\"font-family: arial, helvetica, sans-serif; font-size: 14pt; color: #000080;\">Manual de Normas y Procedimientos de la Coordinaci\u00f3n de Fortalecimiento Institucional y de Programas<br \/>\n<\/span><\/td>\n<td style=\"width: 23.6401%;\"><a href=\"https:\/\/seij.gob.gt\/udisep\/wp-content\/uploads\/2026\/01\/MANUAL-DE-NORMAS-Y-PROCEDIMIENTOS-FORTALECIMIENTO-INSTITUCIONAL-Y-DE-PROGRAMAS-2025-V02.pdf\"><img decoding=\"async\" class=\"aligncenter wp-image-5733\" src=\"https:\/\/seij.gob.gt\/udisep\/wp-content\/uploads\/2024\/02\/1.png\" alt=\"\" width=\"116\" height=\"116\" \/><\/a><\/td>\n<\/tr>\n<tr>\n<td style=\"width: 65.8996%;\"><span style=\"font-size: 14pt; font-family: arial, helvetica, sans-serif; color: #000080;\">Manual de Normas y Procedimientos de Planificaci\u00f3n<\/span><\/td>\n<td style=\"width: 23.6401%;\"><a href=\"https:\/\/seij.gob.gt\/udisep\/wp-content\/uploads\/2026\/01\/MANUAL-DE-NORMAS-Y-PROCEDIMIENTOS-PLANIFICACION-2025-V02.pdf\"><img decoding=\"async\" class=\"aligncenter wp-image-5733\" src=\"https:\/\/seij.gob.gt\/udisep\/wp-content\/uploads\/2024\/02\/1.png\" alt=\"\" width=\"116\" height=\"116\" \/><\/a><\/td>\n<\/tr>\n<tr style=\"height: 23px;\">\n<td style=\"width: 65.8996%; height: 23px;\"><span style=\"font-size: 14pt; font-family: arial, helvetica, sans-serif; color: #000080;\">Manual de Normas y Procedimientos de Acceso a la Informaci\u00f3n P\u00fablica y Comunicaci\u00f3n social<\/span><\/td>\n<td style=\"width: 23.6401%; height: 23px;\"><a href=\"https:\/\/seij.gob.gt\/udisep\/wp-content\/uploads\/2026\/03\/MANUAL-UDISE-2025.pdf\"><img decoding=\"async\" class=\"aligncenter wp-image-5733\" src=\"https:\/\/seij.gob.gt\/udisep\/wp-content\/uploads\/2024\/02\/1.png\" alt=\"\" width=\"116\" height=\"116\" \/><\/a><\/td>\n<\/tr>\n<\/tbody>\n<\/table>\n<table style=\"border-collapse: collapse; width: 89.5397%; height: 23px;\">\n<tbody>\n<tr style=\"height: 23px;\">\n<td style=\"width: 65.8996%; height: 23px;\"><span style=\"font-size: 14pt; font-family: arial, helvetica, sans-serif; color: #000080;\">Gu\u00eda para el Traslado de Solicitudes de Informaci\u00f3n P\u00fablica de los Centros de Administraci\u00f3n de Justicia hacia la UDISE\u00a0<\/span><\/td>\n<td style=\"width: 23.6401%; height: 23px;\"><a href=\"https:\/\/seij.gob.gt\/udisep\/wp-content\/uploads\/2026\/01\/GUIA-PARA-EL-TRASLADO-DE-SOLICITUDES-DE-INFORMACION-PUBLICA-DE-LOS-CENTROS-DE-ADMINISTRACION-DE-JUSTICIA-HACIA-LA-UDISE.pdf\"><img decoding=\"async\" class=\"aligncenter wp-image-5733\" src=\"https:\/\/seij.gob.gt\/udisep\/wp-content\/uploads\/2024\/02\/1.png\" alt=\"\" width=\"116\" height=\"116\" \/><\/a><\/td>\n<\/tr>\n<\/tbody>\n<\/table>\n","protected":false},"excerpt":{"rendered":"<p>Manual de Normas y Procedimientos de la Coordinaci\u00f3n de Fortalecimiento Institucional y de Programas Manual de Normas y Procedimientos de Planificaci\u00f3n Manual de Normas y Procedimientos de Acceso a la Informaci\u00f3n P\u00fablica y Comunicaci\u00f3n social Gu\u00eda para el Traslado de Solicitudes de Informaci\u00f3n P\u00fablica de los Centros de Administraci\u00f3n de Justicia hacia la UDISE\u00a0<\/p>\n","protected":false},"author":1,"featured_media":0,"parent":0,"menu_order":0,"comment_status":"closed","ping_status":"closed","template":"","meta":{"_et_pb_use_builder":"","_et_pb_old_content":"","_et_gb_content_width":"","footnotes":""},"class_list":["post-8053","page","type-page","status-publish","hentry"],"nelio_popups_active_popup":"","_links":{"self":[{"href":"https:\/\/seij.gob.gt\/udisep\/wp-json\/wp\/v2\/pages\/8053","targetHints":{"allow":["GET"]}}],"collection":[{"href":"https:\/\/seij.gob.gt\/udisep\/wp-json\/wp\/v2\/pages"}],"about":[{"href":"https:\/\/seij.gob.gt\/udisep\/wp-json\/wp\/v2\/types\/page"}],"author":[{"embeddable":true,"href":"https:\/\/seij.gob.gt\/udisep\/wp-json\/wp\/v2\/users\/1"}],"replies":[{"embeddable":true,"href":"https:\/\/seij.gob.gt\/udisep\/wp-json\/wp\/v2\/comments?post=8053"}],"version-history":[{"count":1,"href":"https:\/\/seij.gob.gt\/udisep\/wp-json\/wp\/v2\/pages\/8053\/revisions"}],"predecessor-version":[{"id":8054,"href":"https:\/\/seij.gob.gt\/udisep\/wp-json\/wp\/v2\/pages\/8053\/revisions\/8054"}],"wp:attachment":[{"href":"https:\/\/seij.gob.gt\/udisep\/wp-json\/wp\/v2\/media?parent=8053"}],"curies":[{"name":"wp","href":"https:\/\/api.w.org\/{rel}","templated":true}]}}